{"id":33213,"date":"2020-01-24T21:29:24","date_gmt":"2020-01-25T00:29:24","guid":{"rendered":"https:\/\/alacip.org\/?post_type=todasponencias&#038;p=33213"},"modified":"2020-01-24T22:13:53","modified_gmt":"2020-01-25T01:13:53","slug":"a-mobilizacao-de-liderancas-na-integracao","status":"publish","type":"todasponencias","link":"https:\/\/alacip.org\/?todasponencias=a-mobilizacao-de-liderancas-na-integracao","title":{"rendered":"A mobiliza\u00e7\u00e3o de lideran\u00e7as na integra\u00e7\u00e3o regional sul-americana"},"content":{"rendered":"\n<p>O  prop\u00f3sito  deste  trabalho  \u00e9  debater  a mobiliza\u00e7\u00e3ode  cinco  grupos  de  lideran\u00e7as -governos, partidos pol\u00edticos, empres\u00e1rios, sindicatos e atores sociais \u2013em torno dosprocessos de  integra\u00e7\u00e3o  regional  sul-americanos. <\/p>\n\n\n\n<!--more-->\n\n\n\n<div class=\"wp-block-button aligncenter\"><a class=\"wp-block-button__link has-background has-vivid-cyan-blue-background-color\" href=\"https:\/\/alacip.org\/cong13\/485-bressan-7c.pdf\">Descargar Archivo<\/a><\/div>\n\n\n\n<p><\/p>\n","protected":false},"featured_media":0,"template":"","meta":{"_genesis_hide_title":false,"_genesis_hide_breadcrumbs":false,"_genesis_hide_singular_image":false,"_genesis_hide_footer_widgets":false,"_genesis_custom_body_class":"","_genesis_custom_post_class":"","_genesis_layout":""},"filtro":[102],"anocongresso":[140],"conginstituicion":[514],"areatema":[160],"class_list":{"0":"post-33213","1":"todasponencias","2":"type-todasponencias","3":"status-publish","5":"filtro-brasil","6":"anocongresso-140","7":"conginstituicion-unifesp-universidade-federal-de-sao-paulo","8":"areatema-relaciones-internacionales","9":"entry"},"_links":{"self":[{"href":"https:\/\/alacip.org\/index.php?rest_route=\/wp\/v2\/todasponencias\/33213","targetHints":{"allow":["GET"]}}],"collection":[{"href":"https:\/\/alacip.org\/index.php?rest_route=\/wp\/v2\/todasponencias"}],"about":[{"href":"https:\/\/alacip.org\/index.php?rest_route=\/wp\/v2\/types\/todasponencias"}],"wp:attachment":[{"href":"https:\/\/alacip.org\/index.php?rest_route=%2Fwp%2Fv2%2Fmedia&parent=33213"}],"wp:term":[{"taxonomy":"filtro","embeddable":true,"href":"https:\/\/alacip.org\/index.php?rest_route=%2Fwp%2Fv2%2Ffiltro&post=33213"},{"taxonomy":"anocongresso","embeddable":true,"href":"https:\/\/alacip.org\/index.php?rest_route=%2Fwp%2Fv2%2Fanocongresso&post=33213"},{"taxonomy":"conginstituicion","embeddable":true,"href":"https:\/\/alacip.org\/index.php?rest_route=%2Fwp%2Fv2%2Fconginstituicion&post=33213"},{"taxonomy":"areatema","embeddable":true,"href":"https:\/\/alacip.org\/index.php?rest_route=%2Fwp%2Fv2%2Fareatema&post=33213"}],"curies":[{"name":"wp","href":"https:\/\/api.w.org\/{rel}","templated":true}]}}

A mobilização de lideranças na integração regional sul-americana

<p>O  propósito  deste  trabalho  é  debater  a mobilizaçãode  cinco  grupos  de  lideranças -governos, partidos políticos, empresários, sindicatos e atores sociais –em torno dosprocessos de  integração  regional  sul-americanos. </p>



<!--more-->



<div class="wp-block-button aligncenter"><a class="wp-block-button__link has-background has-vivid-cyan-blue-background-color" href="https://alacip.org/cong13/485-bressan-7c.pdf">Descargar Archivo</a></div>



<p></p>
