{"id":33214,"date":"2020-01-24T21:33:18","date_gmt":"2020-01-25T00:33:18","guid":{"rendered":"https:\/\/alacip.org\/?post_type=todasponencias&#038;p=33214"},"modified":"2020-01-24T22:13:48","modified_gmt":"2020-01-25T01:13:48","slug":"relacion-fundamental-entre-autonomia","status":"publish","type":"todasponencias","link":"https:\/\/alacip.org\/?todasponencias=relacion-fundamental-entre-autonomia","title":{"rendered":"Relaci\u00f3n fundamental entre autonom\u00eda personal e ideal de democracia"},"content":{"rendered":"\n<p>Llegar  a  la  mayor\u00eda  de  edad (Kant,  1784)  es  una  manera  de  actuar  mejor  en  lasociedad y participar con autonom\u00eda en la democracia. Cuestionar si la sociedad y los  seres humanos han  llegado  a  la  mayor\u00eda  de  edad  o  a\u00fan  siguensumidosen una minor\u00eda, que no permite el desarrollo de la libertad,<\/p>\n\n\n\n<!--more-->\n\n\n\n<div class=\"wp-block-button aligncenter\"><a class=\"wp-block-button__link has-background has-vivid-cyan-blue-background-color\" href=\"https:\/\/alacip.org\/cong13\/486-cano-7c.pdf\">Descargar Archivo<\/a><\/div>\n\n\n\n<p><\/p>\n","protected":false},"featured_media":0,"template":"","meta":{"_genesis_hide_title":false,"_genesis_hide_breadcrumbs":false,"_genesis_hide_singular_image":false,"_genesis_hide_footer_widgets":false,"_genesis_custom_body_class":"","_genesis_custom_post_class":"","_genesis_layout":""},"filtro":[109],"anocongresso":[140],"conginstituicion":[235],"areatema":[515],"class_list":{"0":"post-33214","1":"todasponencias","2":"type-todasponencias","3":"status-publish","5":"filtro-colombia","6":"anocongresso-140","7":"conginstituicion-uantioquia","8":"areatema-teoria-de-la-democracia","9":"entry"},"_links":{"self":[{"href":"https:\/\/alacip.org\/index.php?rest_route=\/wp\/v2\/todasponencias\/33214","targetHints":{"allow":["GET"]}}],"collection":[{"href":"https:\/\/alacip.org\/index.php?rest_route=\/wp\/v2\/todasponencias"}],"about":[{"href":"https:\/\/alacip.org\/index.php?rest_route=\/wp\/v2\/types\/todasponencias"}],"wp:attachment":[{"href":"https:\/\/alacip.org\/index.php?rest_route=%2Fwp%2Fv2%2Fmedia&parent=33214"}],"wp:term":[{"taxonomy":"filtro","embeddable":true,"href":"https:\/\/alacip.org\/index.php?rest_route=%2Fwp%2Fv2%2Ffiltro&post=33214"},{"taxonomy":"anocongresso","embeddable":true,"href":"https:\/\/alacip.org\/index.php?rest_route=%2Fwp%2Fv2%2Fanocongresso&post=33214"},{"taxonomy":"conginstituicion","embeddable":true,"href":"https:\/\/alacip.org\/index.php?rest_route=%2Fwp%2Fv2%2Fconginstituicion&post=33214"},{"taxonomy":"areatema","embeddable":true,"href":"https:\/\/alacip.org\/index.php?rest_route=%2Fwp%2Fv2%2Fareatema&post=33214"}],"curies":[{"name":"wp","href":"https:\/\/api.w.org\/{rel}","templated":true}]}}

Relación fundamental entre autonomía personal e ideal de democracia

<p>Llegar  a  la  mayoría  de  edad (Kant,  1784)  es  una  manera  de  actuar  mejor  en  lasociedad y participar con autonomía en la democracia. Cuestionar si la sociedad y los  seres humanos han  llegado  a  la  mayoría  de  edad  o  aún  siguensumidosen una minoría, que no permite el desarrollo de la libertad,</p>



<!--more-->



<div class="wp-block-button aligncenter"><a class="wp-block-button__link has-background has-vivid-cyan-blue-background-color" href="https://alacip.org/cong13/486-cano-7c.pdf">Descargar Archivo</a></div>



<p></p>
