{"id":33215,"date":"2020-01-24T21:35:18","date_gmt":"2020-01-25T00:35:18","guid":{"rendered":"https:\/\/alacip.org\/?post_type=todasponencias&#038;p=33215"},"modified":"2020-01-24T22:13:39","modified_gmt":"2020-01-25T01:13:39","slug":"victimas-posconflicto-y-politicas-publicas","status":"publish","type":"todasponencias","link":"https:\/\/alacip.org\/?todasponencias=victimas-posconflicto-y-politicas-publicas","title":{"rendered":"V\u00edctimas, posconflicto y pol\u00edticas p\u00fablicas: La situaci\u00f3n de las v\u00edctimas en la regi\u00f3n Caribe Colombiana"},"content":{"rendered":"\n<p>El  reconocimiento  de  la  condici\u00f3n  de  v\u00edctima  de  la  violencia  del  conflicto  armado  en Colombia y de los derechos que  garantizan la integrumrestitutio,no ha sido enColombiaun camino  de  f\u00e1cil  andadura. <\/p>\n\n\n\n<!--more-->\n\n\n\n<div class=\"wp-block-button aligncenter\"><a class=\"wp-block-button__link has-background has-vivid-cyan-blue-background-color\" href=\"https:\/\/alacip.org\/cong13\/488-contreras-7c.pdf\">Descargar Archivo<\/a><\/div>\n\n\n\n<p><\/p>\n","protected":false},"featured_media":0,"template":"","meta":{"_genesis_hide_title":false,"_genesis_hide_breadcrumbs":false,"_genesis_hide_singular_image":false,"_genesis_hide_footer_widgets":false,"_genesis_custom_body_class":"","_genesis_custom_post_class":"","_genesis_layout":""},"filtro":[109],"anocongresso":[140],"conginstituicion":[516],"areatema":[158],"class_list":{"0":"post-33215","1":"todasponencias","2":"type-todasponencias","3":"status-publish","5":"filtro-colombia","6":"anocongresso-140","7":"conginstituicion-universidad-de-cartagena","8":"areatema-admpulpo","9":"entry"},"_links":{"self":[{"href":"https:\/\/alacip.org\/index.php?rest_route=\/wp\/v2\/todasponencias\/33215","targetHints":{"allow":["GET"]}}],"collection":[{"href":"https:\/\/alacip.org\/index.php?rest_route=\/wp\/v2\/todasponencias"}],"about":[{"href":"https:\/\/alacip.org\/index.php?rest_route=\/wp\/v2\/types\/todasponencias"}],"wp:attachment":[{"href":"https:\/\/alacip.org\/index.php?rest_route=%2Fwp%2Fv2%2Fmedia&parent=33215"}],"wp:term":[{"taxonomy":"filtro","embeddable":true,"href":"https:\/\/alacip.org\/index.php?rest_route=%2Fwp%2Fv2%2Ffiltro&post=33215"},{"taxonomy":"anocongresso","embeddable":true,"href":"https:\/\/alacip.org\/index.php?rest_route=%2Fwp%2Fv2%2Fanocongresso&post=33215"},{"taxonomy":"conginstituicion","embeddable":true,"href":"https:\/\/alacip.org\/index.php?rest_route=%2Fwp%2Fv2%2Fconginstituicion&post=33215"},{"taxonomy":"areatema","embeddable":true,"href":"https:\/\/alacip.org\/index.php?rest_route=%2Fwp%2Fv2%2Fareatema&post=33215"}],"curies":[{"name":"wp","href":"https:\/\/api.w.org\/{rel}","templated":true}]}}

Víctimas, posconflicto y políticas públicas: La situación de las víctimas en la región Caribe Colombiana

<p>El  reconocimiento  de  la  condición  de  víctima  de  la  violencia  del  conflicto  armado  en Colombia y de los derechos que  garantizan la integrumrestitutio,no ha sido enColombiaun camino  de  fácil  andadura. </p>



<!--more-->



<div class="wp-block-button aligncenter"><a class="wp-block-button__link has-background has-vivid-cyan-blue-background-color" href="https://alacip.org/cong13/488-contreras-7c.pdf">Descargar Archivo</a></div>



<p></p>
