{"id":33219,"date":"2020-01-24T21:51:06","date_gmt":"2020-01-25T00:51:06","guid":{"rendered":"https:\/\/alacip.org\/?post_type=todasponencias&#038;p=33219"},"modified":"2020-01-24T22:13:21","modified_gmt":"2020-01-25T01:13:21","slug":"la-reconciliacion-como-politica-publica","status":"publish","type":"todasponencias","link":"https:\/\/alacip.org\/?todasponencias=la-reconciliacion-como-politica-publica","title":{"rendered":"La reconciliaci\u00f3n como pol\u00edtica p\u00fablica y el reto de construir la agenda del posconflicto"},"content":{"rendered":"\n<p>La  presencia  creciente  del  concepto  de  posconflicto  obliga  a  la  tarea  de comprender  cabalmente  las  caracter\u00edsticas  que  asumir\u00e1  esta  etapa,  que  se inaugurar\u00e1   con   una   eventual   firma   de   un   acuerdo   de   paz   entre   las organizaciones guerrilleras y el Estado.  <\/p>\n\n\n\n<!--more-->\n\n\n\n<div class=\"wp-block-button aligncenter\"><a class=\"wp-block-button__link has-background has-vivid-cyan-blue-background-color\" href=\"https:\/\/alacip.org\/cong13\/491-jaramillo-7c.pdf\">Descargar Archivo<\/a><\/div>\n\n\n\n<p><\/p>\n","protected":false},"featured_media":0,"template":"","meta":{"_genesis_hide_title":false,"_genesis_hide_breadcrumbs":false,"_genesis_hide_singular_image":false,"_genesis_hide_footer_widgets":false,"_genesis_custom_body_class":"","_genesis_custom_post_class":"","_genesis_layout":""},"filtro":[116],"anocongresso":[140],"conginstituicion":[175],"areatema":[161],"class_list":{"0":"post-33219","1":"todasponencias","2":"type-todasponencias","3":"status-publish","5":"filtro-espana","6":"anocongresso-140","7":"conginstituicion-unmngranada","8":"areatema-participacion-representacion","9":"entry"},"_links":{"self":[{"href":"https:\/\/alacip.org\/index.php?rest_route=\/wp\/v2\/todasponencias\/33219","targetHints":{"allow":["GET"]}}],"collection":[{"href":"https:\/\/alacip.org\/index.php?rest_route=\/wp\/v2\/todasponencias"}],"about":[{"href":"https:\/\/alacip.org\/index.php?rest_route=\/wp\/v2\/types\/todasponencias"}],"wp:attachment":[{"href":"https:\/\/alacip.org\/index.php?rest_route=%2Fwp%2Fv2%2Fmedia&parent=33219"}],"wp:term":[{"taxonomy":"filtro","embeddable":true,"href":"https:\/\/alacip.org\/index.php?rest_route=%2Fwp%2Fv2%2Ffiltro&post=33219"},{"taxonomy":"anocongresso","embeddable":true,"href":"https:\/\/alacip.org\/index.php?rest_route=%2Fwp%2Fv2%2Fanocongresso&post=33219"},{"taxonomy":"conginstituicion","embeddable":true,"href":"https:\/\/alacip.org\/index.php?rest_route=%2Fwp%2Fv2%2Fconginstituicion&post=33219"},{"taxonomy":"areatema","embeddable":true,"href":"https:\/\/alacip.org\/index.php?rest_route=%2Fwp%2Fv2%2Fareatema&post=33219"}],"curies":[{"name":"wp","href":"https:\/\/api.w.org\/{rel}","templated":true}]}}

La reconciliación como política pública y el reto de construir la agenda del posconflicto

<p>La  presencia  creciente  del  concepto  de  posconflicto  obliga  a  la  tarea  de comprender  cabalmente  las  características  que  asumirá  esta  etapa,  que  se inaugurará   con   una   eventual   firma   de   un   acuerdo   de   paz   entre   las organizaciones guerrilleras y el Estado.  </p>



<!--more-->



<div class="wp-block-button aligncenter"><a class="wp-block-button__link has-background has-vivid-cyan-blue-background-color" href="https://alacip.org/cong13/491-jaramillo-7c.pdf">Descargar Archivo</a></div>



<p></p>
