{"id":33236,"date":"2020-01-25T07:53:18","date_gmt":"2020-01-25T10:53:18","guid":{"rendered":"https:\/\/alacip.org\/?post_type=todasponencias&#038;p=33236"},"modified":"2020-01-25T07:53:20","modified_gmt":"2020-01-25T10:53:20","slug":"el-efecto-de-la-proporcion-de-poblacion-indigena-en-el-sistema-politico","status":"publish","type":"todasponencias","link":"https:\/\/alacip.org\/?todasponencias=el-efecto-de-la-proporcion-de-poblacion-indigena-en-el-sistema-politico","title":{"rendered":"El efecto de la proporci\u00f3n de poblaci\u00f3n ind\u00edgena en el sistema pol\u00edtico"},"content":{"rendered":"\n<p>Este  escrito  propone  establecer  un  di\u00e1logo  cr\u00edtico entre los  desarrollos te\u00f3ricos  m\u00e1s recientes  sobreel  populismo  y algunos de  los trabajos historiogr\u00e1ficos m\u00e1s  destacables sobre  el proceso  pol\u00edtico  de Jorge  Eli\u00e9cer  Gait\u00e1n  a  mediados  del  siglo  XX.   <\/p>\n\n\n\n<!--more-->\n\n\n\n<div class=\"wp-block-button aligncenter\"><a class=\"wp-block-button__link has-background has-vivid-cyan-blue-background-color\" href=\"https:\/\/alacip.org\/cong13\/503-arteaga-7c.pdf\">Descargar Archivo<\/a><\/div>\n","protected":false},"featured_media":0,"template":"","meta":{"_genesis_hide_title":false,"_genesis_hide_breadcrumbs":false,"_genesis_hide_singular_image":false,"_genesis_hide_footer_widgets":false,"_genesis_custom_body_class":"","_genesis_custom_post_class":"","_genesis_layout":""},"filtro":[108],"anocongresso":[140],"conginstituicion":[352],"areatema":[391],"class_list":{"0":"post-33236","1":"todasponencias","2":"type-todasponencias","3":"status-publish","5":"filtro-peru","6":"anocongresso-140","7":"conginstituicion-puc-peru","8":"areatema-politica-comparada","9":"entry"},"_links":{"self":[{"href":"https:\/\/alacip.org\/index.php?rest_route=\/wp\/v2\/todasponencias\/33236","targetHints":{"allow":["GET"]}}],"collection":[{"href":"https:\/\/alacip.org\/index.php?rest_route=\/wp\/v2\/todasponencias"}],"about":[{"href":"https:\/\/alacip.org\/index.php?rest_route=\/wp\/v2\/types\/todasponencias"}],"wp:attachment":[{"href":"https:\/\/alacip.org\/index.php?rest_route=%2Fwp%2Fv2%2Fmedia&parent=33236"}],"wp:term":[{"taxonomy":"filtro","embeddable":true,"href":"https:\/\/alacip.org\/index.php?rest_route=%2Fwp%2Fv2%2Ffiltro&post=33236"},{"taxonomy":"anocongresso","embeddable":true,"href":"https:\/\/alacip.org\/index.php?rest_route=%2Fwp%2Fv2%2Fanocongresso&post=33236"},{"taxonomy":"conginstituicion","embeddable":true,"href":"https:\/\/alacip.org\/index.php?rest_route=%2Fwp%2Fv2%2Fconginstituicion&post=33236"},{"taxonomy":"areatema","embeddable":true,"href":"https:\/\/alacip.org\/index.php?rest_route=%2Fwp%2Fv2%2Fareatema&post=33236"}],"curies":[{"name":"wp","href":"https:\/\/api.w.org\/{rel}","templated":true}]}}

El efecto de la proporción de población indígena en el sistema político

<p>Este  escrito  propone  establecer  un  diálogo  crítico entre los  desarrollos teóricos  más recientes  sobreel  populismo  y algunos de  los trabajos historiográficos más  destacables sobre  el proceso  político  de Jorge  Eliécer  Gaitán  a  mediados  del  siglo  XX.   </p>



<!--more-->



<div class="wp-block-button aligncenter"><a class="wp-block-button__link has-background has-vivid-cyan-blue-background-color" href="https://alacip.org/cong13/503-arteaga-7c.pdf">Descargar Archivo</a></div>
