{"id":33240,"date":"2020-01-25T08:10:23","date_gmt":"2020-01-25T11:10:23","guid":{"rendered":"https:\/\/alacip.org\/?post_type=todasponencias&#038;p=33240"},"modified":"2020-01-26T00:35:14","modified_gmt":"2020-01-26T03:35:14","slug":"las-interceptaciones-ilicitas-de-comunicacion","status":"publish","type":"todasponencias","link":"https:\/\/alacip.org\/?todasponencias=las-interceptaciones-ilicitas-de-comunicacion","title":{"rendered":"Las interceptaciones il\u00edcitas de comunicaci\u00f3n (\u201cchuzadas\u201d) en el marco del gobierno colombiano de \u00c1lvaro Uribe V\u00e9lez 2007-2010: Una lectura desde las tecnolog\u00edas de poder."},"content":{"rendered":"\n<p>En la presente reflexi\u00f3n te\u00f3rica se visualiza la relaci\u00f3n que se teje  entre sujeto, discurso y   pol\u00edtica   en   el   marco   de   lo   que   Michael   Foucault   ha   denominado   como gubernamentalidad bajo el dispositivo de  las interceptaciones il\u00edcitas de comunicaci\u00f3n llevadas a cabo por el gobierno colombiano de \u00c1lvaro Uribe V\u00e9lez entre el 2007-2010.   <\/p>\n\n\n\n<!--more-->\n\n\n\n<div class=\"wp-block-button aligncenter\"><a class=\"wp-block-button__link has-background has-vivid-cyan-blue-background-color\" href=\"https:\/\/alacip.org\/cong13\/509-gomez-7c.pdf\">Descargar Archivo<\/a><\/div>\n","protected":false},"featured_media":0,"template":"","meta":{"_genesis_hide_title":false,"_genesis_hide_breadcrumbs":false,"_genesis_hide_singular_image":false,"_genesis_hide_footer_widgets":false,"_genesis_custom_body_class":"","_genesis_custom_post_class":"","_genesis_layout":""},"filtro":[109],"anocongresso":[140],"conginstituicion":[235],"areatema":[157],"class_list":{"0":"post-33240","1":"todasponencias","2":"type-todasponencias","3":"status-publish","5":"filtro-colombia","6":"anocongresso-140","7":"conginstituicion-uantioquia","8":"areatema-teorpolfil","9":"entry"},"_links":{"self":[{"href":"https:\/\/alacip.org\/index.php?rest_route=\/wp\/v2\/todasponencias\/33240","targetHints":{"allow":["GET"]}}],"collection":[{"href":"https:\/\/alacip.org\/index.php?rest_route=\/wp\/v2\/todasponencias"}],"about":[{"href":"https:\/\/alacip.org\/index.php?rest_route=\/wp\/v2\/types\/todasponencias"}],"wp:attachment":[{"href":"https:\/\/alacip.org\/index.php?rest_route=%2Fwp%2Fv2%2Fmedia&parent=33240"}],"wp:term":[{"taxonomy":"filtro","embeddable":true,"href":"https:\/\/alacip.org\/index.php?rest_route=%2Fwp%2Fv2%2Ffiltro&post=33240"},{"taxonomy":"anocongresso","embeddable":true,"href":"https:\/\/alacip.org\/index.php?rest_route=%2Fwp%2Fv2%2Fanocongresso&post=33240"},{"taxonomy":"conginstituicion","embeddable":true,"href":"https:\/\/alacip.org\/index.php?rest_route=%2Fwp%2Fv2%2Fconginstituicion&post=33240"},{"taxonomy":"areatema","embeddable":true,"href":"https:\/\/alacip.org\/index.php?rest_route=%2Fwp%2Fv2%2Fareatema&post=33240"}],"curies":[{"name":"wp","href":"https:\/\/api.w.org\/{rel}","templated":true}]}}

Las interceptaciones ilícitas de comunicación (“chuzadas”) en el marco del gobierno colombiano de Álvaro Uribe Vélez 2007-2010: Una lectura desde las tecnologías de poder.

<p>En la presente reflexión teórica se visualiza la relación que se teje  entre sujeto, discurso y   política   en   el   marco   de   lo   que   Michael   Foucault   ha   denominado   como gubernamentalidad bajo el dispositivo de  las interceptaciones ilícitas de comunicación llevadas a cabo por el gobierno colombiano de Álvaro Uribe Vélez entre el 2007-2010.   </p>



<!--more-->



<div class="wp-block-button aligncenter"><a class="wp-block-button__link has-background has-vivid-cyan-blue-background-color" href="https://alacip.org/cong13/509-gomez-7c.pdf">Descargar Archivo</a></div>
