{"id":33242,"date":"2020-01-25T08:20:04","date_gmt":"2020-01-25T11:20:04","guid":{"rendered":"https:\/\/alacip.org\/?post_type=todasponencias&#038;p=33242"},"modified":"2020-01-26T00:35:02","modified_gmt":"2020-01-26T03:35:02","slug":"con-el-poder-originario-del-pueblo","status":"publish","type":"todasponencias","link":"https:\/\/alacip.org\/?todasponencias=con-el-poder-originario-del-pueblo","title":{"rendered":"\u201cCon el poder originario del pueblo\u201d: Identidade ind\u00edgena e mudan\u00e7as institucionais na Bol\u00edvia p\u00f3s-1985"},"content":{"rendered":"\n<p>Desde  as  \u00faltimas  d\u00e9cadas  do  s\u00e9culo  XX,  a  Bol\u00edvia  vivencia  um  processo  intenso de  politiza\u00e7\u00e3o  de  suas  identidades  ind\u00edgenas,  acompanhado  por  expressiva  atividade  de  movimentos  sociais  e  crescente  poder  dos  novos  formas  de  representa\u00e7\u00e3o  pol\u00edtica  de base \u00e9tnica.  <\/p>\n\n\n\n<!--more-->\n\n\n\n<div class=\"wp-block-button aligncenter\"><a class=\"wp-block-button__link has-background has-vivid-cyan-blue-background-color\" href=\"https:\/\/alacip.org\/cong13\/511-amaral-7c.pdf\">Descargar Archivo<\/a><\/div>\n","protected":false},"featured_media":0,"template":"","meta":{"_genesis_hide_title":false,"_genesis_hide_breadcrumbs":false,"_genesis_hide_singular_image":false,"_genesis_hide_footer_widgets":false,"_genesis_custom_body_class":"","_genesis_custom_post_class":"","_genesis_layout":""},"filtro":[102],"anocongresso":[140],"conginstituicion":[279],"areatema":[520],"class_list":{"0":"post-33242","1":"todasponencias","2":"type-todasponencias","3":"status-publish","5":"filtro-brasil","6":"anocongresso-140","7":"conginstituicion-unsao-paulo-usp","8":"areatema-participacion","9":"entry"},"_links":{"self":[{"href":"https:\/\/alacip.org\/index.php?rest_route=\/wp\/v2\/todasponencias\/33242","targetHints":{"allow":["GET"]}}],"collection":[{"href":"https:\/\/alacip.org\/index.php?rest_route=\/wp\/v2\/todasponencias"}],"about":[{"href":"https:\/\/alacip.org\/index.php?rest_route=\/wp\/v2\/types\/todasponencias"}],"wp:attachment":[{"href":"https:\/\/alacip.org\/index.php?rest_route=%2Fwp%2Fv2%2Fmedia&parent=33242"}],"wp:term":[{"taxonomy":"filtro","embeddable":true,"href":"https:\/\/alacip.org\/index.php?rest_route=%2Fwp%2Fv2%2Ffiltro&post=33242"},{"taxonomy":"anocongresso","embeddable":true,"href":"https:\/\/alacip.org\/index.php?rest_route=%2Fwp%2Fv2%2Fanocongresso&post=33242"},{"taxonomy":"conginstituicion","embeddable":true,"href":"https:\/\/alacip.org\/index.php?rest_route=%2Fwp%2Fv2%2Fconginstituicion&post=33242"},{"taxonomy":"areatema","embeddable":true,"href":"https:\/\/alacip.org\/index.php?rest_route=%2Fwp%2Fv2%2Fareatema&post=33242"}],"curies":[{"name":"wp","href":"https:\/\/api.w.org\/{rel}","templated":true}]}}

“Con el poder originario del pueblo”: Identidade indígena e mudanças institucionais na Bolívia pós-1985

<p>Desde  as  últimas  décadas  do  século  XX,  a  Bolívia  vivencia  um  processo  intenso de  politização  de  suas  identidades  indígenas,  acompanhado  por  expressiva  atividade  de  movimentos  sociais  e  crescente  poder  dos  novos  formas  de  representação  política  de base étnica.  </p>



<!--more-->



<div class="wp-block-button aligncenter"><a class="wp-block-button__link has-background has-vivid-cyan-blue-background-color" href="https://alacip.org/cong13/511-amaral-7c.pdf">Descargar Archivo</a></div>
