{"id":33245,"date":"2020-01-25T08:35:38","date_gmt":"2020-01-25T11:35:38","guid":{"rendered":"https:\/\/alacip.org\/?post_type=todasponencias&#038;p=33245"},"modified":"2020-01-26T00:34:38","modified_gmt":"2020-01-26T03:34:38","slug":"cual-es-la-adecuada-escala-territorial-y","status":"publish","type":"todasponencias","link":"https:\/\/alacip.org\/?todasponencias=cual-es-la-adecuada-escala-territorial-y","title":{"rendered":"\u00bfCu\u00e1l es la adecuada escala territorial, y qu\u00e9 modelo de organizaci\u00f3n se requiere para un proceso de descentralizaci\u00f3n a escala humana?"},"content":{"rendered":"\n<p>El   trabajo analiza   la   experiencia   de   Chile   respecto del   proceso   de   descentralizaci\u00f3n, examinando  las  distintasfases,  los  ajustes  territoriales  y  la  respuesta  de  la  ciudadan\u00eda  frente  a este.  En  particular  se  estudian el  proceso, el  sistema  pol\u00edtico  subnacional,  las  medidas de descentralizaci\u00f3nadoptadas  por  los  gobiernos  de  turno,  su  eficacia,  y  los  temas  pendientes  del proceso descentralizador en Chile. <\/p>\n\n\n\n<!--more-->\n\n\n\n<div class=\"wp-block-button aligncenter\"><a class=\"wp-block-button__link has-background has-vivid-cyan-blue-background-color\" href=\"https:\/\/alacip.org\/cong13\/516-mauricio-7c.pdf\">Descargar Archivo<\/a><\/div>\n","protected":false},"featured_media":0,"template":"","meta":{"_genesis_hide_title":false,"_genesis_hide_breadcrumbs":false,"_genesis_hide_singular_image":false,"_genesis_hide_footer_widgets":false,"_genesis_custom_body_class":"","_genesis_custom_post_class":"","_genesis_layout":""},"filtro":[106],"anocongresso":[140],"conginstituicion":[524],"areatema":[158],"class_list":{"0":"post-33245","1":"todasponencias","2":"type-todasponencias","3":"status-publish","5":"filtro-chile","6":"anocongresso-140","7":"conginstituicion-universidad-austral-de-chile","8":"areatema-admpulpo","9":"entry"},"_links":{"self":[{"href":"https:\/\/alacip.org\/index.php?rest_route=\/wp\/v2\/todasponencias\/33245","targetHints":{"allow":["GET"]}}],"collection":[{"href":"https:\/\/alacip.org\/index.php?rest_route=\/wp\/v2\/todasponencias"}],"about":[{"href":"https:\/\/alacip.org\/index.php?rest_route=\/wp\/v2\/types\/todasponencias"}],"wp:attachment":[{"href":"https:\/\/alacip.org\/index.php?rest_route=%2Fwp%2Fv2%2Fmedia&parent=33245"}],"wp:term":[{"taxonomy":"filtro","embeddable":true,"href":"https:\/\/alacip.org\/index.php?rest_route=%2Fwp%2Fv2%2Ffiltro&post=33245"},{"taxonomy":"anocongresso","embeddable":true,"href":"https:\/\/alacip.org\/index.php?rest_route=%2Fwp%2Fv2%2Fanocongresso&post=33245"},{"taxonomy":"conginstituicion","embeddable":true,"href":"https:\/\/alacip.org\/index.php?rest_route=%2Fwp%2Fv2%2Fconginstituicion&post=33245"},{"taxonomy":"areatema","embeddable":true,"href":"https:\/\/alacip.org\/index.php?rest_route=%2Fwp%2Fv2%2Fareatema&post=33245"}],"curies":[{"name":"wp","href":"https:\/\/api.w.org\/{rel}","templated":true}]}}

¿Cuál es la adecuada escala territorial, y qué modelo de organización se requiere para un proceso de descentralización a escala humana?

<p>El   trabajo analiza   la   experiencia   de   Chile   respecto del   proceso   de   descentralización, examinando  las  distintasfases,  los  ajustes  territoriales  y  la  respuesta  de  la  ciudadanía  frente  a este.  En  particular  se  estudian el  proceso, el  sistema  político  subnacional,  las  medidas de descentralizaciónadoptadas  por  los  gobiernos  de  turno,  su  eficacia,  y  los  temas  pendientes  del proceso descentralizador en Chile. </p>



<!--more-->



<div class="wp-block-button aligncenter"><a class="wp-block-button__link has-background has-vivid-cyan-blue-background-color" href="https://alacip.org/cong13/516-mauricio-7c.pdf">Descargar Archivo</a></div>
