{"id":33249,"date":"2020-01-25T09:21:13","date_gmt":"2020-01-25T12:21:13","guid":{"rendered":"https:\/\/alacip.org\/?post_type=todasponencias&#038;p=33249"},"modified":"2020-01-25T09:21:15","modified_gmt":"2020-01-25T12:21:15","slug":"subjetividades-emergentes-los-jovenes-como-pueblo","status":"publish","type":"todasponencias","link":"https:\/\/alacip.org\/?todasponencias=subjetividades-emergentes-los-jovenes-como-pueblo","title":{"rendered":"Subjetividades emergentes: los j\u00f3venes como pueblo"},"content":{"rendered":"\n<p>Desde una perspectiva del an\u00e1lisis del discurso, el presente trabajo indaga acerca de las modalidades emergentes que en el discurso kirchnerista \u2013y en contraposici\u00f3n con los discursos neoliberales de la d\u00e9cada anterior-   interpelan al colectivo \u201cj\u00f3venes\u201d como militantes,  y por lo tanto parte fundamental de un pueblo, que emerge adem\u00e1s en el contexto del relato de un pueblo da\u00f1ado (Mu\u00f1oz, 2010).  <\/p>\n\n\n\n<!--more-->\n\n\n\n<div class=\"wp-block-button aligncenter\"><a class=\"wp-block-button__link has-background has-vivid-cyan-blue-background-color\" href=\"https:\/\/alacip.org\/cong13\/519-martinez-7c.pdf\">Descargar Archivo<\/a><\/div>\n","protected":false},"featured_media":0,"template":"","meta":{"_genesis_hide_title":false,"_genesis_hide_breadcrumbs":false,"_genesis_hide_singular_image":false,"_genesis_hide_footer_widgets":false,"_genesis_custom_body_class":"","_genesis_custom_post_class":"","_genesis_layout":""},"filtro":[105],"anocongresso":[140],"conginstituicion":[232],"areatema":[520],"class_list":{"0":"post-33249","1":"todasponencias","2":"type-todasponencias","3":"status-publish","5":"filtro-argentina","6":"anocongresso-140","7":"conginstituicion-unvmaria","8":"areatema-participacion","9":"entry"},"_links":{"self":[{"href":"https:\/\/alacip.org\/index.php?rest_route=\/wp\/v2\/todasponencias\/33249","targetHints":{"allow":["GET"]}}],"collection":[{"href":"https:\/\/alacip.org\/index.php?rest_route=\/wp\/v2\/todasponencias"}],"about":[{"href":"https:\/\/alacip.org\/index.php?rest_route=\/wp\/v2\/types\/todasponencias"}],"wp:attachment":[{"href":"https:\/\/alacip.org\/index.php?rest_route=%2Fwp%2Fv2%2Fmedia&parent=33249"}],"wp:term":[{"taxonomy":"filtro","embeddable":true,"href":"https:\/\/alacip.org\/index.php?rest_route=%2Fwp%2Fv2%2Ffiltro&post=33249"},{"taxonomy":"anocongresso","embeddable":true,"href":"https:\/\/alacip.org\/index.php?rest_route=%2Fwp%2Fv2%2Fanocongresso&post=33249"},{"taxonomy":"conginstituicion","embeddable":true,"href":"https:\/\/alacip.org\/index.php?rest_route=%2Fwp%2Fv2%2Fconginstituicion&post=33249"},{"taxonomy":"areatema","embeddable":true,"href":"https:\/\/alacip.org\/index.php?rest_route=%2Fwp%2Fv2%2Fareatema&post=33249"}],"curies":[{"name":"wp","href":"https:\/\/api.w.org\/{rel}","templated":true}]}}

Subjetividades emergentes: los jóvenes como pueblo

<p>Desde una perspectiva del análisis del discurso, el presente trabajo indaga acerca de las modalidades emergentes que en el discurso kirchnerista –y en contraposición con los discursos neoliberales de la década anterior-   interpelan al colectivo “jóvenes” como militantes,  y por lo tanto parte fundamental de un pueblo, que emerge además en el contexto del relato de un pueblo dañado (Muñoz, 2010).  </p>



<!--more-->



<div class="wp-block-button aligncenter"><a class="wp-block-button__link has-background has-vivid-cyan-blue-background-color" href="https://alacip.org/cong13/519-martinez-7c.pdf">Descargar Archivo</a></div>
