{"id":33254,"date":"2020-01-25T15:22:44","date_gmt":"2020-01-25T18:22:44","guid":{"rendered":"https:\/\/alacip.org\/?post_type=todasponencias&#038;p=33254"},"modified":"2020-01-26T00:34:03","modified_gmt":"2020-01-26T03:34:03","slug":"o-debate-sobre-o-desenvolvimento-ems-anos-90","status":"publish","type":"todasponencias","link":"https:\/\/alacip.org\/?todasponencias=o-debate-sobre-o-desenvolvimento-ems-anos-90","title":{"rendered":"O debate sobre o desenvolvimento em perspectiva comparada: an\u00e1lise das respostas dos pa\u00edses perif\u00e9ricos da Am\u00e9rica Latina quanto \u00e0s estrat\u00e9gias de retomada dodesenvolvimento ap\u00f3s os anos 90"},"content":{"rendered":"\n<p>A   an\u00e1lise   institucionalista   tem   buscado   respostas   para   a   quest\u00e3o   da   mudan\u00e7a institucional. Mais recentemente, a literatura chamada de Variedades do Capitalismo tem buscado retomar o debate sobre o desenvolvimento capitalista em um contexto deglobaliza\u00e7\u00e3o. <\/p>\n\n\n\n<!--more-->\n\n\n\n<div class=\"wp-block-button aligncenter\"><a class=\"wp-block-button__link has-background has-vivid-cyan-blue-background-color\" href=\"https:\/\/alacip.org\/cong13\/526-ribeiro-7c.pdf\">Descargar Archivo<\/a><\/div>\n","protected":false},"featured_media":0,"template":"","meta":{"_genesis_hide_title":false,"_genesis_hide_breadcrumbs":false,"_genesis_hide_singular_image":false,"_genesis_hide_footer_widgets":false,"_genesis_custom_body_class":"","_genesis_custom_post_class":"","_genesis_layout":""},"filtro":[102],"anocongresso":[140],"conginstituicion":[339],"areatema":[157],"class_list":{"0":"post-33254","1":"todasponencias","2":"type-todasponencias","3":"status-publish","5":"filtro-brasil","6":"anocongresso-140","7":"conginstituicion-uniufrj","8":"areatema-teorpolfil","9":"entry"},"_links":{"self":[{"href":"https:\/\/alacip.org\/index.php?rest_route=\/wp\/v2\/todasponencias\/33254","targetHints":{"allow":["GET"]}}],"collection":[{"href":"https:\/\/alacip.org\/index.php?rest_route=\/wp\/v2\/todasponencias"}],"about":[{"href":"https:\/\/alacip.org\/index.php?rest_route=\/wp\/v2\/types\/todasponencias"}],"wp:attachment":[{"href":"https:\/\/alacip.org\/index.php?rest_route=%2Fwp%2Fv2%2Fmedia&parent=33254"}],"wp:term":[{"taxonomy":"filtro","embeddable":true,"href":"https:\/\/alacip.org\/index.php?rest_route=%2Fwp%2Fv2%2Ffiltro&post=33254"},{"taxonomy":"anocongresso","embeddable":true,"href":"https:\/\/alacip.org\/index.php?rest_route=%2Fwp%2Fv2%2Fanocongresso&post=33254"},{"taxonomy":"conginstituicion","embeddable":true,"href":"https:\/\/alacip.org\/index.php?rest_route=%2Fwp%2Fv2%2Fconginstituicion&post=33254"},{"taxonomy":"areatema","embeddable":true,"href":"https:\/\/alacip.org\/index.php?rest_route=%2Fwp%2Fv2%2Fareatema&post=33254"}],"curies":[{"name":"wp","href":"https:\/\/api.w.org\/{rel}","templated":true}]}}

O debate sobre o desenvolvimento em perspectiva comparada: análise das respostas dos países periféricos da América Latina quanto às estratégias de retomada dodesenvolvimento após os anos 90

<p>A   análise   institucionalista   tem   buscado   respostas   para   a   questão   da   mudança institucional. Mais recentemente, a literatura chamada de Variedades do Capitalismo tem buscado retomar o debate sobre o desenvolvimento capitalista em um contexto deglobalização. </p>



<!--more-->



<div class="wp-block-button aligncenter"><a class="wp-block-button__link has-background has-vivid-cyan-blue-background-color" href="https://alacip.org/cong13/526-ribeiro-7c.pdf">Descargar Archivo</a></div>
