{"id":33257,"date":"2020-01-25T15:44:45","date_gmt":"2020-01-25T18:44:45","guid":{"rendered":"https:\/\/alacip.org\/?post_type=todasponencias&#038;p=33257"},"modified":"2020-01-26T00:33:43","modified_gmt":"2020-01-26T03:33:43","slug":"allegro-ma-non-troppo-reflexiones-sobre","status":"publish","type":"todasponencias","link":"https:\/\/alacip.org\/?todasponencias=allegro-ma-non-troppo-reflexiones-sobre","title":{"rendered":"Allegro ma non troppo: reflexiones sobre las temporalidades del populismo."},"content":{"rendered":"\n<p>En  este  trabajo  nos  proponemos  abordar  al  populismo  desde  la  dimensi\u00f3n  temporal.  Esto supone, en primer lugar, asumir que el populismo tiene algo espec\u00edfico y particular en  relaci\u00f3n  al  tiempo  y,  m\u00e1s  precisamente,  en  relaci\u00f3n  a  la  experiencia  del  tiempo,  ya  que, como afirma Agamben \u201ccada cultura es ante todo una determinada experiencia del tiempo  y  no  es  posible  una  nueva  cultura  sin  una  modificaci\u00f3n  de  esa  experiencia\u201d  (2001:   131).  <\/p>\n\n\n\n<!--more-->\n\n\n\n<div class=\"wp-block-button aligncenter\"><a class=\"wp-block-button__link has-background has-vivid-cyan-blue-background-color\" href=\"https:\/\/alacip.org\/cong13\/530-yabkowski-7c.pdf\">Descargar Archivo<\/a><\/div>\n","protected":false},"featured_media":0,"template":"","meta":{"_genesis_hide_title":false,"_genesis_hide_breadcrumbs":false,"_genesis_hide_singular_image":false,"_genesis_hide_footer_widgets":false,"_genesis_custom_body_class":"","_genesis_custom_post_class":"","_genesis_layout":""},"filtro":[105],"anocongresso":[140],"conginstituicion":[447],"areatema":[157],"class_list":{"0":"post-33257","1":"todasponencias","2":"type-todasponencias","3":"status-publish","5":"filtro-argentina","6":"anocongresso-140","7":"conginstituicion-universidad-nacional-de-general-sarmiento-ungs","8":"areatema-teorpolfil","9":"entry"},"_links":{"self":[{"href":"https:\/\/alacip.org\/index.php?rest_route=\/wp\/v2\/todasponencias\/33257","targetHints":{"allow":["GET"]}}],"collection":[{"href":"https:\/\/alacip.org\/index.php?rest_route=\/wp\/v2\/todasponencias"}],"about":[{"href":"https:\/\/alacip.org\/index.php?rest_route=\/wp\/v2\/types\/todasponencias"}],"wp:attachment":[{"href":"https:\/\/alacip.org\/index.php?rest_route=%2Fwp%2Fv2%2Fmedia&parent=33257"}],"wp:term":[{"taxonomy":"filtro","embeddable":true,"href":"https:\/\/alacip.org\/index.php?rest_route=%2Fwp%2Fv2%2Ffiltro&post=33257"},{"taxonomy":"anocongresso","embeddable":true,"href":"https:\/\/alacip.org\/index.php?rest_route=%2Fwp%2Fv2%2Fanocongresso&post=33257"},{"taxonomy":"conginstituicion","embeddable":true,"href":"https:\/\/alacip.org\/index.php?rest_route=%2Fwp%2Fv2%2Fconginstituicion&post=33257"},{"taxonomy":"areatema","embeddable":true,"href":"https:\/\/alacip.org\/index.php?rest_route=%2Fwp%2Fv2%2Fareatema&post=33257"}],"curies":[{"name":"wp","href":"https:\/\/api.w.org\/{rel}","templated":true}]}}

<p>En  este  trabajo  nos  proponemos  abordar  al  populismo  desde  la  dimensión  temporal.  Esto supone, en primer lugar, asumir que el populismo tiene algo específico y particular en  relación  al  tiempo  y,  más  precisamente,  en  relación  a  la  experiencia  del  tiempo,  ya  que, como afirma Agamben “cada cultura es ante todo una determinada experiencia del tiempo  y  no  es  posible  una  nueva  cultura  sin  una  modificación  de  esa  experiencia”  (2001:   131).  </p>



<!--more-->



<div class="wp-block-button aligncenter"><a class="wp-block-button__link has-background has-vivid-cyan-blue-background-color" href="https://alacip.org/cong13/530-yabkowski-7c.pdf">Descargar Archivo</a></div>
