{"id":33260,"date":"2020-01-25T16:02:07","date_gmt":"2020-01-25T19:02:07","guid":{"rendered":"https:\/\/alacip.org\/?post_type=todasponencias&#038;p=33260"},"modified":"2020-01-26T00:33:24","modified_gmt":"2020-01-26T03:33:24","slug":"participacao-social-no-brasil-desigual-uma-analise","status":"publish","type":"todasponencias","link":"https:\/\/alacip.org\/?todasponencias=participacao-social-no-brasil-desigual-uma-analise","title":{"rendered":"Participa\u00e7\u00e3o social no Brasil desigual: uma an\u00e1lise da delibera\u00e7\u00e3o e da cultura pol\u00edtica no Nordeste Brasileiro"},"content":{"rendered":"\n<p>Este  trabalho  \u00e9  resultado  de  uma pesquisa  realizada  no  Nordeste  brasileiro sobre  a  participa\u00e7\u00e3o  social  dentro  de  uma  pol\u00edtica  p\u00fablica  federal  de  desenvolvimento agr\u00e1rio,  realizada  desde  2003  nas  regi\u00f5es  de  vulnerabilidade  social  e  econ\u00f4mica  no Brasil: o programa Territ\u00f3rios da Cidadania.     <\/p>\n\n\n\n<!--more-->\n\n\n\n<div class=\"wp-block-button aligncenter\"><a class=\"wp-block-button__link has-background has-vivid-cyan-blue-background-color\" href=\"https:\/\/alacip.org\/cong13\/533-maia-7c.pdf\">Descargar Archivo<\/a><\/div>\n","protected":false},"featured_media":0,"template":"","meta":{"_genesis_hide_title":false,"_genesis_hide_breadcrumbs":false,"_genesis_hide_singular_image":false,"_genesis_hide_footer_widgets":false,"_genesis_custom_body_class":"","_genesis_custom_post_class":"","_genesis_layout":""},"filtro":[102],"anocongresso":[140],"conginstituicion":[221],"areatema":[161],"class_list":{"0":"post-33260","1":"todasponencias","2":"type-todasponencias","3":"status-publish","5":"filtro-brasil","6":"anocongresso-140","7":"conginstituicion-ufsao-carlos","8":"areatema-participacion-representacion","9":"entry"},"_links":{"self":[{"href":"https:\/\/alacip.org\/index.php?rest_route=\/wp\/v2\/todasponencias\/33260","targetHints":{"allow":["GET"]}}],"collection":[{"href":"https:\/\/alacip.org\/index.php?rest_route=\/wp\/v2\/todasponencias"}],"about":[{"href":"https:\/\/alacip.org\/index.php?rest_route=\/wp\/v2\/types\/todasponencias"}],"wp:attachment":[{"href":"https:\/\/alacip.org\/index.php?rest_route=%2Fwp%2Fv2%2Fmedia&parent=33260"}],"wp:term":[{"taxonomy":"filtro","embeddable":true,"href":"https:\/\/alacip.org\/index.php?rest_route=%2Fwp%2Fv2%2Ffiltro&post=33260"},{"taxonomy":"anocongresso","embeddable":true,"href":"https:\/\/alacip.org\/index.php?rest_route=%2Fwp%2Fv2%2Fanocongresso&post=33260"},{"taxonomy":"conginstituicion","embeddable":true,"href":"https:\/\/alacip.org\/index.php?rest_route=%2Fwp%2Fv2%2Fconginstituicion&post=33260"},{"taxonomy":"areatema","embeddable":true,"href":"https:\/\/alacip.org\/index.php?rest_route=%2Fwp%2Fv2%2Fareatema&post=33260"}],"curies":[{"name":"wp","href":"https:\/\/api.w.org\/{rel}","templated":true}]}}

Participação social no Brasil desigual: uma análise da deliberação e da cultura política no Nordeste Brasileiro

<p>Este  trabalho  é  resultado  de  uma pesquisa  realizada  no  Nordeste  brasileiro sobre  a  participação  social  dentro  de  uma  política  pública  federal  de  desenvolvimento agrário,  realizada  desde  2003  nas  regiões  de  vulnerabilidade  social  e  econômica  no Brasil: o programa Territórios da Cidadania.     </p>



<!--more-->



<div class="wp-block-button aligncenter"><a class="wp-block-button__link has-background has-vivid-cyan-blue-background-color" href="https://alacip.org/cong13/533-maia-7c.pdf">Descargar Archivo</a></div>
