{"id":33262,"date":"2020-01-25T17:18:58","date_gmt":"2020-01-25T20:18:58","guid":{"rendered":"https:\/\/alacip.org\/?post_type=todasponencias&#038;p=33262"},"modified":"2020-01-26T00:33:11","modified_gmt":"2020-01-26T03:33:11","slug":"a-metodologia-de-analise-do-discurso-aplicada","status":"publish","type":"todasponencias","link":"https:\/\/alacip.org\/?todasponencias=a-metodologia-de-analise-do-discurso-aplicada","title":{"rendered":"A metodologia de an\u00e1lise do discurso aplicada \u00e0s Rela\u00e7\u00f5es Internacionais: um roteiro anal\u00edtico"},"content":{"rendered":"\n<p>Este trabalho tem o objetivo de apresentar teoriza\u00e7\u00f5esacerca do papel do discurso que possam servir de ferramenta para o estudo das Rela\u00e7\u00f5es Internacionais (RI). Dessa forma, apresentaremos  uma  breve  discuss\u00e3o  sobre  o  papel  da  linguagem  e  do  discurso  nas intera\u00e7\u00f5es sociais e como esses elementos se ligam \u00e0 discuss\u00e3o de identidade existente dentro da disciplina.   <\/p>\n\n\n\n<!--more-->\n\n\n\n<div class=\"wp-block-button aligncenter\"><a class=\"wp-block-button__link has-background has-vivid-cyan-blue-background-color\" href=\"https:\/\/alacip.org\/cong13\/535-leite-7c.pdf\">Descargar Archivo<\/a><\/div>\n","protected":false},"featured_media":0,"template":"","meta":{"_genesis_hide_title":false,"_genesis_hide_breadcrumbs":false,"_genesis_hide_singular_image":false,"_genesis_hide_footer_widgets":false,"_genesis_custom_body_class":"","_genesis_custom_post_class":"","_genesis_layout":""},"filtro":[102],"anocongresso":[140],"conginstituicion":[283,279],"areatema":[160],"class_list":{"0":"post-33262","1":"todasponencias","2":"type-todasponencias","3":"status-publish","5":"filtro-brasil","6":"anocongresso-140","7":"conginstituicion-ppgristd","8":"conginstituicion-unsao-paulo-usp","9":"areatema-relaciones-internacionales","10":"entry"},"_links":{"self":[{"href":"https:\/\/alacip.org\/index.php?rest_route=\/wp\/v2\/todasponencias\/33262","targetHints":{"allow":["GET"]}}],"collection":[{"href":"https:\/\/alacip.org\/index.php?rest_route=\/wp\/v2\/todasponencias"}],"about":[{"href":"https:\/\/alacip.org\/index.php?rest_route=\/wp\/v2\/types\/todasponencias"}],"wp:attachment":[{"href":"https:\/\/alacip.org\/index.php?rest_route=%2Fwp%2Fv2%2Fmedia&parent=33262"}],"wp:term":[{"taxonomy":"filtro","embeddable":true,"href":"https:\/\/alacip.org\/index.php?rest_route=%2Fwp%2Fv2%2Ffiltro&post=33262"},{"taxonomy":"anocongresso","embeddable":true,"href":"https:\/\/alacip.org\/index.php?rest_route=%2Fwp%2Fv2%2Fanocongresso&post=33262"},{"taxonomy":"conginstituicion","embeddable":true,"href":"https:\/\/alacip.org\/index.php?rest_route=%2Fwp%2Fv2%2Fconginstituicion&post=33262"},{"taxonomy":"areatema","embeddable":true,"href":"https:\/\/alacip.org\/index.php?rest_route=%2Fwp%2Fv2%2Fareatema&post=33262"}],"curies":[{"name":"wp","href":"https:\/\/api.w.org\/{rel}","templated":true}]}}

A metodologia de análise do discurso aplicada às Relações Internacionais: um roteiro analítico

<p>Este trabalho tem o objetivo de apresentar teorizaçõesacerca do papel do discurso que possam servir de ferramenta para o estudo das Relações Internacionais (RI). Dessa forma, apresentaremos  uma  breve  discussão  sobre  o  papel  da  linguagem  e  do  discurso  nas interações sociais e como esses elementos se ligam à discussão de identidade existente dentro da disciplina.   </p>



<!--more-->



<div class="wp-block-button aligncenter"><a class="wp-block-button__link has-background has-vivid-cyan-blue-background-color" href="https://alacip.org/cong13/535-leite-7c.pdf">Descargar Archivo</a></div>
