{"id":33265,"date":"2020-01-25T17:38:27","date_gmt":"2020-01-25T20:38:27","guid":{"rendered":"https:\/\/alacip.org\/?post_type=todasponencias&#038;p=33265"},"modified":"2020-01-26T00:32:59","modified_gmt":"2020-01-26T03:32:59","slug":"evolucao-da-policia-colombiana-no-tratamento","status":"publish","type":"todasponencias","link":"https:\/\/alacip.org\/?todasponencias=evolucao-da-policia-colombiana-no-tratamento","title":{"rendered":"Evolu\u00e7\u00e3o da Pol\u00edcia Colombiana no tratamento dos seus conflitos internos com \u00eanfase na Reforma do Setor de Seguran\u00e7a"},"content":{"rendered":"\n<p>O  presente  trabalho  tem  como  objetivo  analisar  as  reformas  da  Pol\u00edcia Nacional  colombiana  exatamente  ap\u00f3s  a  Constitui\u00e7\u00e3o  de  1991  e  tamb\u00e9m  durante  o governo do ex-presidente \u00c1lvaro Uribe V\u00e9lez (2002-2006), com \u00eanfase na Reforma de 1993,  a  Miss\u00e3o  Especial  de2003  e  o  projeto  de  Pol\u00edtica  de  Defesa  e  Seguran\u00e7a Democr\u00e1tica.     <\/p>\n\n\n\n<!--more-->\n\n\n\n<div class=\"wp-block-button aligncenter\"><a class=\"wp-block-button__link has-background has-vivid-cyan-blue-background-color\" href=\"https:\/\/alacip.org\/cong13\/540-nunes-7c.pdf\">Descargar Archivo<\/a><\/div>\n","protected":false},"featured_media":0,"template":"","meta":{"_genesis_hide_title":false,"_genesis_hide_breadcrumbs":false,"_genesis_hide_singular_image":false,"_genesis_hide_footer_widgets":false,"_genesis_custom_body_class":"","_genesis_custom_post_class":"","_genesis_layout":""},"filtro":[102],"anocongresso":[140],"conginstituicion":[146],"areatema":[160],"class_list":{"0":"post-33265","1":"todasponencias","2":"type-todasponencias","3":"status-publish","5":"filtro-brasil","6":"anocongresso-140","7":"conginstituicion-ufp","8":"areatema-relaciones-internacionales","9":"entry"},"_links":{"self":[{"href":"https:\/\/alacip.org\/index.php?rest_route=\/wp\/v2\/todasponencias\/33265","targetHints":{"allow":["GET"]}}],"collection":[{"href":"https:\/\/alacip.org\/index.php?rest_route=\/wp\/v2\/todasponencias"}],"about":[{"href":"https:\/\/alacip.org\/index.php?rest_route=\/wp\/v2\/types\/todasponencias"}],"wp:attachment":[{"href":"https:\/\/alacip.org\/index.php?rest_route=%2Fwp%2Fv2%2Fmedia&parent=33265"}],"wp:term":[{"taxonomy":"filtro","embeddable":true,"href":"https:\/\/alacip.org\/index.php?rest_route=%2Fwp%2Fv2%2Ffiltro&post=33265"},{"taxonomy":"anocongresso","embeddable":true,"href":"https:\/\/alacip.org\/index.php?rest_route=%2Fwp%2Fv2%2Fanocongresso&post=33265"},{"taxonomy":"conginstituicion","embeddable":true,"href":"https:\/\/alacip.org\/index.php?rest_route=%2Fwp%2Fv2%2Fconginstituicion&post=33265"},{"taxonomy":"areatema","embeddable":true,"href":"https:\/\/alacip.org\/index.php?rest_route=%2Fwp%2Fv2%2Fareatema&post=33265"}],"curies":[{"name":"wp","href":"https:\/\/api.w.org\/{rel}","templated":true}]}}

Evolução da Polícia Colombiana no tratamento dos seus conflitos internos com ênfase na Reforma do Setor de Segurança

<p>O  presente  trabalho  tem  como  objetivo  analisar  as  reformas  da  Polícia Nacional  colombiana  exatamente  após  a  Constituição  de  1991  e  também  durante  o governo do ex-presidente Álvaro Uribe Vélez (2002-2006), com ênfase na Reforma de 1993,  a  Missão  Especial  de2003  e  o  projeto  de  Política  de  Defesa  e  Segurança Democrática.     </p>



<!--more-->



<div class="wp-block-button aligncenter"><a class="wp-block-button__link has-background has-vivid-cyan-blue-background-color" href="https://alacip.org/cong13/540-nunes-7c.pdf">Descargar Archivo</a></div>
