{"id":33270,"date":"2020-01-25T18:10:23","date_gmt":"2020-01-25T21:10:23","guid":{"rendered":"https:\/\/alacip.org\/?post_type=todasponencias&#038;p=33270"},"modified":"2020-01-26T00:32:26","modified_gmt":"2020-01-26T03:32:26","slug":"liderazgos-locales-y-vinculo-representativo","status":"publish","type":"todasponencias","link":"https:\/\/alacip.org\/?todasponencias=liderazgos-locales-y-vinculo-representativo","title":{"rendered":"Liderazgos  locales  y  v\u00ednculo  representativo:  acerca  de  la  tensi\u00f3n  entre  lo  pol\u00edtico,  lo apol\u00edtico y lo impol\u00edtico en el nivel local"},"content":{"rendered":"\n<p>El  inter\u00e9s  por  pensar  la  pol\u00edtica  en  el  nivel  local  remite  a  cambios  globales  en  la configuraci\u00f3n espacial del pensamiento y de la praxis de la misma, que nos lleva a postular un retorno y resignificaci\u00f3n de lo local.  <\/p>\n\n\n\n<!--more-->\n\n\n\n<div class=\"wp-block-button aligncenter\"><a class=\"wp-block-button__link has-background has-vivid-cyan-blue-background-color\" href=\"https:\/\/alacip.org\/cong13\/547-eryszewicz-7c.pdf\">Descargar Archivo<\/a><\/div>\n","protected":false},"featured_media":0,"template":"","meta":{"_genesis_hide_title":false,"_genesis_hide_breadcrumbs":false,"_genesis_hide_singular_image":false,"_genesis_hide_footer_widgets":false,"_genesis_custom_body_class":"","_genesis_custom_post_class":"","_genesis_layout":""},"filtro":[105],"anocongresso":[140],"conginstituicion":[438,244],"areatema":[161],"class_list":{"0":"post-33270","1":"todasponencias","2":"type-todasponencias","3":"status-publish","5":"filtro-argentina","6":"anocongresso-140","7":"conginstituicion-conicet","8":"conginstituicion-universidadba","9":"areatema-participacion-representacion","10":"entry"},"_links":{"self":[{"href":"https:\/\/alacip.org\/index.php?rest_route=\/wp\/v2\/todasponencias\/33270","targetHints":{"allow":["GET"]}}],"collection":[{"href":"https:\/\/alacip.org\/index.php?rest_route=\/wp\/v2\/todasponencias"}],"about":[{"href":"https:\/\/alacip.org\/index.php?rest_route=\/wp\/v2\/types\/todasponencias"}],"wp:attachment":[{"href":"https:\/\/alacip.org\/index.php?rest_route=%2Fwp%2Fv2%2Fmedia&parent=33270"}],"wp:term":[{"taxonomy":"filtro","embeddable":true,"href":"https:\/\/alacip.org\/index.php?rest_route=%2Fwp%2Fv2%2Ffiltro&post=33270"},{"taxonomy":"anocongresso","embeddable":true,"href":"https:\/\/alacip.org\/index.php?rest_route=%2Fwp%2Fv2%2Fanocongresso&post=33270"},{"taxonomy":"conginstituicion","embeddable":true,"href":"https:\/\/alacip.org\/index.php?rest_route=%2Fwp%2Fv2%2Fconginstituicion&post=33270"},{"taxonomy":"areatema","embeddable":true,"href":"https:\/\/alacip.org\/index.php?rest_route=%2Fwp%2Fv2%2Fareatema&post=33270"}],"curies":[{"name":"wp","href":"https:\/\/api.w.org\/{rel}","templated":true}]}}

Liderazgos  locales  y  vínculo  representativo:  acerca  de  la  tensión  entre  lo  político,  lo apolítico y lo impolítico en el nivel local

<p>El  interés  por  pensar  la  política  en  el  nivel  local  remite  a  cambios  globales  en  la configuración espacial del pensamiento y de la praxis de la misma, que nos lleva a postular un retorno y resignificación de lo local.  </p>



<!--more-->



<div class="wp-block-button aligncenter"><a class="wp-block-button__link has-background has-vivid-cyan-blue-background-color" href="https://alacip.org/cong13/547-eryszewicz-7c.pdf">Descargar Archivo</a></div>
