{"id":33271,"date":"2020-01-25T18:14:28","date_gmt":"2020-01-25T21:14:28","guid":{"rendered":"https:\/\/alacip.org\/?post_type=todasponencias&#038;p=33271"},"modified":"2020-01-26T00:32:21","modified_gmt":"2020-01-26T03:32:21","slug":"memoria-amenazada-aproximaciones-a-las","status":"publish","type":"todasponencias","link":"https:\/\/alacip.org\/?todasponencias=memoria-amenazada-aproximaciones-a-las","title":{"rendered":"Memoria amenazada, aproximaciones a las condiciones deconstrucci\u00f3n de memoria hist\u00f3rica en Medell\u00edn"},"content":{"rendered":"\n<p>Colombia ha asistido a un fen\u00f3meno de conflicto  armado interno que hagenerado  m\u00faltiples actores tanto armados como civiles1 y en consecuencia, unamplio universo de v\u00edctimas ha emergido producto de la confrontaci\u00f3n.  <\/p>\n\n\n\n<!--more-->\n\n\n\n<div class=\"wp-block-button aligncenter\"><a class=\"wp-block-button__link has-background has-vivid-cyan-blue-background-color\" href=\"https:\/\/alacip.org\/cong13\/548-parra-7c.pdf\">Descargar Archivo<\/a><\/div>\n","protected":false},"featured_media":0,"template":"","meta":{"_genesis_hide_title":false,"_genesis_hide_breadcrumbs":false,"_genesis_hide_singular_image":false,"_genesis_hide_footer_widgets":false,"_genesis_custom_body_class":"","_genesis_custom_post_class":"","_genesis_layout":""},"filtro":[109],"anocongresso":[140],"conginstituicion":[153],"areatema":[520],"class_list":{"0":"post-33271","1":"todasponencias","2":"type-todasponencias","3":"status-publish","5":"filtro-colombia","6":"anocongresso-140","7":"conginstituicion-s","8":"areatema-participacion","9":"entry"},"_links":{"self":[{"href":"https:\/\/alacip.org\/index.php?rest_route=\/wp\/v2\/todasponencias\/33271","targetHints":{"allow":["GET"]}}],"collection":[{"href":"https:\/\/alacip.org\/index.php?rest_route=\/wp\/v2\/todasponencias"}],"about":[{"href":"https:\/\/alacip.org\/index.php?rest_route=\/wp\/v2\/types\/todasponencias"}],"wp:attachment":[{"href":"https:\/\/alacip.org\/index.php?rest_route=%2Fwp%2Fv2%2Fmedia&parent=33271"}],"wp:term":[{"taxonomy":"filtro","embeddable":true,"href":"https:\/\/alacip.org\/index.php?rest_route=%2Fwp%2Fv2%2Ffiltro&post=33271"},{"taxonomy":"anocongresso","embeddable":true,"href":"https:\/\/alacip.org\/index.php?rest_route=%2Fwp%2Fv2%2Fanocongresso&post=33271"},{"taxonomy":"conginstituicion","embeddable":true,"href":"https:\/\/alacip.org\/index.php?rest_route=%2Fwp%2Fv2%2Fconginstituicion&post=33271"},{"taxonomy":"areatema","embeddable":true,"href":"https:\/\/alacip.org\/index.php?rest_route=%2Fwp%2Fv2%2Fareatema&post=33271"}],"curies":[{"name":"wp","href":"https:\/\/api.w.org\/{rel}","templated":true}]}}

Memoria amenazada, aproximaciones a las condiciones deconstrucción de memoria histórica en Medellín

<p>Colombia ha asistido a un fenómeno de conflicto  armado interno que hagenerado  múltiples actores tanto armados como civiles1 y en consecuencia, unamplio universo de víctimas ha emergido producto de la confrontación.  </p>



<!--more-->



<div class="wp-block-button aligncenter"><a class="wp-block-button__link has-background has-vivid-cyan-blue-background-color" href="https://alacip.org/cong13/548-parra-7c.pdf">Descargar Archivo</a></div>
