{"id":33273,"date":"2020-01-25T18:25:04","date_gmt":"2020-01-25T21:25:04","guid":{"rendered":"https:\/\/alacip.org\/?post_type=todasponencias&#038;p=33273"},"modified":"2020-01-26T00:32:07","modified_gmt":"2020-01-26T03:32:07","slug":"eleicoes-diretas-no-parlandino-a-percepcao","status":"publish","type":"todasponencias","link":"https:\/\/alacip.org\/?todasponencias=eleicoes-diretas-no-parlandino-a-percepcao","title":{"rendered":"Elei\u00e7\u00f5es diretas no Parlandino: a percep\u00e7\u00e3o popular sobre a integra\u00e7\u00e3o."},"content":{"rendered":"\n<p>O   objetivo   deste   trabalho   \u00e9   discutir   os   efeitos   das   elei\u00e7\u00f5es   diretas   para   o   Parlamento  Andino(Parlandino) na percep\u00e7\u00e3o da popula\u00e7\u00e3o em rela\u00e7\u00e3o \u00e0 integra\u00e7\u00e3o. No \u00e2mbito da integra\u00e7\u00e3o andina, o Parlandino, criado em 1984, procurou inserir elementos de legitimidade democr\u00e1tica especialmentea partir de 1996 com a realiza\u00e7\u00e3o de elei\u00e7\u00f5es diretas, em uma tentativa de aproximar a popula\u00e7\u00e3odos representantes andinos por meio do voto e da participa\u00e7\u00e3o popular.     <\/p>\n\n\n\n<!--more-->\n\n\n\n<div class=\"wp-block-button aligncenter\"><a class=\"wp-block-button__link has-background has-vivid-cyan-blue-background-color\" href=\"https:\/\/alacip.org\/cong13\/550-luciano-7c.pdf\">Descargar Archivo<\/a><\/div>\n\n\n\n<p><\/p>\n","protected":false},"featured_media":0,"template":"","meta":{"_genesis_hide_title":false,"_genesis_hide_breadcrumbs":false,"_genesis_hide_singular_image":false,"_genesis_hide_footer_widgets":false,"_genesis_custom_body_class":"","_genesis_custom_post_class":"","_genesis_layout":""},"filtro":[102],"anocongresso":[140],"conginstituicion":[514,330,228],"areatema":[160],"class_list":{"0":"post-33273","1":"todasponencias","2":"type-todasponencias","3":"status-publish","5":"filtro-brasil","6":"anocongresso-140","7":"conginstituicion-unifesp-universidade-federal-de-sao-paulo","8":"conginstituicion-uni-brasilia","9":"conginstituicion-unesp","10":"areatema-relaciones-internacionales","11":"entry"},"_links":{"self":[{"href":"https:\/\/alacip.org\/index.php?rest_route=\/wp\/v2\/todasponencias\/33273","targetHints":{"allow":["GET"]}}],"collection":[{"href":"https:\/\/alacip.org\/index.php?rest_route=\/wp\/v2\/todasponencias"}],"about":[{"href":"https:\/\/alacip.org\/index.php?rest_route=\/wp\/v2\/types\/todasponencias"}],"wp:attachment":[{"href":"https:\/\/alacip.org\/index.php?rest_route=%2Fwp%2Fv2%2Fmedia&parent=33273"}],"wp:term":[{"taxonomy":"filtro","embeddable":true,"href":"https:\/\/alacip.org\/index.php?rest_route=%2Fwp%2Fv2%2Ffiltro&post=33273"},{"taxonomy":"anocongresso","embeddable":true,"href":"https:\/\/alacip.org\/index.php?rest_route=%2Fwp%2Fv2%2Fanocongresso&post=33273"},{"taxonomy":"conginstituicion","embeddable":true,"href":"https:\/\/alacip.org\/index.php?rest_route=%2Fwp%2Fv2%2Fconginstituicion&post=33273"},{"taxonomy":"areatema","embeddable":true,"href":"https:\/\/alacip.org\/index.php?rest_route=%2Fwp%2Fv2%2Fareatema&post=33273"}],"curies":[{"name":"wp","href":"https:\/\/api.w.org\/{rel}","templated":true}]}}

Eleições diretas no Parlandino: a percepção popular sobre a integração.

<p>O   objetivo   deste   trabalho   é   discutir   os   efeitos   das   eleições   diretas   para   o   Parlamento  Andino(Parlandino) na percepção da população em relação à integração. No âmbito da integração andina, o Parlandino, criado em 1984, procurou inserir elementos de legitimidade democrática especialmentea partir de 1996 com a realização de eleições diretas, em uma tentativa de aproximar a populaçãodos representantes andinos por meio do voto e da participação popular.     </p>



<!--more-->



<div class="wp-block-button aligncenter"><a class="wp-block-button__link has-background has-vivid-cyan-blue-background-color" href="https://alacip.org/cong13/550-luciano-7c.pdf">Descargar Archivo</a></div>



<p></p>
