{"id":33277,"date":"2020-01-25T19:48:46","date_gmt":"2020-01-25T22:48:46","guid":{"rendered":"https:\/\/alacip.org\/?post_type=todasponencias&#038;p=33277"},"modified":"2020-01-26T00:31:48","modified_gmt":"2020-01-26T03:31:48","slug":"a-proposito-del-trinomio-imperfecto-politicas","status":"publish","type":"todasponencias","link":"https:\/\/alacip.org\/?todasponencias=a-proposito-del-trinomio-imperfecto-politicas","title":{"rendered":"A prop\u00f3sito del \u201ctrinomio imperfecto\u201d pol\u00edticas p\u00fablicas, planeaci\u00f3n y territorio."},"content":{"rendered":"\n<p><strong><em>Algunas reflexiones sobre el desarrollo de un esquema para el an\u00e1lisis de las pol\u00edticas p\u00fablicas en el territorio fundamentado en la interdeterminaci\u00f3n entre territorio, territorialidad y territorializaci\u00f3n de las pol\u00edticas p\u00fablicas <\/em><\/strong><\/p>\n\n\n\n<!--more-->\n\n\n\n<p>Este ponencia tiene como prop\u00f3sito presentar algunas reflexiones a partir de los avances que ha tenido el Grupo de investigaci\u00f3n Interfacultades (Arquitectura y Ciencia pol\u00edtica) \u201cPol\u00edticas  urbanas\u201d  de  la  Pontificia  Universidad  Javeriana-Bogot\u00e1   en   cuanto   al desarrollo  de  un  (nuevo&#8230;)  esquema  para  el  an\u00e1lisis  de  las  pol\u00edticas  p\u00fablicas  en  el territorio   fundamentado   en   la   interdeterminaci\u00f3n   entre   territorio,   territorialidad   y territorializaci\u00f3n de las pol\u00edticas p\u00fablicas (\u201csistema socio territorial\u201d de Monnet)  desde su  presentaci\u00f3n  por  el  autor  en  el  VI\u00b0  Congreso  de  ALACIP  de  Quito  en  2012  (Jolly, 2012).  <\/p>\n\n\n\n<p><\/p>\n\n\n\n<div class=\"wp-block-button aligncenter\"><a class=\"wp-block-button__link has-background has-vivid-cyan-blue-background-color\" href=\"https:\/\/alacip.org\/cong13\/558-jolly-7c.pdf\">Descargar Archivo<\/a><\/div>\n\n\n\n<p><\/p>\n","protected":false},"featured_media":0,"template":"","meta":{"_genesis_hide_title":false,"_genesis_hide_breadcrumbs":false,"_genesis_hide_singular_image":false,"_genesis_hide_footer_widgets":false,"_genesis_custom_body_class":"","_genesis_custom_post_class":"","_genesis_layout":""},"filtro":[109],"anocongresso":[140],"conginstituicion":[376],"areatema":[158],"class_list":{"0":"post-33277","1":"todasponencias","2":"type-todasponencias","3":"status-publish","5":"filtro-colombia","6":"anocongresso-140","7":"conginstituicion-puv-bogota","8":"areatema-admpulpo","9":"entry"},"_links":{"self":[{"href":"https:\/\/alacip.org\/index.php?rest_route=\/wp\/v2\/todasponencias\/33277","targetHints":{"allow":["GET"]}}],"collection":[{"href":"https:\/\/alacip.org\/index.php?rest_route=\/wp\/v2\/todasponencias"}],"about":[{"href":"https:\/\/alacip.org\/index.php?rest_route=\/wp\/v2\/types\/todasponencias"}],"wp:attachment":[{"href":"https:\/\/alacip.org\/index.php?rest_route=%2Fwp%2Fv2%2Fmedia&parent=33277"}],"wp:term":[{"taxonomy":"filtro","embeddable":true,"href":"https:\/\/alacip.org\/index.php?rest_route=%2Fwp%2Fv2%2Ffiltro&post=33277"},{"taxonomy":"anocongresso","embeddable":true,"href":"https:\/\/alacip.org\/index.php?rest_route=%2Fwp%2Fv2%2Fanocongresso&post=33277"},{"taxonomy":"conginstituicion","embeddable":true,"href":"https:\/\/alacip.org\/index.php?rest_route=%2Fwp%2Fv2%2Fconginstituicion&post=33277"},{"taxonomy":"areatema","embeddable":true,"href":"https:\/\/alacip.org\/index.php?rest_route=%2Fwp%2Fv2%2Fareatema&post=33277"}],"curies":[{"name":"wp","href":"https:\/\/api.w.org\/{rel}","templated":true}]}}

A propósito del “trinomio imperfecto” políticas públicas, planeación y territorio.

<p><strong><em>Algunas reflexiones sobre el desarrollo de un esquema para el análisis de las políticas públicas en el territorio fundamentado en la interdeterminación entre territorio, territorialidad y territorialización de las políticas públicas </em></strong></p>



<!--more-->



<p>Este ponencia tiene como propósito presentar algunas reflexiones a partir de los avances que ha tenido el Grupo de investigación Interfacultades (Arquitectura y Ciencia política) “Políticas  urbanas”  de  la  Pontificia  Universidad  Javeriana-Bogotá   en   cuanto   al desarrollo  de  un  (nuevo&#8230;)  esquema  para  el  análisis  de  las  políticas  públicas  en  el territorio   fundamentado   en   la   interdeterminación   entre   territorio,   territorialidad   y territorialización de las políticas públicas (“sistema socio territorial” de Monnet)  desde su  presentación  por  el  autor  en  el  VI°  Congreso  de  ALACIP  de  Quito  en  2012  (Jolly, 2012).  </p>



<p></p>



<div class="wp-block-button aligncenter"><a class="wp-block-button__link has-background has-vivid-cyan-blue-background-color" href="https://alacip.org/cong13/558-jolly-7c.pdf">Descargar Archivo</a></div>



<p></p>
