{"id":33282,"date":"2020-01-25T20:35:19","date_gmt":"2020-01-25T23:35:19","guid":{"rendered":"https:\/\/alacip.org\/?post_type=todasponencias&#038;p=33282"},"modified":"2020-01-26T00:31:12","modified_gmt":"2020-01-26T03:31:12","slug":"anti-hegemonia-y-defensa-de-lo-comun","status":"publish","type":"todasponencias","link":"https:\/\/alacip.org\/?todasponencias=anti-hegemonia-y-defensa-de-lo-comun","title":{"rendered":"Anti-hegemon\u00eda y defensa de lo com\u00fan en Colombia. Resistencia comunitaria y ciudadan\u00eda constituyente"},"content":{"rendered":"\n<p>La ponencia ofrece una lectura de las reivindicaciones y luchas de algunos movimientos sociales, \u00e9tnicos y pol\u00edticos colombianos en una \u00f3ptica que pretende superar la cl\u00e1sica categor\u00eda de hegemon\u00eda gramsciana, observando la existencia de procesos comunitarios de resistencia civil yejercicio activo de la ciudadan\u00eda que est\u00e1n reconfigurando el campo y los objetivos del juegopol\u00edtico hacia la defensa de lo \u201ccom\u00fan\u201d.  <\/p>\n\n\n\n<!--more-->\n\n\n\n<p><\/p>\n\n\n\n<div class=\"wp-block-button aligncenter\"><a class=\"wp-block-button__link has-background has-vivid-cyan-blue-background-color\" href=\"https:\/\/alacip.org\/cong13\/564-ghilarducci-7c.pdf\">Descargar Archivo<\/a><\/div>\n\n\n\n<p><\/p>\n","protected":false},"featured_media":0,"template":"","meta":{"_genesis_hide_title":false,"_genesis_hide_breadcrumbs":false,"_genesis_hide_singular_image":false,"_genesis_hide_footer_widgets":false,"_genesis_custom_body_class":"","_genesis_custom_post_class":"","_genesis_layout":""},"filtro":[109],"anocongresso":[140],"conginstituicion":[229],"areatema":[161],"class_list":{"0":"post-33282","1":"todasponencias","2":"type-todasponencias","3":"status-publish","5":"filtro-colombia","6":"anocongresso-140","7":"conginstituicion-uncolombia","8":"areatema-participacion-representacion","9":"entry"},"_links":{"self":[{"href":"https:\/\/alacip.org\/index.php?rest_route=\/wp\/v2\/todasponencias\/33282","targetHints":{"allow":["GET"]}}],"collection":[{"href":"https:\/\/alacip.org\/index.php?rest_route=\/wp\/v2\/todasponencias"}],"about":[{"href":"https:\/\/alacip.org\/index.php?rest_route=\/wp\/v2\/types\/todasponencias"}],"wp:attachment":[{"href":"https:\/\/alacip.org\/index.php?rest_route=%2Fwp%2Fv2%2Fmedia&parent=33282"}],"wp:term":[{"taxonomy":"filtro","embeddable":true,"href":"https:\/\/alacip.org\/index.php?rest_route=%2Fwp%2Fv2%2Ffiltro&post=33282"},{"taxonomy":"anocongresso","embeddable":true,"href":"https:\/\/alacip.org\/index.php?rest_route=%2Fwp%2Fv2%2Fanocongresso&post=33282"},{"taxonomy":"conginstituicion","embeddable":true,"href":"https:\/\/alacip.org\/index.php?rest_route=%2Fwp%2Fv2%2Fconginstituicion&post=33282"},{"taxonomy":"areatema","embeddable":true,"href":"https:\/\/alacip.org\/index.php?rest_route=%2Fwp%2Fv2%2Fareatema&post=33282"}],"curies":[{"name":"wp","href":"https:\/\/api.w.org\/{rel}","templated":true}]}}

Anti-hegemonía y defensa de lo común en Colombia. Resistencia comunitaria y ciudadanía constituyente

<p>La ponencia ofrece una lectura de las reivindicaciones y luchas de algunos movimientos sociales, étnicos y políticos colombianos en una óptica que pretende superar la clásica categoría de hegemonía gramsciana, observando la existencia de procesos comunitarios de resistencia civil yejercicio activo de la ciudadanía que están reconfigurando el campo y los objetivos del juegopolítico hacia la defensa de lo “común”.  </p>



<!--more-->



<p></p>



<div class="wp-block-button aligncenter"><a class="wp-block-button__link has-background has-vivid-cyan-blue-background-color" href="https://alacip.org/cong13/564-ghilarducci-7c.pdf">Descargar Archivo</a></div>



<p></p>
