{"id":33284,"date":"2020-01-25T21:22:20","date_gmt":"2020-01-26T00:22:20","guid":{"rendered":"https:\/\/alacip.org\/?post_type=todasponencias&#038;p=33284"},"modified":"2020-01-25T21:22:21","modified_gmt":"2020-01-26T00:22:21","slug":"resistencias-y-movimientos-por-la-salud-colectiva-en-colombia-1990-2012","status":"publish","type":"todasponencias","link":"https:\/\/alacip.org\/?todasponencias=resistencias-y-movimientos-por-la-salud-colectiva-en-colombia-1990-2012","title":{"rendered":"Resistencias y movimientos por la salud colectiva en Colombia (1990-2012)"},"content":{"rendered":"\n<p>Esta  ponencia  es  el  resultado  de  un  proceso  de  investigaci\u00f3n  que  el  autor  empieza  a  desarrollar para la tesis de maestr\u00eda en Estudios Pol\u00edticos de la Universidad Javeriana y en  discusiones  sostenidas  al  interior  del  grupo  Presidencialismo  y  Participaci\u00f3n  de  la  Universidad  Nacional,  sobre  movimientos  sociales  subalternos,  concepto  que  pretende  clarificara a lo largo de dicha ponencia.   <\/p>\n\n\n\n<!--more-->\n\n\n\n<p><\/p>\n\n\n\n<div class=\"wp-block-button aligncenter\"><a class=\"wp-block-button__link has-background has-vivid-cyan-blue-background-color\" href=\"https:\/\/alacip.org\/cong13\/566-lemus-7c.pdf\">Descargar Archivo<\/a><\/div>\n\n\n\n<p><\/p>\n","protected":false},"featured_media":0,"template":"","meta":{"_genesis_hide_title":false,"_genesis_hide_breadcrumbs":false,"_genesis_hide_singular_image":false,"_genesis_hide_footer_widgets":false,"_genesis_custom_body_class":"","_genesis_custom_post_class":"","_genesis_layout":""},"filtro":[109],"anocongresso":[140],"conginstituicion":[229],"areatema":[161],"class_list":{"0":"post-33284","1":"todasponencias","2":"type-todasponencias","3":"status-publish","5":"filtro-colombia","6":"anocongresso-140","7":"conginstituicion-uncolombia","8":"areatema-participacion-representacion","9":"entry"},"_links":{"self":[{"href":"https:\/\/alacip.org\/index.php?rest_route=\/wp\/v2\/todasponencias\/33284","targetHints":{"allow":["GET"]}}],"collection":[{"href":"https:\/\/alacip.org\/index.php?rest_route=\/wp\/v2\/todasponencias"}],"about":[{"href":"https:\/\/alacip.org\/index.php?rest_route=\/wp\/v2\/types\/todasponencias"}],"wp:attachment":[{"href":"https:\/\/alacip.org\/index.php?rest_route=%2Fwp%2Fv2%2Fmedia&parent=33284"}],"wp:term":[{"taxonomy":"filtro","embeddable":true,"href":"https:\/\/alacip.org\/index.php?rest_route=%2Fwp%2Fv2%2Ffiltro&post=33284"},{"taxonomy":"anocongresso","embeddable":true,"href":"https:\/\/alacip.org\/index.php?rest_route=%2Fwp%2Fv2%2Fanocongresso&post=33284"},{"taxonomy":"conginstituicion","embeddable":true,"href":"https:\/\/alacip.org\/index.php?rest_route=%2Fwp%2Fv2%2Fconginstituicion&post=33284"},{"taxonomy":"areatema","embeddable":true,"href":"https:\/\/alacip.org\/index.php?rest_route=%2Fwp%2Fv2%2Fareatema&post=33284"}],"curies":[{"name":"wp","href":"https:\/\/api.w.org\/{rel}","templated":true}]}}

<p>Esta  ponencia  es  el  resultado  de  un  proceso  de  investigación  que  el  autor  empieza  a  desarrollar para la tesis de maestría en Estudios Políticos de la Universidad Javeriana y en  discusiones  sostenidas  al  interior  del  grupo  Presidencialismo  y  Participación  de  la  Universidad  Nacional,  sobre  movimientos  sociales  subalternos,  concepto  que  pretende  clarificara a lo largo de dicha ponencia.   </p>



<!--more-->



<p></p>



<div class="wp-block-button aligncenter"><a class="wp-block-button__link has-background has-vivid-cyan-blue-background-color" href="https://alacip.org/cong13/566-lemus-7c.pdf">Descargar Archivo</a></div>



<p></p>
