{"id":33287,"date":"2020-01-25T22:37:47","date_gmt":"2020-01-26T01:37:47","guid":{"rendered":"https:\/\/alacip.org\/?post_type=todasponencias&#038;p=33287"},"modified":"2020-01-26T00:30:44","modified_gmt":"2020-01-26T03:30:44","slug":"los-tiempos-del-populismo-ayer-anteayer","status":"publish","type":"todasponencias","link":"https:\/\/alacip.org\/?todasponencias=los-tiempos-del-populismo-ayer-anteayer","title":{"rendered":"Los tiempos del populismo Ayer, anteayer y hoy de una categor\u00eda polis\u00e9mica"},"content":{"rendered":"\n<p>Hacia  fines  del  a\u00f1o  2011,  la  Editorial  Universitaria  de  Buenos  Aires  public\u00f3  un  libro llamado \u00abLa  pol\u00edtica  en  tiempos  de  los  Kirchner\u00bb,  coordinado  por  Andr\u00e9s  Malamud  y Miguel  de  Luca. Esa  compilaci\u00f3n,  seg\u00fan  reza  su  introducci\u00f3n,  propone  a  juicio  del lector  \u00ab&#8230;  el  balance  de  ocho  a\u00f1os  de  pol\u00edtica  en  tiempos  K,  pero  tambi\u00e9n  el  de  treinta a\u00f1os  de  ciencia  pol\u00edtica  en  democracia\u00bb  (19).   <\/p>\n\n\n\n<!--more-->\n\n\n\n<p><\/p>\n\n\n\n<div class=\"wp-block-button aligncenter\"><a class=\"wp-block-button__link has-background has-vivid-cyan-blue-background-color\" href=\"https:\/\/alacip.org\/cong13\/568-melo-7c.pdf\">Descargar Archivo<\/a><\/div>\n\n\n\n<p><\/p>\n","protected":false},"featured_media":0,"template":"","meta":{"_genesis_hide_title":false,"_genesis_hide_breadcrumbs":false,"_genesis_hide_singular_image":false,"_genesis_hide_footer_widgets":false,"_genesis_custom_body_class":"","_genesis_custom_post_class":"","_genesis_layout":""},"filtro":[102],"anocongresso":[140],"conginstituicion":[316],"areatema":[157],"class_list":{"0":"post-33287","1":"todasponencias","2":"type-todasponencias","3":"status-publish","5":"filtro-brasil","6":"anocongresso-140","7":"conginstituicion-unsan-martin-unsam","8":"areatema-teorpolfil","9":"entry"},"_links":{"self":[{"href":"https:\/\/alacip.org\/index.php?rest_route=\/wp\/v2\/todasponencias\/33287","targetHints":{"allow":["GET"]}}],"collection":[{"href":"https:\/\/alacip.org\/index.php?rest_route=\/wp\/v2\/todasponencias"}],"about":[{"href":"https:\/\/alacip.org\/index.php?rest_route=\/wp\/v2\/types\/todasponencias"}],"wp:attachment":[{"href":"https:\/\/alacip.org\/index.php?rest_route=%2Fwp%2Fv2%2Fmedia&parent=33287"}],"wp:term":[{"taxonomy":"filtro","embeddable":true,"href":"https:\/\/alacip.org\/index.php?rest_route=%2Fwp%2Fv2%2Ffiltro&post=33287"},{"taxonomy":"anocongresso","embeddable":true,"href":"https:\/\/alacip.org\/index.php?rest_route=%2Fwp%2Fv2%2Fanocongresso&post=33287"},{"taxonomy":"conginstituicion","embeddable":true,"href":"https:\/\/alacip.org\/index.php?rest_route=%2Fwp%2Fv2%2Fconginstituicion&post=33287"},{"taxonomy":"areatema","embeddable":true,"href":"https:\/\/alacip.org\/index.php?rest_route=%2Fwp%2Fv2%2Fareatema&post=33287"}],"curies":[{"name":"wp","href":"https:\/\/api.w.org\/{rel}","templated":true}]}}

Los tiempos del populismo Ayer, anteayer y hoy de una categoría polisémica

<p>Hacia  fines  del  año  2011,  la  Editorial  Universitaria  de  Buenos  Aires  publicó  un  libro llamado «La  política  en  tiempos  de  los  Kirchner»,  coordinado  por  Andrés  Malamud  y Miguel  de  Luca. Esa  compilación,  según  reza  su  introducción,  propone  a  juicio  del lector  «&#8230;  el  balance  de  ocho  años  de  política  en  tiempos  K,  pero  también  el  de  treinta años  de  ciencia  política  en  democracia»  (19).   </p>



<!--more-->



<p></p>



<div class="wp-block-button aligncenter"><a class="wp-block-button__link has-background has-vivid-cyan-blue-background-color" href="https://alacip.org/cong13/568-melo-7c.pdf">Descargar Archivo</a></div>



<p></p>
