{"id":33291,"date":"2020-01-25T23:18:08","date_gmt":"2020-01-26T02:18:08","guid":{"rendered":"https:\/\/alacip.org\/?post_type=todasponencias&#038;p=33291"},"modified":"2020-01-26T00:30:23","modified_gmt":"2020-01-26T03:30:23","slug":"conflicto-politico-en-la-argentina-subnacional","status":"publish","type":"todasponencias","link":"https:\/\/alacip.org\/?todasponencias=conflicto-politico-en-la-argentina-subnacional","title":{"rendered":"Conflicto pol\u00edtico en la Argentina subnacional: gobernadores y vicegobernadores en la disputa por el poder"},"content":{"rendered":"\n<p> Las disputas recientes entre los gobernadores  y sus  vicegobernadores han suscitado un intenso debate en la pol\u00edtica argentina. Sin embargo, en la ciencia pol\u00edtica argentina s\u00f3lo se  ha  considerado  a  los  gobernadores  como  objeto  de  estudio  de  la  din\u00e1mica subnacional, quedando as\u00ed relegados del centro de la escena los vicegobernadores.  <\/p>\n\n\n\n<!--more-->\n\n\n\n<p><\/p>\n\n\n\n<div class=\"wp-block-button aligncenter\"><a class=\"wp-block-button__link has-background has-vivid-cyan-blue-background-color\" href=\"https:\/\/alacip.org\/cong13\/574-suarez-7c.pdf\">Descargar Archivo<\/a><\/div>\n","protected":false},"featured_media":0,"template":"","meta":{"_genesis_hide_title":false,"_genesis_hide_breadcrumbs":false,"_genesis_hide_singular_image":false,"_genesis_hide_footer_widgets":false,"_genesis_custom_body_class":"","_genesis_custom_post_class":"","_genesis_layout":""},"filtro":[105],"anocongresso":[140],"conginstituicion":[528],"areatema":[391],"class_list":{"0":"post-33291","1":"todasponencias","2":"type-todasponencias","3":"status-publish","5":"filtro-argentina","6":"anocongresso-140","7":"conginstituicion-universidad-catolica-argentina","8":"areatema-politica-comparada","9":"entry"},"_links":{"self":[{"href":"https:\/\/alacip.org\/index.php?rest_route=\/wp\/v2\/todasponencias\/33291","targetHints":{"allow":["GET"]}}],"collection":[{"href":"https:\/\/alacip.org\/index.php?rest_route=\/wp\/v2\/todasponencias"}],"about":[{"href":"https:\/\/alacip.org\/index.php?rest_route=\/wp\/v2\/types\/todasponencias"}],"wp:attachment":[{"href":"https:\/\/alacip.org\/index.php?rest_route=%2Fwp%2Fv2%2Fmedia&parent=33291"}],"wp:term":[{"taxonomy":"filtro","embeddable":true,"href":"https:\/\/alacip.org\/index.php?rest_route=%2Fwp%2Fv2%2Ffiltro&post=33291"},{"taxonomy":"anocongresso","embeddable":true,"href":"https:\/\/alacip.org\/index.php?rest_route=%2Fwp%2Fv2%2Fanocongresso&post=33291"},{"taxonomy":"conginstituicion","embeddable":true,"href":"https:\/\/alacip.org\/index.php?rest_route=%2Fwp%2Fv2%2Fconginstituicion&post=33291"},{"taxonomy":"areatema","embeddable":true,"href":"https:\/\/alacip.org\/index.php?rest_route=%2Fwp%2Fv2%2Fareatema&post=33291"}],"curies":[{"name":"wp","href":"https:\/\/api.w.org\/{rel}","templated":true}]}}

Conflicto político en la Argentina subnacional: gobernadores y vicegobernadores en la disputa por el poder

<p> Las disputas recientes entre los gobernadores  y sus  vicegobernadores han suscitado un intenso debate en la política argentina. Sin embargo, en la ciencia política argentina sólo se  ha  considerado  a  los  gobernadores  como  objeto  de  estudio  de  la  dinámica subnacional, quedando así relegados del centro de la escena los vicegobernadores.  </p>



<!--more-->



<p></p>



<div class="wp-block-button aligncenter"><a class="wp-block-button__link has-background has-vivid-cyan-blue-background-color" href="https://alacip.org/cong13/574-suarez-7c.pdf">Descargar Archivo</a></div>
