{"id":33302,"date":"2020-01-26T00:26:23","date_gmt":"2020-01-26T03:26:23","guid":{"rendered":"https:\/\/alacip.org\/?post_type=todasponencias&#038;p=33302"},"modified":"2020-01-26T00:26:59","modified_gmt":"2020-01-26T03:26:59","slug":"kropotkin-o-poeta-da-prosa-e-sua-critica-radical","status":"publish","type":"todasponencias","link":"https:\/\/alacip.org\/?todasponencias=kropotkin-o-poeta-da-prosa-e-sua-critica-radical","title":{"rendered":"Kropotkin &#8211; o poeta da prosa e sua cr\u00edtica radical"},"content":{"rendered":"\n<p>Discutir  as  ideias  de  um  autor  anarquista  e  organiz\u00e1-las  compondo  uma teoria  pol\u00edtica  est\u00e1  longe  de  ser  algo  comum  na  Academia.  Diferentemente  do marxismo &#8211; que inclusive virou pol\u00edtica de estado em v\u00e1rios pa\u00edses e, portanto, teve grupos  acad\u00eamicos  disseminadores  de  suas  propostas -,  o  pensamento  anarquista praticamente n\u00e3o teve lugar nas universidades, tampouco foi sua proposta. <\/p>\n\n\n\n<!--more-->\n\n\n\n<p><\/p>\n\n\n\n<div class=\"wp-block-button aligncenter\"><a class=\"wp-block-button__link has-background has-vivid-cyan-blue-background-color\" href=\"https:\/\/alacip.org\/cong13\/585-demoraes-7c.pdf\">Descargar Archivo<\/a><\/div>\n","protected":false},"featured_media":0,"template":"","meta":{"_genesis_hide_title":false,"_genesis_hide_breadcrumbs":false,"_genesis_hide_singular_image":false,"_genesis_hide_footer_widgets":false,"_genesis_custom_body_class":"","_genesis_custom_post_class":"","_genesis_layout":""},"filtro":[102],"anocongresso":[140],"conginstituicion":[339,205],"areatema":[157],"class_list":{"0":"post-33302","1":"todasponencias","2":"type-todasponencias","3":"status-publish","5":"filtro-brasil","6":"anocongresso-140","7":"conginstituicion-uniufrj","8":"conginstituicion-unufrgs","9":"areatema-teorpolfil","10":"entry"},"_links":{"self":[{"href":"https:\/\/alacip.org\/index.php?rest_route=\/wp\/v2\/todasponencias\/33302","targetHints":{"allow":["GET"]}}],"collection":[{"href":"https:\/\/alacip.org\/index.php?rest_route=\/wp\/v2\/todasponencias"}],"about":[{"href":"https:\/\/alacip.org\/index.php?rest_route=\/wp\/v2\/types\/todasponencias"}],"wp:attachment":[{"href":"https:\/\/alacip.org\/index.php?rest_route=%2Fwp%2Fv2%2Fmedia&parent=33302"}],"wp:term":[{"taxonomy":"filtro","embeddable":true,"href":"https:\/\/alacip.org\/index.php?rest_route=%2Fwp%2Fv2%2Ffiltro&post=33302"},{"taxonomy":"anocongresso","embeddable":true,"href":"https:\/\/alacip.org\/index.php?rest_route=%2Fwp%2Fv2%2Fanocongresso&post=33302"},{"taxonomy":"conginstituicion","embeddable":true,"href":"https:\/\/alacip.org\/index.php?rest_route=%2Fwp%2Fv2%2Fconginstituicion&post=33302"},{"taxonomy":"areatema","embeddable":true,"href":"https:\/\/alacip.org\/index.php?rest_route=%2Fwp%2Fv2%2Fareatema&post=33302"}],"curies":[{"name":"wp","href":"https:\/\/api.w.org\/{rel}","templated":true}]}}

Kropotkin &#8211; o poeta da prosa e sua crítica radical

<p>Discutir  as  ideias  de  um  autor  anarquista  e  organizá-las  compondo  uma teoria  política  está  longe  de  ser  algo  comum  na  Academia.  Diferentemente  do marxismo &#8211; que inclusive virou política de estado em vários países e, portanto, teve grupos  acadêmicos  disseminadores  de  suas  propostas -,  o  pensamento  anarquista praticamente não teve lugar nas universidades, tampouco foi sua proposta. </p>



<!--more-->



<p></p>



<div class="wp-block-button aligncenter"><a class="wp-block-button__link has-background has-vivid-cyan-blue-background-color" href="https://alacip.org/cong13/585-demoraes-7c.pdf">Descargar Archivo</a></div>
