{"id":33307,"date":"2020-01-26T17:09:31","date_gmt":"2020-01-26T20:09:31","guid":{"rendered":"https:\/\/alacip.org\/?post_type=todasponencias&#038;p=33307"},"modified":"2020-01-27T21:40:45","modified_gmt":"2020-01-28T00:40:45","slug":"de-los-escenarios-y-actores-tradicionales-2","status":"publish","type":"todasponencias","link":"https:\/\/alacip.org\/?todasponencias=de-los-escenarios-y-actores-tradicionales-2","title":{"rendered":"De los escenarios y actores tradicionales a las nuevas formas de participaci\u00f3n: la movilizaci\u00f3n feminista en pereira, una mirada al pasado y presente. (1975-2012)"},"content":{"rendered":"\n<p>La  presente  ponencia  busca  dar  cuenta  de  los  itinerarios  hist\u00f3rico-pol\u00edticos  de  la movilizaci\u00f3n y participaci\u00f3n feminista en Pereira. En el primer periodo, 1975-1993, se describir\u00e1n  las  primeras  experiencias  organizativas  de  corte  feminista  en  la  ciudad,  mostrando la importancia que para dichas organizaciones tuvo el liderazgo pol\u00edtico y acad\u00e9mico  de  la  intelectual  Stella  Brand  Torres.    <\/p>\n\n\n\n<!--more-->\n\n\n\n<p><\/p>\n\n\n\n<div class=\"wp-block-button aligncenter\"><a class=\"wp-block-button__link has-background has-vivid-cyan-blue-background-color\" href=\"https:\/\/alacip.org\/cong13\/587-perez-7c.pdf\">Descargar Archivo<\/a><\/div>\n","protected":false},"featured_media":0,"template":"","meta":{"_genesis_hide_title":false,"_genesis_hide_breadcrumbs":false,"_genesis_hide_singular_image":false,"_genesis_hide_footer_widgets":false,"_genesis_custom_body_class":"","_genesis_custom_post_class":"","_genesis_layout":""},"filtro":[109],"anocongresso":[140],"conginstituicion":[531],"areatema":[520],"class_list":{"0":"post-33307","1":"todasponencias","2":"type-todasponencias","3":"status-publish","5":"filtro-colombia","6":"anocongresso-140","7":"conginstituicion-universidad-tecnologica-de-pereira","8":"areatema-participacion","9":"entry"},"_links":{"self":[{"href":"https:\/\/alacip.org\/index.php?rest_route=\/wp\/v2\/todasponencias\/33307","targetHints":{"allow":["GET"]}}],"collection":[{"href":"https:\/\/alacip.org\/index.php?rest_route=\/wp\/v2\/todasponencias"}],"about":[{"href":"https:\/\/alacip.org\/index.php?rest_route=\/wp\/v2\/types\/todasponencias"}],"wp:attachment":[{"href":"https:\/\/alacip.org\/index.php?rest_route=%2Fwp%2Fv2%2Fmedia&parent=33307"}],"wp:term":[{"taxonomy":"filtro","embeddable":true,"href":"https:\/\/alacip.org\/index.php?rest_route=%2Fwp%2Fv2%2Ffiltro&post=33307"},{"taxonomy":"anocongresso","embeddable":true,"href":"https:\/\/alacip.org\/index.php?rest_route=%2Fwp%2Fv2%2Fanocongresso&post=33307"},{"taxonomy":"conginstituicion","embeddable":true,"href":"https:\/\/alacip.org\/index.php?rest_route=%2Fwp%2Fv2%2Fconginstituicion&post=33307"},{"taxonomy":"areatema","embeddable":true,"href":"https:\/\/alacip.org\/index.php?rest_route=%2Fwp%2Fv2%2Fareatema&post=33307"}],"curies":[{"name":"wp","href":"https:\/\/api.w.org\/{rel}","templated":true}]}}

De los escenarios y actores tradicionales a las nuevas formas de participación: la movilización feminista en pereira, una mirada al pasado y presente. (1975-2012)

<p>La  presente  ponencia  busca  dar  cuenta  de  los  itinerarios  histórico-políticos  de  la movilización y participación feminista en Pereira. En el primer periodo, 1975-1993, se describirán  las  primeras  experiencias  organizativas  de  corte  feminista  en  la  ciudad,  mostrando la importancia que para dichas organizaciones tuvo el liderazgo político y académico  de  la  intelectual  Stella  Brand  Torres.    </p>



<!--more-->



<p></p>



<div class="wp-block-button aligncenter"><a class="wp-block-button__link has-background has-vivid-cyan-blue-background-color" href="https://alacip.org/cong13/587-perez-7c.pdf">Descargar Archivo</a></div>
