{"id":33314,"date":"2020-01-26T18:31:10","date_gmt":"2020-01-26T21:31:10","guid":{"rendered":"https:\/\/alacip.org\/?post_type=todasponencias&#038;p=33314"},"modified":"2020-01-27T21:40:08","modified_gmt":"2020-01-28T00:40:08","slug":"ideologia-y-sexualidades-reflexiones-en-torno","status":"publish","type":"todasponencias","link":"https:\/\/alacip.org\/?todasponencias=ideologia-y-sexualidades-reflexiones-en-torno","title":{"rendered":"Ideolog\u00eda y sexualidades: reflexiones en torno a las identidades pol\u00edticas de la poblaci\u00f3n gay de Medell\u00edn."},"content":{"rendered":"\n<p>Dentro  de  los  debates  sobre  la  ideolog\u00eda,  una interesante  y  amplia  forma  de estudiarla  se  constituye  en  la  comprensi\u00f3n  de  la  misma  desde  las  pr\u00e1cticas sociales  que,  como  veremos,  abarcan  espacios  profundamente  imbricados  como la  cultura,  la  econom\u00eda  y  la  pol\u00edtica;  as\u00ed,  ciertos  patrones  o  estilos  de  vida  est\u00e1n marcados por relaciones entre esos tres patrones que se traducen en identidades colectivas, incluso a partir desde la sexualidad.  <\/p>\n\n\n\n<!--more-->\n\n\n\n<p><\/p>\n\n\n\n<div class=\"wp-block-button aligncenter\"><a class=\"wp-block-button__link has-background has-vivid-cyan-blue-background-color\" href=\"https:\/\/alacip.org\/cong13\/599-romero-7c.pdf\">Descargar Archivo<\/a><\/div>\n","protected":false},"featured_media":0,"template":"","meta":{"_genesis_hide_title":false,"_genesis_hide_breadcrumbs":false,"_genesis_hide_singular_image":false,"_genesis_hide_footer_widgets":false,"_genesis_custom_body_class":"","_genesis_custom_post_class":"","_genesis_layout":""},"filtro":[109],"anocongresso":[140],"conginstituicion":[229],"areatema":[520],"class_list":{"0":"post-33314","1":"todasponencias","2":"type-todasponencias","3":"status-publish","5":"filtro-colombia","6":"anocongresso-140","7":"conginstituicion-uncolombia","8":"areatema-participacion","9":"entry"},"_links":{"self":[{"href":"https:\/\/alacip.org\/index.php?rest_route=\/wp\/v2\/todasponencias\/33314","targetHints":{"allow":["GET"]}}],"collection":[{"href":"https:\/\/alacip.org\/index.php?rest_route=\/wp\/v2\/todasponencias"}],"about":[{"href":"https:\/\/alacip.org\/index.php?rest_route=\/wp\/v2\/types\/todasponencias"}],"wp:attachment":[{"href":"https:\/\/alacip.org\/index.php?rest_route=%2Fwp%2Fv2%2Fmedia&parent=33314"}],"wp:term":[{"taxonomy":"filtro","embeddable":true,"href":"https:\/\/alacip.org\/index.php?rest_route=%2Fwp%2Fv2%2Ffiltro&post=33314"},{"taxonomy":"anocongresso","embeddable":true,"href":"https:\/\/alacip.org\/index.php?rest_route=%2Fwp%2Fv2%2Fanocongresso&post=33314"},{"taxonomy":"conginstituicion","embeddable":true,"href":"https:\/\/alacip.org\/index.php?rest_route=%2Fwp%2Fv2%2Fconginstituicion&post=33314"},{"taxonomy":"areatema","embeddable":true,"href":"https:\/\/alacip.org\/index.php?rest_route=%2Fwp%2Fv2%2Fareatema&post=33314"}],"curies":[{"name":"wp","href":"https:\/\/api.w.org\/{rel}","templated":true}]}}

Ideología y sexualidades: reflexiones en torno a las identidades políticas de la población gay de Medellín.

<p>Dentro  de  los  debates  sobre  la  ideología,  una interesante  y  amplia  forma  de estudiarla  se  constituye  en  la  comprensión  de  la  misma  desde  las  prácticas sociales  que,  como  veremos,  abarcan  espacios  profundamente  imbricados  como la  cultura,  la  economía  y  la  política;  así,  ciertos  patrones  o  estilos  de  vida  están marcados por relaciones entre esos tres patrones que se traducen en identidades colectivas, incluso a partir desde la sexualidad.  </p>



<!--more-->



<p></p>



<div class="wp-block-button aligncenter"><a class="wp-block-button__link has-background has-vivid-cyan-blue-background-color" href="https://alacip.org/cong13/599-romero-7c.pdf">Descargar Archivo</a></div>
