{"id":33317,"date":"2020-01-26T21:19:25","date_gmt":"2020-01-27T00:19:25","guid":{"rendered":"https:\/\/alacip.org\/?post_type=todasponencias&#038;p=33317"},"modified":"2020-01-27T21:39:51","modified_gmt":"2020-01-28T00:39:51","slug":"apropiacion-del-espacio-publico-por-parte-de","status":"publish","type":"todasponencias","link":"https:\/\/alacip.org\/?todasponencias=apropiacion-del-espacio-publico-por-parte-de","title":{"rendered":"Apropiaci\u00f3n del espacio p\u00fablico por parte de j\u00f3venes LGBT en la ciudad de Medell\u00edn (caso parque de los deseos)"},"content":{"rendered":"\n<p>El presente texto es la evidencia de una investigaci\u00f3n en curso, la cual tiene por objetivo analizar el proceso de apropiaci\u00f3n del Parque de los Deseos en la ciudad de Medell\u00edn porparte de j\u00f3venes  del  sector  LGBT,  as\u00ed  como  las  formas  de  habitar  y  las  construcciones  de  identidades subjetivas disidentes que all\u00ed concurren.   <\/p>\n\n\n\n<!--more-->\n\n\n\n<p><\/p>\n\n\n\n<div class=\"wp-block-button aligncenter\"><a class=\"wp-block-button__link has-background has-vivid-cyan-blue-background-color\" href=\"https:\/\/alacip.org\/cong13\/603-velez-7cc.pdf\">Descargar Archivo<\/a><\/div>\n","protected":false},"featured_media":0,"template":"","meta":{"_genesis_hide_title":false,"_genesis_hide_breadcrumbs":false,"_genesis_hide_singular_image":false,"_genesis_hide_footer_widgets":false,"_genesis_custom_body_class":"","_genesis_custom_post_class":"","_genesis_layout":""},"filtro":[109],"anocongresso":[140],"conginstituicion":[229],"areatema":[520],"class_list":{"0":"post-33317","1":"todasponencias","2":"type-todasponencias","3":"status-publish","5":"filtro-colombia","6":"anocongresso-140","7":"conginstituicion-uncolombia","8":"areatema-participacion","9":"entry"},"_links":{"self":[{"href":"https:\/\/alacip.org\/index.php?rest_route=\/wp\/v2\/todasponencias\/33317","targetHints":{"allow":["GET"]}}],"collection":[{"href":"https:\/\/alacip.org\/index.php?rest_route=\/wp\/v2\/todasponencias"}],"about":[{"href":"https:\/\/alacip.org\/index.php?rest_route=\/wp\/v2\/types\/todasponencias"}],"wp:attachment":[{"href":"https:\/\/alacip.org\/index.php?rest_route=%2Fwp%2Fv2%2Fmedia&parent=33317"}],"wp:term":[{"taxonomy":"filtro","embeddable":true,"href":"https:\/\/alacip.org\/index.php?rest_route=%2Fwp%2Fv2%2Ffiltro&post=33317"},{"taxonomy":"anocongresso","embeddable":true,"href":"https:\/\/alacip.org\/index.php?rest_route=%2Fwp%2Fv2%2Fanocongresso&post=33317"},{"taxonomy":"conginstituicion","embeddable":true,"href":"https:\/\/alacip.org\/index.php?rest_route=%2Fwp%2Fv2%2Fconginstituicion&post=33317"},{"taxonomy":"areatema","embeddable":true,"href":"https:\/\/alacip.org\/index.php?rest_route=%2Fwp%2Fv2%2Fareatema&post=33317"}],"curies":[{"name":"wp","href":"https:\/\/api.w.org\/{rel}","templated":true}]}}

Apropiación del espacio público por parte de jóvenes LGBT en la ciudad de Medellín (caso parque de los deseos)

<p>El presente texto es la evidencia de una investigación en curso, la cual tiene por objetivo analizar el proceso de apropiación del Parque de los Deseos en la ciudad de Medellín porparte de jóvenes  del  sector  LGBT,  así  como  las  formas  de  habitar  y  las  construcciones  de  identidades subjetivas disidentes que allí concurren.   </p>



<!--more-->



<p></p>



<div class="wp-block-button aligncenter"><a class="wp-block-button__link has-background has-vivid-cyan-blue-background-color" href="https://alacip.org/cong13/603-velez-7cc.pdf">Descargar Archivo</a></div>
