{"id":33320,"date":"2020-01-26T21:26:41","date_gmt":"2020-01-27T00:26:41","guid":{"rendered":"https:\/\/alacip.org\/?post_type=todasponencias&#038;p=33320"},"modified":"2020-01-27T21:39:33","modified_gmt":"2020-01-28T00:39:33","slug":"o-ressurgimento-do-pensamento-neoconservador","status":"publish","type":"todasponencias","link":"https:\/\/alacip.org\/?todasponencias=o-ressurgimento-do-pensamento-neoconservador","title":{"rendered":"O ressurgimento do pensamento neoconservador nos Estados Unidos e suas consequ\u00eancias em termos de pol\u00edtica externa"},"content":{"rendered":"\n<p>O  neoconservadorismo  surgiu  por  volta  dos  anos  1975  nos  Estados  Unidos,  tendo  seu auge nas elei\u00e7\u00f5es de 1980 com a ascens\u00e3ode Ronald Reagan \u00e0 presid\u00eancia. Em termos de pol\u00edtica externa, o pensamento neoconservador pode ser identificado por uma postura que  une  ao  mesmo  tempo  o  internacionalismo  e  o  nacionalismo,   <\/p>\n\n\n\n<!--more-->\n\n\n\n<p><\/p>\n\n\n\n<div class=\"wp-block-button aligncenter\"><a class=\"wp-block-button__link has-background has-vivid-cyan-blue-background-color\" href=\"https:\/\/alacip.org\/cong13\/608-motta-7c.pdf\">Descargar Archivo<\/a><\/div>\n","protected":false},"featured_media":0,"template":"","meta":{"_genesis_hide_title":false,"_genesis_hide_breadcrumbs":false,"_genesis_hide_singular_image":false,"_genesis_hide_footer_widgets":false,"_genesis_custom_body_class":"","_genesis_custom_post_class":"","_genesis_layout":""},"filtro":[102],"anocongresso":[140],"conginstituicion":[283],"areatema":[160],"class_list":{"0":"post-33320","1":"todasponencias","2":"type-todasponencias","3":"status-publish","5":"filtro-brasil","6":"anocongresso-140","7":"conginstituicion-ppgristd","8":"areatema-relaciones-internacionales","9":"entry"},"_links":{"self":[{"href":"https:\/\/alacip.org\/index.php?rest_route=\/wp\/v2\/todasponencias\/33320","targetHints":{"allow":["GET"]}}],"collection":[{"href":"https:\/\/alacip.org\/index.php?rest_route=\/wp\/v2\/todasponencias"}],"about":[{"href":"https:\/\/alacip.org\/index.php?rest_route=\/wp\/v2\/types\/todasponencias"}],"wp:attachment":[{"href":"https:\/\/alacip.org\/index.php?rest_route=%2Fwp%2Fv2%2Fmedia&parent=33320"}],"wp:term":[{"taxonomy":"filtro","embeddable":true,"href":"https:\/\/alacip.org\/index.php?rest_route=%2Fwp%2Fv2%2Ffiltro&post=33320"},{"taxonomy":"anocongresso","embeddable":true,"href":"https:\/\/alacip.org\/index.php?rest_route=%2Fwp%2Fv2%2Fanocongresso&post=33320"},{"taxonomy":"conginstituicion","embeddable":true,"href":"https:\/\/alacip.org\/index.php?rest_route=%2Fwp%2Fv2%2Fconginstituicion&post=33320"},{"taxonomy":"areatema","embeddable":true,"href":"https:\/\/alacip.org\/index.php?rest_route=%2Fwp%2Fv2%2Fareatema&post=33320"}],"curies":[{"name":"wp","href":"https:\/\/api.w.org\/{rel}","templated":true}]}}

O ressurgimento do pensamento neoconservador nos Estados Unidos e suas consequências em termos de política externa

<p>O  neoconservadorismo  surgiu  por  volta  dos  anos  1975  nos  Estados  Unidos,  tendo  seu auge nas eleições de 1980 com a ascensãode Ronald Reagan à presidência. Em termos de política externa, o pensamento neoconservador pode ser identificado por uma postura que  une  ao  mesmo  tempo  o  internacionalismo  e  o  nacionalismo,   </p>



<!--more-->



<p></p>



<div class="wp-block-button aligncenter"><a class="wp-block-button__link has-background has-vivid-cyan-blue-background-color" href="https://alacip.org/cong13/608-motta-7c.pdf">Descargar Archivo</a></div>
