{"id":33325,"date":"2020-01-26T21:45:18","date_gmt":"2020-01-27T00:45:18","guid":{"rendered":"https:\/\/alacip.org\/?post_type=todasponencias&#038;p=33325"},"modified":"2020-01-27T21:39:07","modified_gmt":"2020-01-28T00:39:07","slug":"el-perfil-profesional-de-la-democracia-local-el","status":"publish","type":"todasponencias","link":"https:\/\/alacip.org\/?todasponencias=el-perfil-profesional-de-la-democracia-local-el","title":{"rendered":"El perfil profesional de la democracia local: el caso de San Luis Potos\u00ed, M\u00e9xico"},"content":{"rendered":"\n<p>La  elaboraci\u00f3n  de  este  trabajo  surge  de  la  inquietud  por  conocer  cu\u00e1l  es  el  perfil  pol\u00edtico  y administrativo de los servidores p\u00fablicos  electos  durante los per\u00edodos 2006 y 2009, para ocupar los  cargos  de  diputados  locales,  presidentes  municipales  y  gobernador  en  el  Estado  de  San  Luis Potos\u00ed,  M\u00e9xico.     <\/p>\n\n\n\n<!--more-->\n\n\n\n<p><\/p>\n\n\n\n<div class=\"wp-block-button aligncenter\"><a class=\"wp-block-button__link has-background has-vivid-cyan-blue-background-color\" href=\"https:\/\/alacip.org\/cong13\/619-campos-7c.pdf\">Descargar Archivo<\/a><\/div>\n","protected":false},"featured_media":0,"template":"","meta":{"_genesis_hide_title":false,"_genesis_hide_breadcrumbs":false,"_genesis_hide_singular_image":false,"_genesis_hide_footer_widgets":false,"_genesis_custom_body_class":"","_genesis_custom_post_class":"","_genesis_layout":""},"filtro":[115],"anocongresso":[140],"conginstituicion":[379],"areatema":[487],"class_list":{"0":"post-33325","1":"todasponencias","2":"type-todasponencias","3":"status-publish","5":"filtro-mexico","6":"anocongresso-140","7":"conginstituicion-universidad-autonoma-de-san-luis-potosi","8":"areatema-acciones-y-opiniones-de-las-elites-politicas","9":"entry"},"_links":{"self":[{"href":"https:\/\/alacip.org\/index.php?rest_route=\/wp\/v2\/todasponencias\/33325","targetHints":{"allow":["GET"]}}],"collection":[{"href":"https:\/\/alacip.org\/index.php?rest_route=\/wp\/v2\/todasponencias"}],"about":[{"href":"https:\/\/alacip.org\/index.php?rest_route=\/wp\/v2\/types\/todasponencias"}],"wp:attachment":[{"href":"https:\/\/alacip.org\/index.php?rest_route=%2Fwp%2Fv2%2Fmedia&parent=33325"}],"wp:term":[{"taxonomy":"filtro","embeddable":true,"href":"https:\/\/alacip.org\/index.php?rest_route=%2Fwp%2Fv2%2Ffiltro&post=33325"},{"taxonomy":"anocongresso","embeddable":true,"href":"https:\/\/alacip.org\/index.php?rest_route=%2Fwp%2Fv2%2Fanocongresso&post=33325"},{"taxonomy":"conginstituicion","embeddable":true,"href":"https:\/\/alacip.org\/index.php?rest_route=%2Fwp%2Fv2%2Fconginstituicion&post=33325"},{"taxonomy":"areatema","embeddable":true,"href":"https:\/\/alacip.org\/index.php?rest_route=%2Fwp%2Fv2%2Fareatema&post=33325"}],"curies":[{"name":"wp","href":"https:\/\/api.w.org\/{rel}","templated":true}]}}

El perfil profesional de la democracia local: el caso de San Luis Potosí, México

<p>La  elaboración  de  este  trabajo  surge  de  la  inquietud  por  conocer  cuál  es  el  perfil  político  y administrativo de los servidores públicos  electos  durante los períodos 2006 y 2009, para ocupar los  cargos  de  diputados  locales,  presidentes  municipales  y  gobernador  en  el  Estado  de  San  Luis Potosí,  México.     </p>



<!--more-->



<p></p>



<div class="wp-block-button aligncenter"><a class="wp-block-button__link has-background has-vivid-cyan-blue-background-color" href="https://alacip.org/cong13/619-campos-7c.pdf">Descargar Archivo</a></div>
