{"id":33328,"date":"2020-01-26T21:54:22","date_gmt":"2020-01-27T00:54:22","guid":{"rendered":"https:\/\/alacip.org\/?post_type=todasponencias&#038;p=33328"},"modified":"2020-01-27T21:38:50","modified_gmt":"2020-01-28T00:38:50","slug":"politicas-publicas-inclusivas-en-america-latina","status":"publish","type":"todasponencias","link":"https:\/\/alacip.org\/?todasponencias=politicas-publicas-inclusivas-en-america-latina","title":{"rendered":"Pol\u00edticas  p\u00fablicas  inclusivas  en  Am\u00e9rica  Latina:  acciones  afirmativas  para  el ingreso en la funci\u00f3n p\u00fablica"},"content":{"rendered":"\n<p>Actualmente, una herramienta que se est\u00e1 implementando en muchos pa\u00edses latinoamericanos  son  las  acciones  afirmativas  como  medidas efectivas  por  parte  de  la Administraci\u00f3n  P\u00fablica  que  tiendan  a  la  reparaci\u00f3n  y  al  reconocimiento  de  derechos fundamentales  de  grupos  hist\u00f3ricamente  excluidos.  <\/p>\n\n\n\n<!--more-->\n\n\n\n<p><\/p>\n\n\n\n<div class=\"wp-block-button aligncenter\"><a class=\"wp-block-button__link has-background has-vivid-cyan-blue-background-color\" href=\"https:\/\/alacip.org\/cong13\/623-junior-7c.pdf\">Descargar Archivo<\/a><\/div>\n","protected":false},"featured_media":0,"template":"","meta":{"_genesis_hide_title":false,"_genesis_hide_breadcrumbs":false,"_genesis_hide_singular_image":false,"_genesis_hide_footer_widgets":false,"_genesis_custom_body_class":"","_genesis_custom_post_class":"","_genesis_layout":""},"filtro":[102],"anocongresso":[140],"conginstituicion":[153],"areatema":[158],"class_list":{"0":"post-33328","1":"todasponencias","2":"type-todasponencias","3":"status-publish","5":"filtro-brasil","6":"anocongresso-140","7":"conginstituicion-s","8":"areatema-admpulpo","9":"entry"},"_links":{"self":[{"href":"https:\/\/alacip.org\/index.php?rest_route=\/wp\/v2\/todasponencias\/33328","targetHints":{"allow":["GET"]}}],"collection":[{"href":"https:\/\/alacip.org\/index.php?rest_route=\/wp\/v2\/todasponencias"}],"about":[{"href":"https:\/\/alacip.org\/index.php?rest_route=\/wp\/v2\/types\/todasponencias"}],"wp:attachment":[{"href":"https:\/\/alacip.org\/index.php?rest_route=%2Fwp%2Fv2%2Fmedia&parent=33328"}],"wp:term":[{"taxonomy":"filtro","embeddable":true,"href":"https:\/\/alacip.org\/index.php?rest_route=%2Fwp%2Fv2%2Ffiltro&post=33328"},{"taxonomy":"anocongresso","embeddable":true,"href":"https:\/\/alacip.org\/index.php?rest_route=%2Fwp%2Fv2%2Fanocongresso&post=33328"},{"taxonomy":"conginstituicion","embeddable":true,"href":"https:\/\/alacip.org\/index.php?rest_route=%2Fwp%2Fv2%2Fconginstituicion&post=33328"},{"taxonomy":"areatema","embeddable":true,"href":"https:\/\/alacip.org\/index.php?rest_route=%2Fwp%2Fv2%2Fareatema&post=33328"}],"curies":[{"name":"wp","href":"https:\/\/api.w.org\/{rel}","templated":true}]}}

Políticas  públicas  inclusivas  en  América  Latina:  acciones  afirmativas  para  el ingreso en la función pública

<p>Actualmente, una herramienta que se está implementando en muchos países latinoamericanos  son  las  acciones  afirmativas  como  medidas efectivas  por  parte  de  la Administración  Pública  que  tiendan  a  la  reparación  y  al  reconocimiento  de  derechos fundamentales  de  grupos  históricamente  excluidos.  </p>



<!--more-->



<p></p>



<div class="wp-block-button aligncenter"><a class="wp-block-button__link has-background has-vivid-cyan-blue-background-color" href="https://alacip.org/cong13/623-junior-7c.pdf">Descargar Archivo</a></div>
