{"id":33329,"date":"2020-01-26T21:56:35","date_gmt":"2020-01-27T00:56:35","guid":{"rendered":"https:\/\/alacip.org\/?post_type=todasponencias&#038;p=33329"},"modified":"2020-01-27T21:38:45","modified_gmt":"2020-01-28T00:38:45","slug":"las-redes-de-politica-publica-una-propuesta","status":"publish","type":"todasponencias","link":"https:\/\/alacip.org\/?todasponencias=las-redes-de-politica-publica-una-propuesta","title":{"rendered":"Las redes de pol\u00edtica p\u00fablica: una propuesta para pensar los temas rurales"},"content":{"rendered":"\n<p>Esta ponencia tiene por objetivo reflexionar sobre la construcci\u00f3n de redes de pol\u00edtica p\u00fablica en entornos rurales, constituye a su vez, un resultado de investigaci\u00f3n, asociado a  relaciones que tejen los actores, agentes e instituciones en el marco de la seguridad alimentaria  en los municipios  de  Andes  y  Santa  Fe  de  Antioquia.     <\/p>\n\n\n\n<!--more-->\n\n\n\n<p><\/p>\n\n\n\n<div class=\"wp-block-button aligncenter\"><a class=\"wp-block-button__link has-background has-vivid-cyan-blue-background-color\" href=\"https:\/\/alacip.org\/cong13\/625-calderon-7c.pdf\">Descargar Archivo<\/a><\/div>\n","protected":false},"featured_media":0,"template":"","meta":{"_genesis_hide_title":false,"_genesis_hide_breadcrumbs":false,"_genesis_hide_singular_image":false,"_genesis_hide_footer_widgets":false,"_genesis_custom_body_class":"","_genesis_custom_post_class":"","_genesis_layout":""},"filtro":[109],"anocongresso":[140],"conginstituicion":[235],"areatema":[158],"class_list":{"0":"post-33329","1":"todasponencias","2":"type-todasponencias","3":"status-publish","5":"filtro-colombia","6":"anocongresso-140","7":"conginstituicion-uantioquia","8":"areatema-admpulpo","9":"entry"},"_links":{"self":[{"href":"https:\/\/alacip.org\/index.php?rest_route=\/wp\/v2\/todasponencias\/33329","targetHints":{"allow":["GET"]}}],"collection":[{"href":"https:\/\/alacip.org\/index.php?rest_route=\/wp\/v2\/todasponencias"}],"about":[{"href":"https:\/\/alacip.org\/index.php?rest_route=\/wp\/v2\/types\/todasponencias"}],"wp:attachment":[{"href":"https:\/\/alacip.org\/index.php?rest_route=%2Fwp%2Fv2%2Fmedia&parent=33329"}],"wp:term":[{"taxonomy":"filtro","embeddable":true,"href":"https:\/\/alacip.org\/index.php?rest_route=%2Fwp%2Fv2%2Ffiltro&post=33329"},{"taxonomy":"anocongresso","embeddable":true,"href":"https:\/\/alacip.org\/index.php?rest_route=%2Fwp%2Fv2%2Fanocongresso&post=33329"},{"taxonomy":"conginstituicion","embeddable":true,"href":"https:\/\/alacip.org\/index.php?rest_route=%2Fwp%2Fv2%2Fconginstituicion&post=33329"},{"taxonomy":"areatema","embeddable":true,"href":"https:\/\/alacip.org\/index.php?rest_route=%2Fwp%2Fv2%2Fareatema&post=33329"}],"curies":[{"name":"wp","href":"https:\/\/api.w.org\/{rel}","templated":true}]}}

Las redes de política pública: una propuesta para pensar los temas rurales

<p>Esta ponencia tiene por objetivo reflexionar sobre la construcción de redes de política pública en entornos rurales, constituye a su vez, un resultado de investigación, asociado a  relaciones que tejen los actores, agentes e instituciones en el marco de la seguridad alimentaria  en los municipios  de  Andes  y  Santa  Fe  de  Antioquia.     </p>



<!--more-->



<p></p>



<div class="wp-block-button aligncenter"><a class="wp-block-button__link has-background has-vivid-cyan-blue-background-color" href="https://alacip.org/cong13/625-calderon-7c.pdf">Descargar Archivo</a></div>
