{"id":33331,"date":"2020-01-26T22:03:15","date_gmt":"2020-01-27T01:03:15","guid":{"rendered":"https:\/\/alacip.org\/?post_type=todasponencias&#038;p=33331"},"modified":"2020-01-26T22:03:16","modified_gmt":"2020-01-27T01:03:16","slug":"autonomia-territorial-y-politica-fiscal-en-colombia","status":"publish","type":"todasponencias","link":"https:\/\/alacip.org\/?todasponencias=autonomia-territorial-y-politica-fiscal-en-colombia","title":{"rendered":"Autonom\u00eda territorial y pol\u00edtica fiscal en Colombia"},"content":{"rendered":"\n<p>Este  trabajo  explora los  efectos  de  la pol\u00edtica  fiscal  en  la  autonom\u00eda  territorial  en Colombia.  Su  tesis  principal  es  la  limitaci\u00f3n  de  la  autonom\u00eda  territorial  producto  de  la regulaci\u00f3n  de  la  pol\u00edtica  fiscal  (saneamiento  p\u00fablico  y  desempe\u00f1o  fiscal)  por  parte  del gobierno nacional.    <\/p>\n\n\n\n<!--more-->\n\n\n\n<p><\/p>\n\n\n\n<div class=\"wp-block-button aligncenter\"><a class=\"wp-block-button__link has-background has-vivid-cyan-blue-background-color\" href=\"https:\/\/alacip.org\/cong13\/626-cortes-7c.pdf\">Descargar Archivo<\/a><\/div>\n","protected":false},"featured_media":0,"template":"","meta":{"_genesis_hide_title":false,"_genesis_hide_breadcrumbs":false,"_genesis_hide_singular_image":false,"_genesis_hide_footer_widgets":false,"_genesis_custom_body_class":"","_genesis_custom_post_class":"","_genesis_layout":""},"filtro":[109],"anocongresso":[140],"conginstituicion":[235],"areatema":[158],"class_list":{"0":"post-33331","1":"todasponencias","2":"type-todasponencias","3":"status-publish","5":"filtro-colombia","6":"anocongresso-140","7":"conginstituicion-uantioquia","8":"areatema-admpulpo","9":"entry"},"_links":{"self":[{"href":"https:\/\/alacip.org\/index.php?rest_route=\/wp\/v2\/todasponencias\/33331","targetHints":{"allow":["GET"]}}],"collection":[{"href":"https:\/\/alacip.org\/index.php?rest_route=\/wp\/v2\/todasponencias"}],"about":[{"href":"https:\/\/alacip.org\/index.php?rest_route=\/wp\/v2\/types\/todasponencias"}],"wp:attachment":[{"href":"https:\/\/alacip.org\/index.php?rest_route=%2Fwp%2Fv2%2Fmedia&parent=33331"}],"wp:term":[{"taxonomy":"filtro","embeddable":true,"href":"https:\/\/alacip.org\/index.php?rest_route=%2Fwp%2Fv2%2Ffiltro&post=33331"},{"taxonomy":"anocongresso","embeddable":true,"href":"https:\/\/alacip.org\/index.php?rest_route=%2Fwp%2Fv2%2Fanocongresso&post=33331"},{"taxonomy":"conginstituicion","embeddable":true,"href":"https:\/\/alacip.org\/index.php?rest_route=%2Fwp%2Fv2%2Fconginstituicion&post=33331"},{"taxonomy":"areatema","embeddable":true,"href":"https:\/\/alacip.org\/index.php?rest_route=%2Fwp%2Fv2%2Fareatema&post=33331"}],"curies":[{"name":"wp","href":"https:\/\/api.w.org\/{rel}","templated":true}]}}

Autonomía territorial y política fiscal en Colombia

<p>Este  trabajo  explora los  efectos  de  la política  fiscal  en  la  autonomía  territorial  en Colombia.  Su  tesis  principal  es  la  limitación  de  la  autonomía  territorial  producto  de  la regulación  de  la  política  fiscal  (saneamiento  público  y  desempeño  fiscal)  por  parte  del gobierno nacional.    </p>



<!--more-->



<p></p>



<div class="wp-block-button aligncenter"><a class="wp-block-button__link has-background has-vivid-cyan-blue-background-color" href="https://alacip.org/cong13/626-cortes-7c.pdf">Descargar Archivo</a></div>
