{"id":33332,"date":"2020-01-26T22:04:33","date_gmt":"2020-01-27T01:04:33","guid":{"rendered":"https:\/\/alacip.org\/?post_type=todasponencias&#038;p=33332"},"modified":"2020-01-27T21:38:25","modified_gmt":"2020-01-28T00:38:25","slug":"incidencia-de-la-alianza-medellin-y-antioquia-en-la","status":"publish","type":"todasponencias","link":"https:\/\/alacip.org\/?todasponencias=incidencia-de-la-alianza-medellin-y-antioquia-en-la","title":{"rendered":"Incidencia de la Alianza Medell\u00edn y Antioquia en la agenda p\u00fablica para el departamento de Antioquia, 2012-2015"},"content":{"rendered":"\n<p>En  Colombia  los  partidos  suelen  realizar  alianzas  en  el  marco  de  las campa\u00f1as electorales. En  2011,  unpartido  tradicional,  el  Liberal,  y  uno  emergente,  el  Verde, emprendieron   una   alianza   con el   fin   de   ganar   las   elecciones de   los   candidatos respectivos a la Alcald\u00eda de Medell\u00edn y a la Gobernaci\u00f3n de Antioquia.    <\/p>\n\n\n\n<!--more-->\n\n\n\n<p><\/p>\n\n\n\n<div class=\"wp-block-button aligncenter\"><a class=\"wp-block-button__link has-background has-vivid-cyan-blue-background-color\" href=\"https:\/\/alacip.org\/cong13\/626-cortes-b-7c.pdf\">Descargar Archivo<\/a><\/div>\n","protected":false},"featured_media":0,"template":"","meta":{"_genesis_hide_title":false,"_genesis_hide_breadcrumbs":false,"_genesis_hide_singular_image":false,"_genesis_hide_footer_widgets":false,"_genesis_custom_body_class":"","_genesis_custom_post_class":"","_genesis_layout":""},"filtro":[109],"anocongresso":[140],"conginstituicion":[235],"areatema":[158],"class_list":{"0":"post-33332","1":"todasponencias","2":"type-todasponencias","3":"status-publish","5":"filtro-colombia","6":"anocongresso-140","7":"conginstituicion-uantioquia","8":"areatema-admpulpo","9":"entry"},"_links":{"self":[{"href":"https:\/\/alacip.org\/index.php?rest_route=\/wp\/v2\/todasponencias\/33332","targetHints":{"allow":["GET"]}}],"collection":[{"href":"https:\/\/alacip.org\/index.php?rest_route=\/wp\/v2\/todasponencias"}],"about":[{"href":"https:\/\/alacip.org\/index.php?rest_route=\/wp\/v2\/types\/todasponencias"}],"wp:attachment":[{"href":"https:\/\/alacip.org\/index.php?rest_route=%2Fwp%2Fv2%2Fmedia&parent=33332"}],"wp:term":[{"taxonomy":"filtro","embeddable":true,"href":"https:\/\/alacip.org\/index.php?rest_route=%2Fwp%2Fv2%2Ffiltro&post=33332"},{"taxonomy":"anocongresso","embeddable":true,"href":"https:\/\/alacip.org\/index.php?rest_route=%2Fwp%2Fv2%2Fanocongresso&post=33332"},{"taxonomy":"conginstituicion","embeddable":true,"href":"https:\/\/alacip.org\/index.php?rest_route=%2Fwp%2Fv2%2Fconginstituicion&post=33332"},{"taxonomy":"areatema","embeddable":true,"href":"https:\/\/alacip.org\/index.php?rest_route=%2Fwp%2Fv2%2Fareatema&post=33332"}],"curies":[{"name":"wp","href":"https:\/\/api.w.org\/{rel}","templated":true}]}}

Incidencia de la Alianza Medellín y Antioquia en la agenda pública para el departamento de Antioquia, 2012-2015

<p>En  Colombia  los  partidos  suelen  realizar  alianzas  en  el  marco  de  las campañas electorales. En  2011,  unpartido  tradicional,  el  Liberal,  y  uno  emergente,  el  Verde, emprendieron   una   alianza   con el   fin   de   ganar   las   elecciones de   los   candidatos respectivos a la Alcaldía de Medellín y a la Gobernación de Antioquia.    </p>



<!--more-->



<p></p>



<div class="wp-block-button aligncenter"><a class="wp-block-button__link has-background has-vivid-cyan-blue-background-color" href="https://alacip.org/cong13/626-cortes-b-7c.pdf">Descargar Archivo</a></div>
