{"id":33336,"date":"2020-01-26T22:18:36","date_gmt":"2020-01-27T01:18:36","guid":{"rendered":"https:\/\/alacip.org\/?post_type=todasponencias&#038;p=33336"},"modified":"2020-01-27T21:38:01","modified_gmt":"2020-01-28T00:38:01","slug":"enunciados-ilusiones-y-paradojas-la-critica","status":"publish","type":"todasponencias","link":"https:\/\/alacip.org\/?todasponencias=enunciados-ilusiones-y-paradojas-la-critica","title":{"rendered":"Enunciados, ilusiones y paradojas. La cr\u00edtica a los Derechos del Hombre bajo el espectro de Sobre la cuesti\u00f3n jud\u00eda."},"content":{"rendered":"\n<p>Desde  su  declaraci\u00f3n en  1789, los Derechos  del  Hombreencontraron r\u00e1pidamente su cr\u00edtica. En este trabajo nos proponemos centrarnos en una de  las  m\u00e1s  significativas:el  dispositivo  cr\u00edtico  y  la  l\u00f3gica  de  la  sospecha sobre los derechos que Marx elabor\u00f3 en \u201cSobre  la  cuesti\u00f3n  jud\u00eda\u201d, como denuncia de los l\u00edmitesde la emancipaci\u00f3n pol\u00edtica.  <\/p>\n\n\n\n<!--more-->\n\n\n\n<p><\/p>\n\n\n\n<div class=\"wp-block-button aligncenter\"><a class=\"wp-block-button__link has-background has-vivid-cyan-blue-background-color\" href=\"https:\/\/alacip.org\/cong13\/632-rocca-7c.pdf\">Descargar Archivo<\/a><\/div>\n","protected":false},"featured_media":0,"template":"","meta":{"_genesis_hide_title":false,"_genesis_hide_breadcrumbs":false,"_genesis_hide_singular_image":false,"_genesis_hide_footer_widgets":false,"_genesis_custom_body_class":"","_genesis_custom_post_class":"","_genesis_layout":""},"filtro":[105],"anocongresso":[140],"conginstituicion":[316],"areatema":[157],"class_list":{"0":"post-33336","1":"todasponencias","2":"type-todasponencias","3":"status-publish","5":"filtro-argentina","6":"anocongresso-140","7":"conginstituicion-unsan-martin-unsam","8":"areatema-teorpolfil","9":"entry"},"_links":{"self":[{"href":"https:\/\/alacip.org\/index.php?rest_route=\/wp\/v2\/todasponencias\/33336","targetHints":{"allow":["GET"]}}],"collection":[{"href":"https:\/\/alacip.org\/index.php?rest_route=\/wp\/v2\/todasponencias"}],"about":[{"href":"https:\/\/alacip.org\/index.php?rest_route=\/wp\/v2\/types\/todasponencias"}],"wp:attachment":[{"href":"https:\/\/alacip.org\/index.php?rest_route=%2Fwp%2Fv2%2Fmedia&parent=33336"}],"wp:term":[{"taxonomy":"filtro","embeddable":true,"href":"https:\/\/alacip.org\/index.php?rest_route=%2Fwp%2Fv2%2Ffiltro&post=33336"},{"taxonomy":"anocongresso","embeddable":true,"href":"https:\/\/alacip.org\/index.php?rest_route=%2Fwp%2Fv2%2Fanocongresso&post=33336"},{"taxonomy":"conginstituicion","embeddable":true,"href":"https:\/\/alacip.org\/index.php?rest_route=%2Fwp%2Fv2%2Fconginstituicion&post=33336"},{"taxonomy":"areatema","embeddable":true,"href":"https:\/\/alacip.org\/index.php?rest_route=%2Fwp%2Fv2%2Fareatema&post=33336"}],"curies":[{"name":"wp","href":"https:\/\/api.w.org\/{rel}","templated":true}]}}

Enunciados, ilusiones y paradojas. La crítica a los Derechos del Hombre bajo el espectro de Sobre la cuestión judía.

<p>Desde  su  declaración en  1789, los Derechos  del  Hombreencontraron rápidamente su crítica. En este trabajo nos proponemos centrarnos en una de  las  más  significativas:el  dispositivo  crítico  y  la  lógica  de  la  sospecha sobre los derechos que Marx elaboró en “Sobre  la  cuestión  judía”, como denuncia de los límitesde la emancipación política.  </p>



<!--more-->



<p></p>



<div class="wp-block-button aligncenter"><a class="wp-block-button__link has-background has-vivid-cyan-blue-background-color" href="https://alacip.org/cong13/632-rocca-7c.pdf">Descargar Archivo</a></div>
