{"id":33338,"date":"2020-01-26T23:42:09","date_gmt":"2020-01-27T02:42:09","guid":{"rendered":"https:\/\/alacip.org\/?post_type=todasponencias&#038;p=33338"},"modified":"2020-01-27T21:37:50","modified_gmt":"2020-01-28T00:37:50","slug":"frutas-cereais-e-carne-do-sul-agrotoxicos","status":"publish","type":"todasponencias","link":"https:\/\/alacip.org\/?todasponencias=frutas-cereais-e-carne-do-sul-agrotoxicos","title":{"rendered":"Frutas, cereais e carne do Sul: agrot\u00f3xicos e conflitos ambientais no agroneg\u00f3cio no Brasil"},"content":{"rendered":"\n<p>O  Brasil,  al\u00e9m de  ser um  dos  pa\u00edses  mais  desiguais  e  com  uma das  maiores concentra\u00e7\u00e3o  de  terras  do  mundo,  \u00e9  o  maior  consumidor  de  agrot\u00f3xicos  do  planeta. Enquanto   o   grande   agroneg\u00f3cio supera recordes   seguidos   de   produtividade, contribuindo com cerca de 30% das exporta\u00e7\u00f5es brasileiras, 40% da popula\u00e7\u00e3o sofre com   a   inseguran\u00e7a   alimentar.     <\/p>\n\n\n\n<!--more-->\n\n\n\n<p><\/p>\n\n\n\n<div class=\"wp-block-button aligncenter\"><a class=\"wp-block-button__link has-background has-vivid-cyan-blue-background-color\" href=\"https:\/\/alacip.org\/cong13\/634-carneiro-7c.pdf\">Descargar Archivo<\/a><\/div>\n","protected":false},"featured_media":0,"template":"","meta":{"_genesis_hide_title":false,"_genesis_hide_breadcrumbs":false,"_genesis_hide_singular_image":false,"_genesis_hide_footer_widgets":false,"_genesis_custom_body_class":"","_genesis_custom_post_class":"","_genesis_layout":""},"filtro":[102],"anocongresso":[140],"conginstituicion":[330,423,533],"areatema":[520],"class_list":{"0":"post-33338","1":"todasponencias","2":"type-todasponencias","3":"status-publish","5":"filtro-brasil","6":"anocongresso-140","7":"conginstituicion-uni-brasilia","8":"conginstituicion-universidade-federal-do-ceara","9":"conginstituicion-universidade-federal-do-mato-grosso","10":"areatema-participacion","11":"entry"},"_links":{"self":[{"href":"https:\/\/alacip.org\/index.php?rest_route=\/wp\/v2\/todasponencias\/33338","targetHints":{"allow":["GET"]}}],"collection":[{"href":"https:\/\/alacip.org\/index.php?rest_route=\/wp\/v2\/todasponencias"}],"about":[{"href":"https:\/\/alacip.org\/index.php?rest_route=\/wp\/v2\/types\/todasponencias"}],"wp:attachment":[{"href":"https:\/\/alacip.org\/index.php?rest_route=%2Fwp%2Fv2%2Fmedia&parent=33338"}],"wp:term":[{"taxonomy":"filtro","embeddable":true,"href":"https:\/\/alacip.org\/index.php?rest_route=%2Fwp%2Fv2%2Ffiltro&post=33338"},{"taxonomy":"anocongresso","embeddable":true,"href":"https:\/\/alacip.org\/index.php?rest_route=%2Fwp%2Fv2%2Fanocongresso&post=33338"},{"taxonomy":"conginstituicion","embeddable":true,"href":"https:\/\/alacip.org\/index.php?rest_route=%2Fwp%2Fv2%2Fconginstituicion&post=33338"},{"taxonomy":"areatema","embeddable":true,"href":"https:\/\/alacip.org\/index.php?rest_route=%2Fwp%2Fv2%2Fareatema&post=33338"}],"curies":[{"name":"wp","href":"https:\/\/api.w.org\/{rel}","templated":true}]}}

Frutas, cereais e carne do Sul: agrotóxicos e conflitos ambientais no agronegócio no Brasil

<p>O  Brasil,  além de  ser um  dos  países  mais  desiguais  e  com  uma das  maiores concentração  de  terras  do  mundo,  é  o  maior  consumidor  de  agrotóxicos  do  planeta. Enquanto   o   grande   agronegócio supera recordes   seguidos   de   produtividade, contribuindo com cerca de 30% das exportações brasileiras, 40% da população sofre com   a   insegurança   alimentar.     </p>



<!--more-->



<p></p>



<div class="wp-block-button aligncenter"><a class="wp-block-button__link has-background has-vivid-cyan-blue-background-color" href="https://alacip.org/cong13/634-carneiro-7c.pdf">Descargar Archivo</a></div>
