{"id":33340,"date":"2020-01-26T23:51:38","date_gmt":"2020-01-27T02:51:38","guid":{"rendered":"https:\/\/alacip.org\/?post_type=todasponencias&#038;p=33340"},"modified":"2020-01-27T21:37:38","modified_gmt":"2020-01-28T00:37:38","slug":"la-relacion-entre-los-movimientos-sociales-y","status":"publish","type":"todasponencias","link":"https:\/\/alacip.org\/?todasponencias=la-relacion-entre-los-movimientos-sociales-y","title":{"rendered":"La  relaci\u00f3n  entre  los  movimientos  sociales  y  los  partidos  pol\u00edticos  dentro  de  la  Alianza Frente  Guasu  de  Paraguay  (2010-2012)"},"content":{"rendered":"\n<p> Hasta  el  a\u00f1o  2008  el  Paraguay  permaneci\u00f3casi  sin  partidos  pol\u00edticos  de  autodenominados  de izquierda al interior del gobierno (tanto en el ejecutivo como en el legislativo). Sin embargo conla  llegada  de  Fernando  Lugo  al  poder  (2008),  nuevas  fuerzas  pol\u00edticas  autodenominadas progresistas  y\/o  izquierda  hacen  su  aparici\u00f3n  al  interior  del  gobierno  y  en  el  a\u00f1o  2013  se convierten por primera vez en la tercera fuerza electoralen el Congreso.    <\/p>\n\n\n\n<!--more-->\n\n\n\n<p><\/p>\n\n\n\n<div class=\"wp-block-button aligncenter\"><a class=\"wp-block-button__link has-background has-vivid-cyan-blue-background-color\" href=\"https:\/\/alacip.org\/cong13\/636-escobar-7c.pdf\">Descargar Archivo<\/a><\/div>\n\n\n\n<p><\/p>\n","protected":false},"featured_media":0,"template":"","meta":{"_genesis_hide_title":false,"_genesis_hide_breadcrumbs":false,"_genesis_hide_singular_image":false,"_genesis_hide_footer_widgets":false,"_genesis_custom_body_class":"","_genesis_custom_post_class":"","_genesis_layout":""},"filtro":[105],"anocongresso":[140],"conginstituicion":[438,244,316],"areatema":[520],"class_list":{"0":"post-33340","1":"todasponencias","2":"type-todasponencias","3":"status-publish","5":"filtro-argentina","6":"anocongresso-140","7":"conginstituicion-conicet","8":"conginstituicion-universidadba","9":"conginstituicion-unsan-martin-unsam","10":"areatema-participacion","11":"entry"},"_links":{"self":[{"href":"https:\/\/alacip.org\/index.php?rest_route=\/wp\/v2\/todasponencias\/33340","targetHints":{"allow":["GET"]}}],"collection":[{"href":"https:\/\/alacip.org\/index.php?rest_route=\/wp\/v2\/todasponencias"}],"about":[{"href":"https:\/\/alacip.org\/index.php?rest_route=\/wp\/v2\/types\/todasponencias"}],"wp:attachment":[{"href":"https:\/\/alacip.org\/index.php?rest_route=%2Fwp%2Fv2%2Fmedia&parent=33340"}],"wp:term":[{"taxonomy":"filtro","embeddable":true,"href":"https:\/\/alacip.org\/index.php?rest_route=%2Fwp%2Fv2%2Ffiltro&post=33340"},{"taxonomy":"anocongresso","embeddable":true,"href":"https:\/\/alacip.org\/index.php?rest_route=%2Fwp%2Fv2%2Fanocongresso&post=33340"},{"taxonomy":"conginstituicion","embeddable":true,"href":"https:\/\/alacip.org\/index.php?rest_route=%2Fwp%2Fv2%2Fconginstituicion&post=33340"},{"taxonomy":"areatema","embeddable":true,"href":"https:\/\/alacip.org\/index.php?rest_route=%2Fwp%2Fv2%2Fareatema&post=33340"}],"curies":[{"name":"wp","href":"https:\/\/api.w.org\/{rel}","templated":true}]}}

La  relación  entre  los  movimientos  sociales  y  los  partidos  políticos  dentro  de  la  Alianza Frente  Guasu  de  Paraguay  (2010-2012)

<p> Hasta  el  año  2008  el  Paraguay  permaneciócasi  sin  partidos  políticos  de  autodenominados  de izquierda al interior del gobierno (tanto en el ejecutivo como en el legislativo). Sin embargo conla  llegada  de  Fernando  Lugo  al  poder  (2008),  nuevas  fuerzas  políticas  autodenominadas progresistas  y/o  izquierda  hacen  su  aparición  al  interior  del  gobierno  y  en  el  año  2013  se convierten por primera vez en la tercera fuerza electoralen el Congreso.    </p>



<!--more-->



<p></p>



<div class="wp-block-button aligncenter"><a class="wp-block-button__link has-background has-vivid-cyan-blue-background-color" href="https://alacip.org/cong13/636-escobar-7c.pdf">Descargar Archivo</a></div>



<p></p>
