{"id":33341,"date":"2020-01-26T23:54:53","date_gmt":"2020-01-27T02:54:53","guid":{"rendered":"https:\/\/alacip.org\/?post_type=todasponencias&#038;p=33341"},"modified":"2020-01-26T23:54:54","modified_gmt":"2020-01-27T02:54:54","slug":"ganaderia-y-paramilitarismo","status":"publish","type":"todasponencias","link":"https:\/\/alacip.org\/?todasponencias=ganaderia-y-paramilitarismo","title":{"rendered":"Ganader\u00eda y Paramilitarismo"},"content":{"rendered":"\n<p>El  presente  escrito  explora  desde  la  econom\u00eda  pol\u00edtica del  sector  ganadero, la relaci\u00f3n  que  existe  entre este  sector y los  paramilitares  en  Colombia. Desde  esa perspectiva  resulta  pertinente  preguntarse  \u00bfQu\u00e9  factores  pueden  explicar  el amplio  apoyo  que  el  sector  ganadero  colombiano  le  brind\u00f3  a  los  paramilitares tanto  en  su  surgimiento  como  en  su  consolidaci\u00f3n?\u00bfExiste  una  relaci\u00f3n  entre cabezas  de  ganadoy  sacrificios  (aumento  o  disminuci\u00f3n)  con  la  presencia paramilitar  en  determinadas  regiones?  <\/p>\n\n\n\n<!--more-->\n\n\n\n<p><\/p>\n\n\n\n<div class=\"wp-block-button aligncenter\"><a class=\"wp-block-button__link has-background has-vivid-cyan-blue-background-color\" href=\"https:\/\/alacip.org\/cong13\/637-preciado-7c.pdf\">Descargar Archivo<\/a><\/div>\n\n\n\n<p><\/p>\n","protected":false},"featured_media":0,"template":"","meta":{"_genesis_hide_title":false,"_genesis_hide_breadcrumbs":false,"_genesis_hide_singular_image":false,"_genesis_hide_footer_widgets":false,"_genesis_custom_body_class":"","_genesis_custom_post_class":"","_genesis_layout":""},"filtro":[109],"anocongresso":[140],"conginstituicion":[271],"areatema":[520],"class_list":{"0":"post-33341","1":"todasponencias","2":"type-todasponencias","3":"status-publish","5":"filtro-colombia","6":"anocongresso-140","7":"conginstituicion-universidad-de-los-andes","8":"areatema-participacion","9":"entry"},"_links":{"self":[{"href":"https:\/\/alacip.org\/index.php?rest_route=\/wp\/v2\/todasponencias\/33341","targetHints":{"allow":["GET"]}}],"collection":[{"href":"https:\/\/alacip.org\/index.php?rest_route=\/wp\/v2\/todasponencias"}],"about":[{"href":"https:\/\/alacip.org\/index.php?rest_route=\/wp\/v2\/types\/todasponencias"}],"wp:attachment":[{"href":"https:\/\/alacip.org\/index.php?rest_route=%2Fwp%2Fv2%2Fmedia&parent=33341"}],"wp:term":[{"taxonomy":"filtro","embeddable":true,"href":"https:\/\/alacip.org\/index.php?rest_route=%2Fwp%2Fv2%2Ffiltro&post=33341"},{"taxonomy":"anocongresso","embeddable":true,"href":"https:\/\/alacip.org\/index.php?rest_route=%2Fwp%2Fv2%2Fanocongresso&post=33341"},{"taxonomy":"conginstituicion","embeddable":true,"href":"https:\/\/alacip.org\/index.php?rest_route=%2Fwp%2Fv2%2Fconginstituicion&post=33341"},{"taxonomy":"areatema","embeddable":true,"href":"https:\/\/alacip.org\/index.php?rest_route=%2Fwp%2Fv2%2Fareatema&post=33341"}],"curies":[{"name":"wp","href":"https:\/\/api.w.org\/{rel}","templated":true}]}}

Ganadería y Paramilitarismo

<p>El  presente  escrito  explora  desde  la  economía  política del  sector  ganadero, la relación  que  existe  entre este  sector y los  paramilitares  en  Colombia. Desde  esa perspectiva  resulta  pertinente  preguntarse  ¿Qué  factores  pueden  explicar  el amplio  apoyo  que  el  sector  ganadero  colombiano  le  brindó  a  los  paramilitares tanto  en  su  surgimiento  como  en  su  consolidación?¿Existe  una  relación  entre cabezas  de  ganadoy  sacrificios  (aumento  o  disminución)  con  la  presencia paramilitar  en  determinadas  regiones?  </p>



<!--more-->



<p></p>



<div class="wp-block-button aligncenter"><a class="wp-block-button__link has-background has-vivid-cyan-blue-background-color" href="https://alacip.org/cong13/637-preciado-7c.pdf">Descargar Archivo</a></div>



<p></p>
