{"id":33346,"date":"2020-01-27T00:13:02","date_gmt":"2020-01-27T03:13:02","guid":{"rendered":"https:\/\/alacip.org\/?post_type=todasponencias&#038;p=33346"},"modified":"2020-01-27T21:37:07","modified_gmt":"2020-01-28T00:37:07","slug":"regionalismo-e-instituicoes-multilaterais-agencia","status":"publish","type":"todasponencias","link":"https:\/\/alacip.org\/?todasponencias=regionalismo-e-instituicoes-multilaterais-agencia","title":{"rendered":"Regionalismo e institui\u00e7\u00f5es multilaterais: agencia internacional na Am\u00e9rica do Sul"},"content":{"rendered":"\n<p>O  espa\u00e7o  regional  \u00e9  o  ambiente  natural  para  a  proje\u00e7\u00e3o  internacional  de  um  pa\u00eds.  A inser\u00e7\u00e3o  externa  do  Brasil  possui  como  uma  de  suas  prioridades,  desde  fins  da  d\u00e9cada  de 1970,  a  regi\u00e3o  sul-americana,  em  particular,  o  aprofundamento  das  rela\u00e7\u00f5es  bilaterais  com  a Argentina  e  a  cria\u00e7\u00e3o  do  Mercado  Comum  do  Sul,  o  MERCOSUL.      <\/p>\n\n\n\n<!--more-->\n\n\n\n<div class=\"wp-block-button aligncenter\"><a class=\"wp-block-button__link has-background has-vivid-cyan-blue-background-color\" href=\"https:\/\/alacip.org\/cong13\/643-goncalves-7c.pdf\">Descargar Archivo<\/a><\/div>\n","protected":false},"featured_media":0,"template":"","meta":{"_genesis_hide_title":false,"_genesis_hide_breadcrumbs":false,"_genesis_hide_singular_image":false,"_genesis_hide_footer_widgets":false,"_genesis_custom_body_class":"","_genesis_custom_post_class":"","_genesis_layout":""},"filtro":[102],"anocongresso":[140],"conginstituicion":[226],"areatema":[160],"class_list":{"0":"post-33346","1":"todasponencias","2":"type-todasponencias","3":"status-publish","5":"filtro-brasil","6":"anocongresso-140","7":"conginstituicion-unicampinas","8":"areatema-relaciones-internacionales","9":"entry"},"_links":{"self":[{"href":"https:\/\/alacip.org\/index.php?rest_route=\/wp\/v2\/todasponencias\/33346","targetHints":{"allow":["GET"]}}],"collection":[{"href":"https:\/\/alacip.org\/index.php?rest_route=\/wp\/v2\/todasponencias"}],"about":[{"href":"https:\/\/alacip.org\/index.php?rest_route=\/wp\/v2\/types\/todasponencias"}],"wp:attachment":[{"href":"https:\/\/alacip.org\/index.php?rest_route=%2Fwp%2Fv2%2Fmedia&parent=33346"}],"wp:term":[{"taxonomy":"filtro","embeddable":true,"href":"https:\/\/alacip.org\/index.php?rest_route=%2Fwp%2Fv2%2Ffiltro&post=33346"},{"taxonomy":"anocongresso","embeddable":true,"href":"https:\/\/alacip.org\/index.php?rest_route=%2Fwp%2Fv2%2Fanocongresso&post=33346"},{"taxonomy":"conginstituicion","embeddable":true,"href":"https:\/\/alacip.org\/index.php?rest_route=%2Fwp%2Fv2%2Fconginstituicion&post=33346"},{"taxonomy":"areatema","embeddable":true,"href":"https:\/\/alacip.org\/index.php?rest_route=%2Fwp%2Fv2%2Fareatema&post=33346"}],"curies":[{"name":"wp","href":"https:\/\/api.w.org\/{rel}","templated":true}]}}

Regionalismo e instituições multilaterais: agencia internacional na América do Sul

<p>O  espaço  regional  é  o  ambiente  natural  para  a  projeção  internacional  de  um  país.  A inserção  externa  do  Brasil  possui  como  uma  de  suas  prioridades,  desde  fins  da  década  de 1970,  a  região  sul-americana,  em  particular,  o  aprofundamento  das  relações  bilaterais  com  a Argentina  e  a  criação  do  Mercado  Comum  do  Sul,  o  MERCOSUL.      </p>



<!--more-->



<div class="wp-block-button aligncenter"><a class="wp-block-button__link has-background has-vivid-cyan-blue-background-color" href="https://alacip.org/cong13/643-goncalves-7c.pdf">Descargar Archivo</a></div>
