{"id":33349,"date":"2020-01-27T00:30:44","date_gmt":"2020-01-27T03:30:44","guid":{"rendered":"https:\/\/alacip.org\/?post_type=todasponencias&#038;p=33349"},"modified":"2020-01-27T00:30:45","modified_gmt":"2020-01-27T03:30:45","slug":"de-que-ciencia-politica-estamos-hablando-2","status":"publish","type":"todasponencias","link":"https:\/\/alacip.org\/?todasponencias=de-que-ciencia-politica-estamos-hablando-2","title":{"rendered":"\u00bfDe qu\u00e9 Ciencia Pol\u00edtica estamos hablando?"},"content":{"rendered":"\n<p>En las \u00faltimas d\u00e9cadas los acad\u00e9micos se han preocupado por delimitar el campo de la Ciencia Pol\u00edtica como  disciplina (Malamud, 2007; Leiras,  et al, 2005; Rivas  Leone, 2002; D\u00edaz, s.f.).   Dichas   investigaciones,   se   han   concentrado   en   revisar   la   institucionalizaci\u00f3n   y profesionalizaci\u00f3n de la Ciencia Pol\u00edtica desde el \u00e1mbito acad\u00e9mico; es decir, se han concentrado en  medir  la  institucionalizaci\u00f3n  de  la  disciplina  con  base  en  la  cuantificaci\u00f3n  de  los  avances politol\u00f3gicos.  <\/p>\n\n\n\n<!--more-->\n\n\n\n<div class=\"wp-block-button aligncenter\"><a class=\"wp-block-button__link has-background has-vivid-cyan-blue-background-color\" href=\"https:\/\/alacip.org\/cong13\/647-gutierrez-7c.pdf\">Descargar Archivo<\/a><\/div>\n","protected":false},"featured_media":0,"template":"","meta":{"_genesis_hide_title":false,"_genesis_hide_breadcrumbs":false,"_genesis_hide_singular_image":false,"_genesis_hide_footer_widgets":false,"_genesis_custom_body_class":"","_genesis_custom_post_class":"","_genesis_layout":""},"filtro":[109],"anocongresso":[140],"conginstituicion":[348],"areatema":[157],"class_list":{"0":"post-33349","1":"todasponencias","2":"type-todasponencias","3":"status-publish","5":"filtro-colombia","6":"anocongresso-140","7":"conginstituicion-unisarboleda","8":"areatema-teorpolfil","9":"entry"},"_links":{"self":[{"href":"https:\/\/alacip.org\/index.php?rest_route=\/wp\/v2\/todasponencias\/33349","targetHints":{"allow":["GET"]}}],"collection":[{"href":"https:\/\/alacip.org\/index.php?rest_route=\/wp\/v2\/todasponencias"}],"about":[{"href":"https:\/\/alacip.org\/index.php?rest_route=\/wp\/v2\/types\/todasponencias"}],"wp:attachment":[{"href":"https:\/\/alacip.org\/index.php?rest_route=%2Fwp%2Fv2%2Fmedia&parent=33349"}],"wp:term":[{"taxonomy":"filtro","embeddable":true,"href":"https:\/\/alacip.org\/index.php?rest_route=%2Fwp%2Fv2%2Ffiltro&post=33349"},{"taxonomy":"anocongresso","embeddable":true,"href":"https:\/\/alacip.org\/index.php?rest_route=%2Fwp%2Fv2%2Fanocongresso&post=33349"},{"taxonomy":"conginstituicion","embeddable":true,"href":"https:\/\/alacip.org\/index.php?rest_route=%2Fwp%2Fv2%2Fconginstituicion&post=33349"},{"taxonomy":"areatema","embeddable":true,"href":"https:\/\/alacip.org\/index.php?rest_route=%2Fwp%2Fv2%2Fareatema&post=33349"}],"curies":[{"name":"wp","href":"https:\/\/api.w.org\/{rel}","templated":true}]}}

¿De qué Ciencia Política estamos hablando?

<p>En las últimas décadas los académicos se han preocupado por delimitar el campo de la Ciencia Política como  disciplina (Malamud, 2007; Leiras,  et al, 2005; Rivas  Leone, 2002; Díaz, s.f.).   Dichas   investigaciones,   se   han   concentrado   en   revisar   la   institucionalización   y profesionalización de la Ciencia Política desde el ámbito académico; es decir, se han concentrado en  medir  la  institucionalización  de  la  disciplina  con  base  en  la  cuantificación  de  los  avances politológicos.  </p>



<!--more-->



<div class="wp-block-button aligncenter"><a class="wp-block-button__link has-background has-vivid-cyan-blue-background-color" href="https://alacip.org/cong13/647-gutierrez-7c.pdf">Descargar Archivo</a></div>
