{"id":33352,"date":"2020-01-27T00:42:18","date_gmt":"2020-01-27T03:42:18","guid":{"rendered":"https:\/\/alacip.org\/?post_type=todasponencias&#038;p=33352"},"modified":"2020-01-27T21:36:31","modified_gmt":"2020-01-28T00:36:31","slug":"cuales-son-las-especificidades-de-la-teoria-politica","status":"publish","type":"todasponencias","link":"https:\/\/alacip.org\/?todasponencias=cuales-son-las-especificidades-de-la-teoria-politica","title":{"rendered":"\u00bfCu\u00e1les son las especificidades de la Teor\u00eda Pol\u00edtica en Colombia? Una revisi\u00f3n de los syllabus, los grupos de investigaci\u00f3n y las publicaciones"},"content":{"rendered":"\n<p>Podr\u00eda pensarse que la teor\u00eda pol\u00edtica en Colombia representa un campo est\u00e9ril dentro de la Ciencia  Pol\u00edtica.  Sin  embargo,  una  revisi\u00f3n  minuciosa  de  la  investigaci\u00f3n,  la  formaci\u00f3n  y las  publicaciones  deja  entrever  un  panorama  completamente  diferente.   <\/p>\n\n\n\n<!--more-->\n\n\n\n<div class=\"wp-block-button aligncenter\"><a class=\"wp-block-button__link has-background has-vivid-cyan-blue-background-color\" href=\"https:\/\/alacip.org\/cong13\/648-baquero-c-7c.pdf\">Descargar Archivo<\/a><\/div>\n","protected":false},"featured_media":0,"template":"","meta":{"_genesis_hide_title":false,"_genesis_hide_breadcrumbs":false,"_genesis_hide_singular_image":false,"_genesis_hide_footer_widgets":false,"_genesis_custom_body_class":"","_genesis_custom_post_class":"","_genesis_layout":""},"filtro":[109],"anocongresso":[140],"conginstituicion":[348],"areatema":[157],"class_list":{"0":"post-33352","1":"todasponencias","2":"type-todasponencias","3":"status-publish","5":"filtro-colombia","6":"anocongresso-140","7":"conginstituicion-unisarboleda","8":"areatema-teorpolfil","9":"entry"},"_links":{"self":[{"href":"https:\/\/alacip.org\/index.php?rest_route=\/wp\/v2\/todasponencias\/33352","targetHints":{"allow":["GET"]}}],"collection":[{"href":"https:\/\/alacip.org\/index.php?rest_route=\/wp\/v2\/todasponencias"}],"about":[{"href":"https:\/\/alacip.org\/index.php?rest_route=\/wp\/v2\/types\/todasponencias"}],"wp:attachment":[{"href":"https:\/\/alacip.org\/index.php?rest_route=%2Fwp%2Fv2%2Fmedia&parent=33352"}],"wp:term":[{"taxonomy":"filtro","embeddable":true,"href":"https:\/\/alacip.org\/index.php?rest_route=%2Fwp%2Fv2%2Ffiltro&post=33352"},{"taxonomy":"anocongresso","embeddable":true,"href":"https:\/\/alacip.org\/index.php?rest_route=%2Fwp%2Fv2%2Fanocongresso&post=33352"},{"taxonomy":"conginstituicion","embeddable":true,"href":"https:\/\/alacip.org\/index.php?rest_route=%2Fwp%2Fv2%2Fconginstituicion&post=33352"},{"taxonomy":"areatema","embeddable":true,"href":"https:\/\/alacip.org\/index.php?rest_route=%2Fwp%2Fv2%2Fareatema&post=33352"}],"curies":[{"name":"wp","href":"https:\/\/api.w.org\/{rel}","templated":true}]}}

¿Cuáles son las especificidades de la Teoría Política en Colombia? Una revisión de los syllabus, los grupos de investigación y las publicaciones

<p>Podría pensarse que la teoría política en Colombia representa un campo estéril dentro de la Ciencia  Política.  Sin  embargo,  una  revisión  minuciosa  de  la  investigación,  la  formación  y las  publicaciones  deja  entrever  un  panorama  completamente  diferente.   </p>



<!--more-->



<div class="wp-block-button aligncenter"><a class="wp-block-button__link has-background has-vivid-cyan-blue-background-color" href="https://alacip.org/cong13/648-baquero-c-7c.pdf">Descargar Archivo</a></div>
