{"id":33356,"date":"2020-01-27T09:51:48","date_gmt":"2020-01-27T12:51:48","guid":{"rendered":"https:\/\/alacip.org\/?post_type=todasponencias&#038;p=33356"},"modified":"2020-01-27T21:36:16","modified_gmt":"2020-01-28T00:36:16","slug":"las-relaciones-civiles-militares-y-los-procesos","status":"publish","type":"todasponencias","link":"https:\/\/alacip.org\/?todasponencias=las-relaciones-civiles-militares-y-los-procesos","title":{"rendered":"Las relaciones civiles-militares y los procesos de paz en Colombia: el caso del gobierno de Belisario Betancur"},"content":{"rendered":"\n<p>A partir del a\u00f1o 1982, con la victoria en las urnas de Belisario Betancur para la Presidenciade la Rep\u00fablica, se inician en Colombia los procesos de paz como b\u00fasqueda de la soluci\u00f3npol\u00edtica negociada al conflicto armado.  <\/p>\n\n\n\n<!--more-->\n\n\n\n<div class=\"wp-block-button aligncenter\"><a class=\"wp-block-button__link has-background has-vivid-cyan-blue-background-color\" href=\"https:\/\/alacip.org\/cong13\/651-serna-7c.pdf\">Descargar Archivo<\/a><\/div>\n","protected":false},"featured_media":0,"template":"","meta":{"_genesis_hide_title":false,"_genesis_hide_breadcrumbs":false,"_genesis_hide_singular_image":false,"_genesis_hide_footer_widgets":false,"_genesis_custom_body_class":"","_genesis_custom_post_class":"","_genesis_layout":""},"filtro":[109],"anocongresso":[140],"conginstituicion":[272],"areatema":[161],"class_list":{"0":"post-33356","1":"todasponencias","2":"type-todasponencias","3":"status-publish","5":"filtro-colombia","6":"anocongresso-140","7":"conginstituicion-ujaveriana","8":"areatema-participacion-representacion","9":"entry"},"_links":{"self":[{"href":"https:\/\/alacip.org\/index.php?rest_route=\/wp\/v2\/todasponencias\/33356","targetHints":{"allow":["GET"]}}],"collection":[{"href":"https:\/\/alacip.org\/index.php?rest_route=\/wp\/v2\/todasponencias"}],"about":[{"href":"https:\/\/alacip.org\/index.php?rest_route=\/wp\/v2\/types\/todasponencias"}],"wp:attachment":[{"href":"https:\/\/alacip.org\/index.php?rest_route=%2Fwp%2Fv2%2Fmedia&parent=33356"}],"wp:term":[{"taxonomy":"filtro","embeddable":true,"href":"https:\/\/alacip.org\/index.php?rest_route=%2Fwp%2Fv2%2Ffiltro&post=33356"},{"taxonomy":"anocongresso","embeddable":true,"href":"https:\/\/alacip.org\/index.php?rest_route=%2Fwp%2Fv2%2Fanocongresso&post=33356"},{"taxonomy":"conginstituicion","embeddable":true,"href":"https:\/\/alacip.org\/index.php?rest_route=%2Fwp%2Fv2%2Fconginstituicion&post=33356"},{"taxonomy":"areatema","embeddable":true,"href":"https:\/\/alacip.org\/index.php?rest_route=%2Fwp%2Fv2%2Fareatema&post=33356"}],"curies":[{"name":"wp","href":"https:\/\/api.w.org\/{rel}","templated":true}]}}

<p>A partir del año 1982, con la victoria en las urnas de Belisario Betancur para la Presidenciade la República, se inician en Colombia los procesos de paz como búsqueda de la soluciónpolítica negociada al conflicto armado.  </p>



<!--more-->



<div class="wp-block-button aligncenter"><a class="wp-block-button__link has-background has-vivid-cyan-blue-background-color" href="https://alacip.org/cong13/651-serna-7c.pdf">Descargar Archivo</a></div>
