{"id":33358,"date":"2020-01-27T09:56:55","date_gmt":"2020-01-27T12:56:55","guid":{"rendered":"https:\/\/alacip.org\/?post_type=todasponencias&#038;p=33358"},"modified":"2020-01-27T21:36:06","modified_gmt":"2020-01-28T00:36:06","slug":"por-que-en-la-ciencia-politica-no-se-debaten","status":"publish","type":"todasponencias","link":"https:\/\/alacip.org\/?todasponencias=por-que-en-la-ciencia-politica-no-se-debaten","title":{"rendered":"\u00bfPor qu\u00e9 en la Ciencia Pol\u00edtica no se debaten paradigmas? Algunas consideraciones sobre el estatuto epistemol\u00f3gico de la Ciencia Pol\u00edtica."},"content":{"rendered":"\n<p>La ciencia pol\u00edtica como han se\u00f1alado algunos autores como Sartori (2004) y Cansino(2007), se encuentra cursando un momento de crisis o de agotamiento de sus objetos deestudio, por lo que esta ponencia se centra en discutir la importancia de traer en estosdebates epistemol\u00f3gicos de esta ciencia, el concepto de paradigma en la medida en quese ha podido establecer que esta ciencia ha asumido o impulsado el positivismo como la\u00fanica   forma   de   acercarse   a   la   realidad,   a   la   vez   que   desconoce   los   desarrollosepistemol\u00f3gicos de las dem\u00e1s ciencias sociales, en la medida en que ha rechazadoavances en esta materia como lo son los debates sobre paradigmas. <\/p>\n\n\n\n<!--more-->\n\n\n\n<div class=\"wp-block-button aligncenter\"><a class=\"wp-block-button__link has-background has-vivid-cyan-blue-background-color\" href=\"https:\/\/alacip.org\/cong13\/652-hernandez-b-7c.pdf\">Descargar Archivo<\/a><\/div>\n","protected":false},"featured_media":0,"template":"","meta":{"_genesis_hide_title":false,"_genesis_hide_breadcrumbs":false,"_genesis_hide_singular_image":false,"_genesis_hide_footer_widgets":false,"_genesis_custom_body_class":"","_genesis_custom_post_class":"","_genesis_layout":""},"filtro":[109],"anocongresso":[140],"conginstituicion":[315],"areatema":[523],"class_list":{"0":"post-33358","1":"todasponencias","2":"type-todasponencias","3":"status-publish","5":"filtro-colombia","6":"anocongresso-140","7":"conginstituicion-unisurcolombiana","8":"areatema-metodologia","9":"entry"},"_links":{"self":[{"href":"https:\/\/alacip.org\/index.php?rest_route=\/wp\/v2\/todasponencias\/33358","targetHints":{"allow":["GET"]}}],"collection":[{"href":"https:\/\/alacip.org\/index.php?rest_route=\/wp\/v2\/todasponencias"}],"about":[{"href":"https:\/\/alacip.org\/index.php?rest_route=\/wp\/v2\/types\/todasponencias"}],"wp:attachment":[{"href":"https:\/\/alacip.org\/index.php?rest_route=%2Fwp%2Fv2%2Fmedia&parent=33358"}],"wp:term":[{"taxonomy":"filtro","embeddable":true,"href":"https:\/\/alacip.org\/index.php?rest_route=%2Fwp%2Fv2%2Ffiltro&post=33358"},{"taxonomy":"anocongresso","embeddable":true,"href":"https:\/\/alacip.org\/index.php?rest_route=%2Fwp%2Fv2%2Fanocongresso&post=33358"},{"taxonomy":"conginstituicion","embeddable":true,"href":"https:\/\/alacip.org\/index.php?rest_route=%2Fwp%2Fv2%2Fconginstituicion&post=33358"},{"taxonomy":"areatema","embeddable":true,"href":"https:\/\/alacip.org\/index.php?rest_route=%2Fwp%2Fv2%2Fareatema&post=33358"}],"curies":[{"name":"wp","href":"https:\/\/api.w.org\/{rel}","templated":true}]}}

¿Por qué en la Ciencia Política no se debaten paradigmas? Algunas consideraciones sobre el estatuto epistemológico de la Ciencia Política.

<p>La ciencia política como han señalado algunos autores como Sartori (2004) y Cansino(2007), se encuentra cursando un momento de crisis o de agotamiento de sus objetos deestudio, por lo que esta ponencia se centra en discutir la importancia de traer en estosdebates epistemológicos de esta ciencia, el concepto de paradigma en la medida en quese ha podido establecer que esta ciencia ha asumido o impulsado el positivismo como laúnica   forma   de   acercarse   a   la   realidad,   a   la   vez   que   desconoce   los   desarrollosepistemológicos de las demás ciencias sociales, en la medida en que ha rechazadoavances en esta materia como lo son los debates sobre paradigmas. </p>



<!--more-->



<div class="wp-block-button aligncenter"><a class="wp-block-button__link has-background has-vivid-cyan-blue-background-color" href="https://alacip.org/cong13/652-hernandez-b-7c.pdf">Descargar Archivo</a></div>
