{"id":33379,"date":"2020-01-27T12:25:17","date_gmt":"2020-01-27T15:25:17","guid":{"rendered":"https:\/\/alacip.org\/?post_type=todasponencias&#038;p=33379"},"modified":"2020-01-27T21:35:42","modified_gmt":"2020-01-28T00:35:42","slug":"ontologias-emocionales-de-la-politica-el","status":"publish","type":"todasponencias","link":"https:\/\/alacip.org\/?todasponencias=ontologias-emocionales-de-la-politica-el","title":{"rendered":"Ontolog\u00edas emocionales de la pol\u00edtica: El lugar del odio y la ira en un acontecimiento pol\u00edtico del Islam registrado en la prensa"},"content":{"rendered":"\n<p>Este trabajo se propone realizar una problematizaci\u00f3npol\u00edtica de dos sentimientos: la ira y el odio (en conexi\u00f3n con otras emociones) teniendo como premisael inter\u00e9s que en el estudio de la pol\u00edtica de \u201chacer pol\u00edtico lo prepol\u00edtico\u201d deber\u00e1considerar las emociones, los sentimientos y las pasiones  en  aras  de  comprender  ladin\u00e1mica  propia  de  las  pr\u00e1cticas  pol\u00edticas  del presente.    <\/p>\n\n\n\n<!--more-->\n\n\n\n<div class=\"wp-block-button aligncenter\"><a class=\"wp-block-button__link has-background has-vivid-cyan-blue-background-color\" href=\"https:\/\/alacip.org\/cong13\/656-patino-7c.pdf\">Descargar Archivo<\/a><\/div>\n","protected":false},"featured_media":0,"template":"","meta":{"_genesis_hide_title":false,"_genesis_hide_breadcrumbs":false,"_genesis_hide_singular_image":false,"_genesis_hide_footer_widgets":false,"_genesis_custom_body_class":"","_genesis_custom_post_class":"","_genesis_layout":""},"filtro":[109],"anocongresso":[140],"conginstituicion":[235],"areatema":[161],"class_list":{"0":"post-33379","1":"todasponencias","2":"type-todasponencias","3":"status-publish","5":"filtro-colombia","6":"anocongresso-140","7":"conginstituicion-uantioquia","8":"areatema-participacion-representacion","9":"entry"},"_links":{"self":[{"href":"https:\/\/alacip.org\/index.php?rest_route=\/wp\/v2\/todasponencias\/33379","targetHints":{"allow":["GET"]}}],"collection":[{"href":"https:\/\/alacip.org\/index.php?rest_route=\/wp\/v2\/todasponencias"}],"about":[{"href":"https:\/\/alacip.org\/index.php?rest_route=\/wp\/v2\/types\/todasponencias"}],"wp:attachment":[{"href":"https:\/\/alacip.org\/index.php?rest_route=%2Fwp%2Fv2%2Fmedia&parent=33379"}],"wp:term":[{"taxonomy":"filtro","embeddable":true,"href":"https:\/\/alacip.org\/index.php?rest_route=%2Fwp%2Fv2%2Ffiltro&post=33379"},{"taxonomy":"anocongresso","embeddable":true,"href":"https:\/\/alacip.org\/index.php?rest_route=%2Fwp%2Fv2%2Fanocongresso&post=33379"},{"taxonomy":"conginstituicion","embeddable":true,"href":"https:\/\/alacip.org\/index.php?rest_route=%2Fwp%2Fv2%2Fconginstituicion&post=33379"},{"taxonomy":"areatema","embeddable":true,"href":"https:\/\/alacip.org\/index.php?rest_route=%2Fwp%2Fv2%2Fareatema&post=33379"}],"curies":[{"name":"wp","href":"https:\/\/api.w.org\/{rel}","templated":true}]}}

Ontologías emocionales de la política: El lugar del odio y la ira en un acontecimiento político del Islam registrado en la prensa

<p>Este trabajo se propone realizar una problematizaciónpolítica de dos sentimientos: la ira y el odio (en conexión con otras emociones) teniendo como premisael interés que en el estudio de la política de “hacer político lo prepolítico” deberáconsiderar las emociones, los sentimientos y las pasiones  en  aras  de  comprender  ladinámica  propia  de  las  prácticas  políticas  del presente.    </p>



<!--more-->



<div class="wp-block-button aligncenter"><a class="wp-block-button__link has-background has-vivid-cyan-blue-background-color" href="https://alacip.org/cong13/656-patino-7c.pdf">Descargar Archivo</a></div>
