{"id":33404,"date":"2020-01-27T17:17:29","date_gmt":"2020-01-27T20:17:29","guid":{"rendered":"https:\/\/alacip.org\/?post_type=todasponencias&#038;p=33404"},"modified":"2020-01-27T21:35:29","modified_gmt":"2020-01-28T00:35:29","slug":"aproximacion-a-las-representaciones-hegemonicas","status":"publish","type":"todasponencias","link":"https:\/\/alacip.org\/?todasponencias=aproximacion-a-las-representaciones-hegemonicas","title":{"rendered":"Aproximaci\u00f3n a las Representaciones Hegem\u00f3nicas sobre la paz en las Pol\u00edticas P\u00fablicas de Paz en Colombia (1990 \u2013 2006)"},"content":{"rendered":"\n<p>Este documento tiene como objetivo describir las representaciones sociales sobre la paz en las pol\u00edticas p\u00fablicas formuladas sobre esta tem\u00e1tica por los gobiernos en Colombia durante el periodo 1990-20062, describiendo los principales aspectos de  \u00e9stas  en los  gobiernos de  C\u00e9sar  Gaviria,  Ernesto  Samper,  Andr\u00e9s  Pastrana  y \u00c1lvaro  Uribe  (2002-2006).   <\/p>\n\n\n\n<!--more-->\n\n\n\n<div class=\"wp-block-button aligncenter\"><a class=\"wp-block-button__link has-background has-vivid-cyan-blue-background-color\" href=\"https:\/\/alacip.org\/cong13\/659-alvear-7c.pdf\">Descargar Archivo<\/a><\/div>\n","protected":false},"featured_media":0,"template":"","meta":{"_genesis_hide_title":false,"_genesis_hide_breadcrumbs":false,"_genesis_hide_singular_image":false,"_genesis_hide_footer_widgets":false,"_genesis_custom_body_class":"","_genesis_custom_post_class":"","_genesis_layout":""},"filtro":[109],"anocongresso":[140],"conginstituicion":[458],"areatema":[158],"class_list":{"0":"post-33404","1":"todasponencias","2":"type-todasponencias","3":"status-publish","5":"filtro-colombia","6":"anocongresso-140","7":"conginstituicion-universidad-del-valle","8":"areatema-admpulpo","9":"entry"},"_links":{"self":[{"href":"https:\/\/alacip.org\/index.php?rest_route=\/wp\/v2\/todasponencias\/33404","targetHints":{"allow":["GET"]}}],"collection":[{"href":"https:\/\/alacip.org\/index.php?rest_route=\/wp\/v2\/todasponencias"}],"about":[{"href":"https:\/\/alacip.org\/index.php?rest_route=\/wp\/v2\/types\/todasponencias"}],"wp:attachment":[{"href":"https:\/\/alacip.org\/index.php?rest_route=%2Fwp%2Fv2%2Fmedia&parent=33404"}],"wp:term":[{"taxonomy":"filtro","embeddable":true,"href":"https:\/\/alacip.org\/index.php?rest_route=%2Fwp%2Fv2%2Ffiltro&post=33404"},{"taxonomy":"anocongresso","embeddable":true,"href":"https:\/\/alacip.org\/index.php?rest_route=%2Fwp%2Fv2%2Fanocongresso&post=33404"},{"taxonomy":"conginstituicion","embeddable":true,"href":"https:\/\/alacip.org\/index.php?rest_route=%2Fwp%2Fv2%2Fconginstituicion&post=33404"},{"taxonomy":"areatema","embeddable":true,"href":"https:\/\/alacip.org\/index.php?rest_route=%2Fwp%2Fv2%2Fareatema&post=33404"}],"curies":[{"name":"wp","href":"https:\/\/api.w.org\/{rel}","templated":true}]}}

Aproximación a las Representaciones Hegemónicas sobre la paz en las Políticas Públicas de Paz en Colombia (1990 – 2006)

<p>Este documento tiene como objetivo describir las representaciones sociales sobre la paz en las políticas públicas formuladas sobre esta temática por los gobiernos en Colombia durante el periodo 1990-20062, describiendo los principales aspectos de  éstas  en los  gobiernos de  César  Gaviria,  Ernesto  Samper,  Andrés  Pastrana  y Álvaro  Uribe  (2002-2006).   </p>



<!--more-->



<div class="wp-block-button aligncenter"><a class="wp-block-button__link has-background has-vivid-cyan-blue-background-color" href="https://alacip.org/cong13/659-alvear-7c.pdf">Descargar Archivo</a></div>
