{"id":33417,"date":"2020-01-27T17:39:29","date_gmt":"2020-01-27T20:39:29","guid":{"rendered":"https:\/\/alacip.org\/?post_type=todasponencias&#038;p=33417"},"modified":"2020-01-27T21:35:15","modified_gmt":"2020-01-28T00:35:15","slug":"los-limites-de-la-articulacion-de-los-movimientos","status":"publish","type":"todasponencias","link":"https:\/\/alacip.org\/?todasponencias=los-limites-de-la-articulacion-de-los-movimientos","title":{"rendered":"Los l\u00edmites de la articulaci\u00f3n de los movimientos antimineros en el Per\u00fa"},"content":{"rendered":"\n<p>El  presente  art\u00edculo  aborda  los  conflictos  socioambientales  relacionados  con  laminer\u00eda  sucedidos  en  los  \u00faltimos  a\u00f1os,  con  el  prop\u00f3sito  de  identificar  los  l\u00edmites  y  las dificultades  presentados  en  la  articulaci\u00f3n  del  movimiento  antiminero  nacional  en  el  Per\u00fa.   <\/p>\n\n\n\n<!--more-->\n\n\n\n<div class=\"wp-block-button aligncenter\"><a class=\"wp-block-button__link has-background has-vivid-cyan-blue-background-color\" href=\"https:\/\/alacip.org\/cong13\/661-echevarria-7c.pdf\">Descargar Archivo<\/a><\/div>\n","protected":false},"featured_media":0,"template":"","meta":{"_genesis_hide_title":false,"_genesis_hide_breadcrumbs":false,"_genesis_hide_singular_image":false,"_genesis_hide_footer_widgets":false,"_genesis_custom_body_class":"","_genesis_custom_post_class":"","_genesis_layout":""},"filtro":[108],"anocongresso":[140],"conginstituicion":[536],"areatema":[161],"class_list":{"0":"post-33417","1":"todasponencias","2":"type-todasponencias","3":"status-publish","5":"filtro-peru","6":"anocongresso-140","7":"conginstituicion-asociacion-civil-politai","8":"areatema-participacion-representacion","9":"entry"},"_links":{"self":[{"href":"https:\/\/alacip.org\/index.php?rest_route=\/wp\/v2\/todasponencias\/33417","targetHints":{"allow":["GET"]}}],"collection":[{"href":"https:\/\/alacip.org\/index.php?rest_route=\/wp\/v2\/todasponencias"}],"about":[{"href":"https:\/\/alacip.org\/index.php?rest_route=\/wp\/v2\/types\/todasponencias"}],"wp:attachment":[{"href":"https:\/\/alacip.org\/index.php?rest_route=%2Fwp%2Fv2%2Fmedia&parent=33417"}],"wp:term":[{"taxonomy":"filtro","embeddable":true,"href":"https:\/\/alacip.org\/index.php?rest_route=%2Fwp%2Fv2%2Ffiltro&post=33417"},{"taxonomy":"anocongresso","embeddable":true,"href":"https:\/\/alacip.org\/index.php?rest_route=%2Fwp%2Fv2%2Fanocongresso&post=33417"},{"taxonomy":"conginstituicion","embeddable":true,"href":"https:\/\/alacip.org\/index.php?rest_route=%2Fwp%2Fv2%2Fconginstituicion&post=33417"},{"taxonomy":"areatema","embeddable":true,"href":"https:\/\/alacip.org\/index.php?rest_route=%2Fwp%2Fv2%2Fareatema&post=33417"}],"curies":[{"name":"wp","href":"https:\/\/api.w.org\/{rel}","templated":true}]}}

Los límites de la articulación de los movimientos antimineros en el Perú

<p>El  presente  artículo  aborda  los  conflictos  socioambientales  relacionados  con  laminería  sucedidos  en  los  últimos  años,  con  el  propósito  de  identificar  los  límites  y  las dificultades  presentados  en  la  articulación  del  movimiento  antiminero  nacional  en  el  Perú.   </p>



<!--more-->



<div class="wp-block-button aligncenter"><a class="wp-block-button__link has-background has-vivid-cyan-blue-background-color" href="https://alacip.org/cong13/661-echevarria-7c.pdf">Descargar Archivo</a></div>
