{"id":33425,"date":"2020-01-27T19:00:06","date_gmt":"2020-01-27T22:00:06","guid":{"rendered":"https:\/\/alacip.org\/?post_type=todasponencias&#038;p=33425"},"modified":"2020-02-07T17:40:04","modified_gmt":"2020-02-07T20:40:04","slug":"empregadas-domesticas-e-o-voto-nas-eleicoes","status":"publish","type":"todasponencias","link":"https:\/\/alacip.org\/?todasponencias=empregadas-domesticas-e-o-voto-nas-eleicoes","title":{"rendered":"Empregadas dom\u00e9sticas e o voto nas elei\u00e7\u00f5es para a Prefeitura de S\u00e3o Paulo em 2012"},"content":{"rendered":"\n<p>O  presente  artigo  tem  como  objetivo  analisar,  a  partir  de  entrevistas  em profundidade realizadas no segundo semestre de 2012, as opini\u00f5es de nove empregadas dom\u00e9sticas  sobre  a  pol\u00edtica  nacional  e  relacion\u00e1-las  com  seus  respectivos  votos  para  o cargo  de  prefeito  de  S\u00e3o  Paulo  nas  elei\u00e7\u00f5es  municipais  de  2012. <\/p>\n\n\n\n<!--more-->\n\n\n\n<div class=\"wp-block-button aligncenter\"><a class=\"wp-block-button__link has-background has-vivid-cyan-blue-background-color\" href=\"https:\/\/alacip.org\/cong13\/662-bueno-b-7c.pdf\">Descargar Archivo<\/a><\/div>\n\n\n\n<p>  <\/p>\n","protected":false},"featured_media":0,"template":"","meta":{"_genesis_hide_title":false,"_genesis_hide_breadcrumbs":false,"_genesis_hide_singular_image":false,"_genesis_hide_footer_widgets":false,"_genesis_custom_body_class":"","_genesis_custom_post_class":"","_genesis_layout":""},"filtro":[102],"anocongresso":[140],"conginstituicion":[279],"areatema":[517],"class_list":{"0":"post-33425","1":"todasponencias","2":"type-todasponencias","3":"status-publish","5":"filtro-brasil","6":"anocongresso-140","7":"conginstituicion-unsao-paulo-usp","8":"areatema-opinion-publica","9":"entry"},"_links":{"self":[{"href":"https:\/\/alacip.org\/index.php?rest_route=\/wp\/v2\/todasponencias\/33425","targetHints":{"allow":["GET"]}}],"collection":[{"href":"https:\/\/alacip.org\/index.php?rest_route=\/wp\/v2\/todasponencias"}],"about":[{"href":"https:\/\/alacip.org\/index.php?rest_route=\/wp\/v2\/types\/todasponencias"}],"wp:attachment":[{"href":"https:\/\/alacip.org\/index.php?rest_route=%2Fwp%2Fv2%2Fmedia&parent=33425"}],"wp:term":[{"taxonomy":"filtro","embeddable":true,"href":"https:\/\/alacip.org\/index.php?rest_route=%2Fwp%2Fv2%2Ffiltro&post=33425"},{"taxonomy":"anocongresso","embeddable":true,"href":"https:\/\/alacip.org\/index.php?rest_route=%2Fwp%2Fv2%2Fanocongresso&post=33425"},{"taxonomy":"conginstituicion","embeddable":true,"href":"https:\/\/alacip.org\/index.php?rest_route=%2Fwp%2Fv2%2Fconginstituicion&post=33425"},{"taxonomy":"areatema","embeddable":true,"href":"https:\/\/alacip.org\/index.php?rest_route=%2Fwp%2Fv2%2Fareatema&post=33425"}],"curies":[{"name":"wp","href":"https:\/\/api.w.org\/{rel}","templated":true}]}}

Empregadas domésticas e o voto nas eleições para a Prefeitura de São Paulo em 2012

<p>O  presente  artigo  tem  como  objetivo  analisar,  a  partir  de  entrevistas  em profundidade realizadas no segundo semestre de 2012, as opiniões de nove empregadas domésticas  sobre  a  política  nacional  e  relacioná-las  com  seus  respectivos  votos  para  o cargo  de  prefeito  de  São  Paulo  nas  eleições  municipais  de  2012. </p>



<!--more-->



<div class="wp-block-button aligncenter"><a class="wp-block-button__link has-background has-vivid-cyan-blue-background-color" href="https://alacip.org/cong13/662-bueno-b-7c.pdf">Descargar Archivo</a></div>



<p>  </p>
