{"id":33444,"date":"2020-01-27T22:19:13","date_gmt":"2020-01-28T01:19:13","guid":{"rendered":"https:\/\/alacip.org\/?post_type=todasponencias&#038;p=33444"},"modified":"2020-01-30T07:55:41","modified_gmt":"2020-01-30T10:55:41","slug":"politicas-climaticas-implementacion-de","status":"publish","type":"todasponencias","link":"https:\/\/alacip.org\/?todasponencias=politicas-climaticas-implementacion-de","title":{"rendered":"Pol\u00edticas clim\u00e1ticas: implementaci\u00f3n de proyectos REDD+ en el Per\u00fa"},"content":{"rendered":"\n<p>En  el  presente  art\u00edculo  nos  proponemos describir  y  analizarla  implementaci\u00f3n  de  los proyectos del  mecanismo  de  reducci\u00f3n  de  las  emisiones  derivadas  de  la  deforestaci\u00f3n  y  la  degradaci\u00f3n  de los bosques en los pa\u00edses en desarrollo, y de la funci\u00f3n de la conservaci\u00f3n, la gesti\u00f3n sostenible de los  pa\u00edses  en  desarrollo  (REDD+)  en  elPer\u00fa.  La  primera  parte, describe  los  actores  p\u00fablicos  y privados  y  la  institucionalidad  del  mecanismo  REDD+.     <\/p>\n\n\n\n<!--more-->\n\n\n\n<div class=\"wp-block-button aligncenter\"><a class=\"wp-block-button__link has-background has-vivid-cyan-blue-background-color\" href=\"https:\/\/alacip.org\/cong13\/787-zevallos-7c.pdf\">Descargar Archivo<\/a><\/div>\n","protected":false},"featured_media":0,"template":"","meta":{"_genesis_hide_title":false,"_genesis_hide_breadcrumbs":false,"_genesis_hide_singular_image":false,"_genesis_hide_footer_widgets":false,"_genesis_custom_body_class":"","_genesis_custom_post_class":"","_genesis_layout":""},"filtro":[108],"anocongresso":[140],"conginstituicion":[352],"areatema":[158],"class_list":{"0":"post-33444","1":"todasponencias","2":"type-todasponencias","3":"status-publish","5":"filtro-peru","6":"anocongresso-140","7":"conginstituicion-puc-peru","8":"areatema-admpulpo","9":"entry"},"_links":{"self":[{"href":"https:\/\/alacip.org\/index.php?rest_route=\/wp\/v2\/todasponencias\/33444","targetHints":{"allow":["GET"]}}],"collection":[{"href":"https:\/\/alacip.org\/index.php?rest_route=\/wp\/v2\/todasponencias"}],"about":[{"href":"https:\/\/alacip.org\/index.php?rest_route=\/wp\/v2\/types\/todasponencias"}],"wp:attachment":[{"href":"https:\/\/alacip.org\/index.php?rest_route=%2Fwp%2Fv2%2Fmedia&parent=33444"}],"wp:term":[{"taxonomy":"filtro","embeddable":true,"href":"https:\/\/alacip.org\/index.php?rest_route=%2Fwp%2Fv2%2Ffiltro&post=33444"},{"taxonomy":"anocongresso","embeddable":true,"href":"https:\/\/alacip.org\/index.php?rest_route=%2Fwp%2Fv2%2Fanocongresso&post=33444"},{"taxonomy":"conginstituicion","embeddable":true,"href":"https:\/\/alacip.org\/index.php?rest_route=%2Fwp%2Fv2%2Fconginstituicion&post=33444"},{"taxonomy":"areatema","embeddable":true,"href":"https:\/\/alacip.org\/index.php?rest_route=%2Fwp%2Fv2%2Fareatema&post=33444"}],"curies":[{"name":"wp","href":"https:\/\/api.w.org\/{rel}","templated":true}]}}

Políticas climáticas: implementación de proyectos REDD+ en el Perú

<p>En  el  presente  artículo  nos  proponemos describir  y  analizarla  implementación  de  los proyectos del  mecanismo  de  reducción  de  las  emisiones  derivadas  de  la  deforestación  y  la  degradación  de los bosques en los países en desarrollo, y de la función de la conservación, la gestión sostenible de los  países  en  desarrollo  (REDD+)  en  elPerú.  La  primera  parte, describe  los  actores  públicos  y privados  y  la  institucionalidad  del  mecanismo  REDD+.     </p>



<!--more-->



<div class="wp-block-button aligncenter"><a class="wp-block-button__link has-background has-vivid-cyan-blue-background-color" href="https://alacip.org/cong13/787-zevallos-7c.pdf">Descargar Archivo</a></div>
