{"id":33446,"date":"2020-01-27T22:24:24","date_gmt":"2020-01-28T01:24:24","guid":{"rendered":"https:\/\/alacip.org\/?post_type=todasponencias&#038;p=33446"},"modified":"2020-01-27T22:24:25","modified_gmt":"2020-01-28T01:24:25","slug":"politica-publica-de-reestruturacao-do-setor-eletrico-do-brasil","status":"publish","type":"todasponencias","link":"https:\/\/alacip.org\/?todasponencias=politica-publica-de-reestruturacao-do-setor-eletrico-do-brasil","title":{"rendered":"Pol\u00edtica p\u00fablica de reestrutura\u00e7\u00e3o do setor el\u00e9trico do Brasil"},"content":{"rendered":"\n<p>O  processo  de  reforma  da  ind\u00fastria  de  eletricidade  brasileira  acompanhou  a  tend\u00eancia mundial  ao  longo  dos  anos  1990  e  se  concretizou  em  conson\u00e2ncia  com  os  princ\u00edpios  de  mercado.  A finalidade social, econ\u00f4mica e pol\u00edtica do Estado passou por longo processo de reestrutura\u00e7\u00e3o, onde novo marco regulat\u00f3rio foi estabelecido para o setor el\u00e9trico.  <\/p>\n\n\n\n<!--more-->\n\n\n\n<div class=\"wp-block-button aligncenter\"><a class=\"wp-block-button__link has-background has-vivid-cyan-blue-background-color\" href=\"https:\/\/alacip.org\/cong13\/783-muller-7c.pdf\">Descargar Archivo<\/a><\/div>\n","protected":false},"featured_media":0,"template":"","meta":{"_genesis_hide_title":false,"_genesis_hide_breadcrumbs":false,"_genesis_hide_singular_image":false,"_genesis_hide_footer_widgets":false,"_genesis_custom_body_class":"","_genesis_custom_post_class":"","_genesis_layout":""},"filtro":[102],"anocongresso":[140],"conginstituicion":[205],"areatema":[158],"class_list":{"0":"post-33446","1":"todasponencias","2":"type-todasponencias","3":"status-publish","5":"filtro-brasil","6":"anocongresso-140","7":"conginstituicion-unufrgs","8":"areatema-admpulpo","9":"entry"},"_links":{"self":[{"href":"https:\/\/alacip.org\/index.php?rest_route=\/wp\/v2\/todasponencias\/33446","targetHints":{"allow":["GET"]}}],"collection":[{"href":"https:\/\/alacip.org\/index.php?rest_route=\/wp\/v2\/todasponencias"}],"about":[{"href":"https:\/\/alacip.org\/index.php?rest_route=\/wp\/v2\/types\/todasponencias"}],"wp:attachment":[{"href":"https:\/\/alacip.org\/index.php?rest_route=%2Fwp%2Fv2%2Fmedia&parent=33446"}],"wp:term":[{"taxonomy":"filtro","embeddable":true,"href":"https:\/\/alacip.org\/index.php?rest_route=%2Fwp%2Fv2%2Ffiltro&post=33446"},{"taxonomy":"anocongresso","embeddable":true,"href":"https:\/\/alacip.org\/index.php?rest_route=%2Fwp%2Fv2%2Fanocongresso&post=33446"},{"taxonomy":"conginstituicion","embeddable":true,"href":"https:\/\/alacip.org\/index.php?rest_route=%2Fwp%2Fv2%2Fconginstituicion&post=33446"},{"taxonomy":"areatema","embeddable":true,"href":"https:\/\/alacip.org\/index.php?rest_route=%2Fwp%2Fv2%2Fareatema&post=33446"}],"curies":[{"name":"wp","href":"https:\/\/api.w.org\/{rel}","templated":true}]}}

Política pública de reestruturação do setor elétrico do Brasil

<p>O  processo  de  reforma  da  indústria  de  eletricidade  brasileira  acompanhou  a  tendência mundial  ao  longo  dos  anos  1990  e  se  concretizou  em  consonância  com  os  princípios  de  mercado.  A finalidade social, econômica e política do Estado passou por longo processo de reestruturação, onde novo marco regulatório foi estabelecido para o setor elétrico.  </p>



<!--more-->



<div class="wp-block-button aligncenter"><a class="wp-block-button__link has-background has-vivid-cyan-blue-background-color" href="https://alacip.org/cong13/783-muller-7c.pdf">Descargar Archivo</a></div>
