{"id":33449,"date":"2020-01-27T22:32:11","date_gmt":"2020-01-28T01:32:11","guid":{"rendered":"https:\/\/alacip.org\/?post_type=todasponencias&#038;p=33449"},"modified":"2020-01-30T07:55:15","modified_gmt":"2020-01-30T10:55:15","slug":"el-enfoque-de-derechos-como-instrumento","status":"publish","type":"todasponencias","link":"https:\/\/alacip.org\/?todasponencias=el-enfoque-de-derechos-como-instrumento","title":{"rendered":"El enfoque de derechos como instrumento para el dise\u00f1o de las pol\u00edticas p\u00fablicas en Colombia."},"content":{"rendered":"\n<p>El enfoque de derechos como elemento en las pol\u00edticas, est\u00e1 siendo mencionado cada vez con mayor frecuencia, tanto  por entidades gubernamentales,  como  por entidades multilaterales  internacionales,  al  igual  que  por  tribunales  nacionales  como  la  Corte Constitucional colombiana en varias de sus sentencias de tutela.  <\/p>\n\n\n\n<!--more-->\n\n\n\n<div class=\"wp-block-button aligncenter\"><a class=\"wp-block-button__link has-background has-vivid-cyan-blue-background-color\" href=\"https:\/\/alacip.org\/cong13\/780-betancur-7c.pdf\">Descargar Archivo<\/a><\/div>\n","protected":false},"featured_media":0,"template":"","meta":{"_genesis_hide_title":false,"_genesis_hide_breadcrumbs":false,"_genesis_hide_singular_image":false,"_genesis_hide_footer_widgets":false,"_genesis_custom_body_class":"","_genesis_custom_post_class":"","_genesis_layout":""},"filtro":[109],"anocongresso":[140],"conginstituicion":[153],"areatema":[158],"class_list":{"0":"post-33449","1":"todasponencias","2":"type-todasponencias","3":"status-publish","5":"filtro-colombia","6":"anocongresso-140","7":"conginstituicion-s","8":"areatema-admpulpo","9":"entry"},"_links":{"self":[{"href":"https:\/\/alacip.org\/index.php?rest_route=\/wp\/v2\/todasponencias\/33449","targetHints":{"allow":["GET"]}}],"collection":[{"href":"https:\/\/alacip.org\/index.php?rest_route=\/wp\/v2\/todasponencias"}],"about":[{"href":"https:\/\/alacip.org\/index.php?rest_route=\/wp\/v2\/types\/todasponencias"}],"wp:attachment":[{"href":"https:\/\/alacip.org\/index.php?rest_route=%2Fwp%2Fv2%2Fmedia&parent=33449"}],"wp:term":[{"taxonomy":"filtro","embeddable":true,"href":"https:\/\/alacip.org\/index.php?rest_route=%2Fwp%2Fv2%2Ffiltro&post=33449"},{"taxonomy":"anocongresso","embeddable":true,"href":"https:\/\/alacip.org\/index.php?rest_route=%2Fwp%2Fv2%2Fanocongresso&post=33449"},{"taxonomy":"conginstituicion","embeddable":true,"href":"https:\/\/alacip.org\/index.php?rest_route=%2Fwp%2Fv2%2Fconginstituicion&post=33449"},{"taxonomy":"areatema","embeddable":true,"href":"https:\/\/alacip.org\/index.php?rest_route=%2Fwp%2Fv2%2Fareatema&post=33449"}],"curies":[{"name":"wp","href":"https:\/\/api.w.org\/{rel}","templated":true}]}}

El enfoque de derechos como instrumento para el diseño de las políticas públicas en Colombia.

<p>El enfoque de derechos como elemento en las políticas, está siendo mencionado cada vez con mayor frecuencia, tanto  por entidades gubernamentales,  como  por entidades multilaterales  internacionales,  al  igual  que  por  tribunales  nacionales  como  la  Corte Constitucional colombiana en varias de sus sentencias de tutela.  </p>



<!--more-->



<div class="wp-block-button aligncenter"><a class="wp-block-button__link has-background has-vivid-cyan-blue-background-color" href="https://alacip.org/cong13/780-betancur-7c.pdf">Descargar Archivo</a></div>
