{"id":33816,"date":"2020-02-05T12:23:49","date_gmt":"2020-02-05T15:23:49","guid":{"rendered":"https:\/\/alacip.org\/?post_type=todasponencias&#038;p=33816"},"modified":"2020-02-05T21:15:49","modified_gmt":"2020-02-06T00:15:49","slug":"mujeres-peruanas-refugiadas-y-migrantes","status":"publish","type":"todasponencias","link":"https:\/\/alacip.org\/?todasponencias=mujeres-peruanas-refugiadas-y-migrantes","title":{"rendered":"Mujeres peruanas refugiadas y migrantes en Buenos Aires (1992-2011) apuntes preliminares para la investigacion"},"content":{"rendered":"\n<p>La presente ponencia trata  sobrela  historia  del  refugio  pol\u00edtico  peruano  en Buenos  Aires  y  durante  el  per\u00edodo  1992 -2012.  Es  importante  se\u00f1alar,  que,  salvo  por algunos estudios en la regi\u00f3n que tocan muy reducidamente la dimensi\u00f3n pol\u00edtica de la migraci\u00f3n (Calder\u00f3n  2003  y 2010; Landolt  2003; Portes  2005 y  Vel\u00e1zquez,  2010),  no abundan   los   trabajos contempor\u00e1neos acerca   de esta   tem\u00e1ticaque   generen los argumentos  que  nos  permitan  explicar  los  cambios  y  las  transformaciones  que  se  han dado  en  el  exilio  y  refugio  pol\u00edtico  contempor\u00e1neo  en  la  regi\u00f3n. <\/p>\n\n\n\n<!--more-->\n\n\n\n<div class=\"wp-block-button aligncenter\"><a class=\"wp-block-button__link has-background has-vivid-cyan-blue-background-color\" href=\"https:\/\/alacip.org\/cong13\/1667-brazan-7c.pdf\">Descargar Archivo<\/a><\/div>\n\n\n\n<p> <br> <\/p>\n","protected":false},"featured_media":0,"template":"","meta":{"_genesis_hide_title":false,"_genesis_hide_breadcrumbs":false,"_genesis_hide_singular_image":false,"_genesis_hide_footer_widgets":false,"_genesis_custom_body_class":"","_genesis_custom_post_class":"","_genesis_layout":""},"filtro":[115],"anocongresso":[140],"conginstituicion":[249,219],"areatema":[520],"class_list":{"0":"post-33816","1":"todasponencias","2":"type-todasponencias","3":"status-publish","5":"filtro-mexico","6":"anocongresso-140","7":"conginstituicion-uacm","8":"conginstituicion-unmexico","9":"areatema-participacion","10":"entry"},"_links":{"self":[{"href":"https:\/\/alacip.org\/index.php?rest_route=\/wp\/v2\/todasponencias\/33816","targetHints":{"allow":["GET"]}}],"collection":[{"href":"https:\/\/alacip.org\/index.php?rest_route=\/wp\/v2\/todasponencias"}],"about":[{"href":"https:\/\/alacip.org\/index.php?rest_route=\/wp\/v2\/types\/todasponencias"}],"wp:attachment":[{"href":"https:\/\/alacip.org\/index.php?rest_route=%2Fwp%2Fv2%2Fmedia&parent=33816"}],"wp:term":[{"taxonomy":"filtro","embeddable":true,"href":"https:\/\/alacip.org\/index.php?rest_route=%2Fwp%2Fv2%2Ffiltro&post=33816"},{"taxonomy":"anocongresso","embeddable":true,"href":"https:\/\/alacip.org\/index.php?rest_route=%2Fwp%2Fv2%2Fanocongresso&post=33816"},{"taxonomy":"conginstituicion","embeddable":true,"href":"https:\/\/alacip.org\/index.php?rest_route=%2Fwp%2Fv2%2Fconginstituicion&post=33816"},{"taxonomy":"areatema","embeddable":true,"href":"https:\/\/alacip.org\/index.php?rest_route=%2Fwp%2Fv2%2Fareatema&post=33816"}],"curies":[{"name":"wp","href":"https:\/\/api.w.org\/{rel}","templated":true}]}}

<p>La presente ponencia trata  sobrela  historia  del  refugio  político  peruano  en Buenos  Aires  y  durante  el  período  1992 -2012.  Es  importante  señalar,  que,  salvo  por algunos estudios en la región que tocan muy reducidamente la dimensión política de la migración (Calderón  2003  y 2010; Landolt  2003; Portes  2005 y  Velázquez,  2010),  no abundan   los   trabajos contemporáneos acerca   de esta   temáticaque   generen los argumentos  que  nos  permitan  explicar  los  cambios  y  las  transformaciones  que  se  han dado  en  el  exilio  y  refugio  político  contemporáneo  en  la  región. </p>



<!--more-->



<div class="wp-block-button aligncenter"><a class="wp-block-button__link has-background has-vivid-cyan-blue-background-color" href="https://alacip.org/cong13/1667-brazan-7c.pdf">Descargar Archivo</a></div>



<p> <br> </p>
