{"id":33891,"date":"2020-02-05T21:00:00","date_gmt":"2020-02-06T00:00:00","guid":{"rendered":"https:\/\/alacip.org\/?post_type=todasponencias&#038;p=33891"},"modified":"2020-02-05T21:15:28","modified_gmt":"2020-02-06T00:15:28","slug":"sobre-o-emprego-das-forcas-armadas","status":"publish","type":"todasponencias","link":"https:\/\/alacip.org\/?todasponencias=sobre-o-emprego-das-forcas-armadas","title":{"rendered":"Sobre o emprego das For\u00e7as Armadas: fundamentos da distin\u00e7\u00e3o da natureza da for\u00e7a e sua destina\u00e7\u00e3o."},"content":{"rendered":"\n<p>N\u00e3o obstante a produ\u00e7\u00e3o liter\u00e1ria sobre as quest\u00f5es relativas \u00e0 Paz e  a  Guerra tenhaocupado  importantes  p\u00e1ginas  desde  \u00e9pocas  pr\u00edstinas  da humanidade(1) e que esse tema seja central e motivo fundacional da \u00e1rea de estudos  quesechamou  desde  a  segunda  d\u00e9cada  do  s\u00e9culo  passado \u201cRela\u00e7\u00f5es Internacionais\u201d,    talvez    pelo    verso    anglo-sax\u00f4nico    que recuperou   academicamente   esse   conjunto   de   estudos,   a   bibliografia inglesa  e  norte-americana  domina  e  impregna  a  orienta\u00e7\u00e3o  dessa  \u00e1rea  e, concomitantemente,  as  reflex\u00f5es  sobre  a  paz,  a  guerra, a  estrat\u00e9gia  e  a seguran\u00e7a   internacional. <\/p>\n\n\n\n<!--more-->\n\n\n\n<div class=\"wp-block-button aligncenter\"><a class=\"wp-block-button__link has-background has-vivid-cyan-blue-background-color\" href=\"https:\/\/alacip.org\/cong13\/401-pierre-7c.pdf\">Descargar Archivo<\/a><\/div>\n","protected":false},"featured_media":0,"template":"","meta":{"_genesis_hide_title":false,"_genesis_hide_breadcrumbs":false,"_genesis_hide_singular_image":false,"_genesis_hide_footer_widgets":false,"_genesis_custom_body_class":"","_genesis_custom_post_class":"","_genesis_layout":""},"filtro":[102],"anocongresso":[140],"conginstituicion":[283,228],"areatema":[160],"class_list":{"0":"post-33891","1":"todasponencias","2":"type-todasponencias","3":"status-publish","5":"filtro-brasil","6":"anocongresso-140","7":"conginstituicion-ppgristd","8":"conginstituicion-unesp","9":"areatema-relaciones-internacionales","10":"entry"},"_links":{"self":[{"href":"https:\/\/alacip.org\/index.php?rest_route=\/wp\/v2\/todasponencias\/33891","targetHints":{"allow":["GET"]}}],"collection":[{"href":"https:\/\/alacip.org\/index.php?rest_route=\/wp\/v2\/todasponencias"}],"about":[{"href":"https:\/\/alacip.org\/index.php?rest_route=\/wp\/v2\/types\/todasponencias"}],"wp:attachment":[{"href":"https:\/\/alacip.org\/index.php?rest_route=%2Fwp%2Fv2%2Fmedia&parent=33891"}],"wp:term":[{"taxonomy":"filtro","embeddable":true,"href":"https:\/\/alacip.org\/index.php?rest_route=%2Fwp%2Fv2%2Ffiltro&post=33891"},{"taxonomy":"anocongresso","embeddable":true,"href":"https:\/\/alacip.org\/index.php?rest_route=%2Fwp%2Fv2%2Fanocongresso&post=33891"},{"taxonomy":"conginstituicion","embeddable":true,"href":"https:\/\/alacip.org\/index.php?rest_route=%2Fwp%2Fv2%2Fconginstituicion&post=33891"},{"taxonomy":"areatema","embeddable":true,"href":"https:\/\/alacip.org\/index.php?rest_route=%2Fwp%2Fv2%2Fareatema&post=33891"}],"curies":[{"name":"wp","href":"https:\/\/api.w.org\/{rel}","templated":true}]}}

Sobre o emprego das Forças Armadas: fundamentos da distinção da natureza da força e sua destinação.

<p>Não obstante a produção literária sobre as questões relativas à Paz e  a  Guerra tenhaocupado  importantes  páginas  desde  épocas  prístinas  da humanidade(1) e que esse tema seja central e motivo fundacional da área de estudos  quesechamou  desde  a  segunda  década  do  século  passado “Relações Internacionais”,    talvez    pelo    verso    anglo-saxônico    que recuperou   academicamente   esse   conjunto   de   estudos,   a   bibliografia inglesa  e  norte-americana  domina  e  impregna  a  orientação  dessa  área  e, concomitantemente,  as  reflexões  sobre  a  paz,  a  guerra, a  estratégia  e  a segurança   internacional. </p>



<!--more-->



<div class="wp-block-button aligncenter"><a class="wp-block-button__link has-background has-vivid-cyan-blue-background-color" href="https://alacip.org/cong13/401-pierre-7c.pdf">Descargar Archivo</a></div>
